NOAA-Style Climate Reports

Select a Year or Month report
2018: Яну Фев Мар Апр Май Юни Юли Авг Сеп Окт Ное Дек
2017: Яну Фев Мар Апр Май Юни Юли Авг Сеп Окт Ное Дек
2016: Яну Фев Мар Апр Май Юни Юли Авг Сеп Окт Ное Дек
2015: Яну Фев Мар Апр Май Юни Юли Авг Сеп Окт Ное Дек
2014: Яну Фев Мар Апр Май Юни Юли Авг Сеп Окт Ное Дек

Report for 2017 Декември
                   MONTHLY CLIMATOLOGICAL SUMMARY for DEC 2017


NAME: MM                    CITY: Cherven bryag         STATE:                     
ELEV:  137.2 m    LAT: 43.3 N    LONG: 24.1 E


                   TEMPERATURE (C), RAIN (mm), WIND SPEED (kph)

                                         HEAT   COOL         AVG
      MEAN                               DEG    DEG          WIND                  DOM
DAY   TEMP   HIGH  TIME    LOW   TIME    DAYS   DAYS   RAIN  SPEED   HIGH  TIME    DIR
---------------------------------------------------------------------------------------
01     6.3    8.1  16:05    4.9  06:49   21.3    0.0    34.7  5.2    18.2  18:03   ENE
02     6.3    6.9  13:59    5.7  08:27   21.7    0.0     9.1  4.2    20.6  11:19   WNW
03     4.8    6.3  00:01    4.0  09:37   23.7    0.0     8.1  4.5    16.9  09:47   N
04     2.8    4.3  00:01   -0.1  23:59   29.2    0.0     0.0 10.2    32.7  17:33   W
05     2.0    5.5  15:17   -1.4  02:55   29.3    0.0     0.0 15.7    42.3  11:51   W
06     5.1    8.9  13:33    1.6  00:00   23.5    0.0     0.0 12.4    48.1  13:37   WSW
07     4.5   13.1  15:03   -1.1  04:33   22.2    0.0     0.0  4.8    11.9  13:55   NE
08     3.6   14.2  15:01   -2.9  06:59   22.8    0.0     0.0  6.5    14.6  22:25   ENE
09     8.0   16.5  15:29   -0.4  03:31   18.5    0.0     0.0 10.9    33.5  21:55   E
10     2.1    5.2  14:41   -1.3  23:59   29.5    0.0     5.8 17.4    54.9  10:57   W
11     2.4    5.7  14:39   -1.3  00:00   29.0    0.0     0.0  7.8    25.6  15:03   NNE
12     4.3   10.1  15:43   -0.4  01:43   24.3    0.0     0.0  7.5    29.9  05:37   N
13     7.7   16.9  13:43    0.6  03:27   17.2    0.0     0.0  7.9    31.4  21:57   NNE
14     9.7   17.1  13:45    4.6  08:23   13.5    0.0     0.0  6.7    37.0  13:17   ENE
15    10.3   15.5  13:01    5.8  02:29   13.8    0.0     0.6  7.5    32.3  12:53   ESE
16    10.5   19.2  13:39    5.6  22:57   10.7    0.0    13.1  7.8    37.8  14:39   ENE
17     2.9    5.7  00:07    0.4  16:13   27.5    0.0    20.6  2.5    17.4  09:59   N
18     2.1    4.4  12:17    0.4  00:01   28.7    0.0     7.3  4.6    22.4  23:19   W
19     1.0    1.7  00:17    0.0  22:43   31.5    0.0     1.2  7.8    29.1  12:51   WSW
20     0.3    1.2  12:23   -0.8  06:45   32.6    0.0     0.0  8.2    27.4  02:23   W
21    -0.3    1.7  12:07   -2.7  23:15   33.9    0.0     0.0  5.1    17.4  06:23   SW
22    -1.2    4.3  13:17   -6.5  06:47   35.0    0.0     0.0  5.8    24.5  13:17   E
23     2.2    6.7  15:23   -2.1  03:23   28.9    0.0     0.0 13.4    39.4  07:55   W
24     9.5   10.9  15:57    2.4  00:00   21.0    0.0     0.0 18.0    55.0  15:59   W
25     9.5   19.1  14:55    3.3  23:59   12.8    0.0     0.0  5.4    14.0  13:49   ENE
26     4.5   11.9  13:43   -0.1  06:19   22.4    0.0     0.0  6.0    14.2  03:37   NE
27     7.6   17.7  13:51   -0.1  03:11   17.2    0.0     0.0  7.8    32.2  14:19   ENE
28     7.2   14.5  16:33    1.4  07:37   18.7    0.0     0.0  5.3    18.3  17:35   ENE
29     5.5   10.6  14:37    1.8  05:35   21.8    0.0     3.4  7.7    36.7  20:05   WNW
30     3.4    7.5  14:11   -1.3  23:57   27.4    0.0     0.0  5.4    19.6  13:01   W
31     2.7   10.7  15:13   -4.2  06:31   27.2    0.0     0.0  6.2    14.5  16:11   E
---------------------------------------------------------------------------------------
       4.7   19.2    16    -6.5    22   736.9    0.0   103.8  7.9    55.0    24    ENE

Max >=   32.2:  0
Max <=    0.0:  0
Min <=    0.0:  17
Min <=  -17.8:  0
Max Rain    :   34.7 mm ON 12/01/2017
Days of Rain: 10 (> 0.254 mm) 8 (> 2.54 mm) 1 (> 25.4 mm)
Web Analytics