NOAA-Style Climate Reports

Select a Year or Month report
2018: Яну Фев Мар Апр Май Юни Юли Авг Сеп Окт Ное Дек
2017: Яну Фев Мар Апр Май Юни Юли Авг Сеп Окт Ное Дек
2016: Яну Фев Мар Апр Май Юни Юли Авг Сеп Окт Ное Дек
2015: Яну Фев Мар Апр Май Юни Юли Авг Сеп Окт Ное Дек
2014: Яну Фев Мар Апр Май Юни Юли Авг Сеп Окт Ное Дек

Report for 2017 Ноември
                   MONTHLY CLIMATOLOGICAL SUMMARY for NOV 2017


NAME: MM                    CITY: Cherven bryag         STATE:                     
ELEV:  137.2 m    LAT: 43.3 N    LONG: 24.1 E


                   TEMPERATURE (C), RAIN (mm), WIND SPEED (kph)

                                         HEAT   COOL         AVG
      MEAN                               DEG    DEG          WIND                  DOM
DAY   TEMP   HIGH  TIME    LOW   TIME    DAYS   DAYS   RAIN  SPEED   HIGH  TIME    DIR
---------------------------------------------------------------------------------------
01     7.7   12.7  15:21    1.6  23:39   20.1    0.0     0.0  7.5    26.7  14:23   W
02     8.0   18.9  15:17   -0.5  04:21   16.4    0.0     0.0  5.5    13.5  07:33   E
03    10.6   17.3  12:53    6.1  01:49   11.9    0.0     2.0  8.7    38.6  17:37   ENE
04     8.2   10.4  15:33    4.0  23:35   20.0    0.0     0.0  4.0    13.0  09:37   NW
05     5.4   11.9  16:11    1.6  06:43   20.9    0.0     0.0  5.9    18.8  17:01   N
06     4.6    7.1  16:53    2.2  05:21   24.6    0.0     0.2  3.4    10.3  20:51   SSW
07     6.5    8.3  16:25    4.4  07:35   21.6    0.0     0.0  3.1    11.3  07:09   E
08     8.4    9.5  15:27    7.3  05:33   17.9    0.0    10.7  2.0    11.7  04:01   N
09    10.1   13.7  14:37    8.2  05:01   13.3    0.0     6.9  3.1    20.1  15:29   WNW
10    10.7   15.3  13:47    6.4  08:31   13.5    0.0     0.0  2.8    11.3  11:47   ESE
11     8.3   11.5  13:33    5.2  04:07   18.0    0.0     0.0  5.9    15.1  13:23   ENE
12    12.0   19.8  13:27    5.6  05:59   10.1    0.0     0.0  7.2    34.6  10:55   NE
13    13.5   21.5  13:09    8.6  07:43    5.9    0.0     0.0  5.3    24.3  12:49   ENE
14    11.1   13.1  12:39    7.7  23:53   14.3    0.0     0.2  8.4    20.9  09:25   WNW
15     7.2    7.7  00:00    6.8  17:21   19.9    0.0     1.4  5.2    14.0  04:17   NNW
16     7.0    7.7  20:01    6.4  02:23   20.3    0.0     1.4  3.6    14.6  22:23   NNW
17     6.5    7.3  00:00    6.0  20:41   21.0    0.0     3.0  4.2    17.1  01:57   N
18     6.9    8.1  14:41    6.0  00:00   20.3    0.0     0.2  1.4     7.9  15:51   N
19     8.0    9.5  11:57    5.2  23:55   19.8    0.0     2.0  4.5    34.6  23:03   WSW
20     5.1    8.5  13:43    3.1  01:59   22.6    0.0     5.4 17.3    51.5  16:31   W
21     7.3   11.6  14:01    2.8  07:43   20.0    0.0     0.0 11.5    35.6  00:43   WSW
22    10.8   15.7  15:13    6.8  23:27   12.8    0.0     0.0  6.1    25.4  11:57   WSW
23     8.9   16.3  15:09    4.2  07:19   14.5    0.0     0.0  4.5    13.5  12:45   E
24     2.9    4.8  14:55   -0.1  06:41   28.8    0.0     0.0  3.9    13.2  01:31   N
25     3.7    4.4  14:59    3.0  00:07   26.3    0.0     0.2  1.5     6.1  17:11   ESE
26     3.1    4.3  23:51    1.6  09:01   27.7    0.0     0.2  3.0    13.4  22:55   E
27     2.9    5.3  05:15    0.3  17:15   28.0    0.0    29.0  8.0    38.3  21:25   W
28     2.8    4.5  15:39    1.3  00:00   27.8    0.0     2.0 11.5    36.9  06:51   WSW
29     3.2    9.9  13:25   -1.7  07:41   25.6    0.0     0.0  6.5    16.7  01:17   E
30     4.7    9.3  14:25    1.1  01:39   23.6    0.0     0.0  7.5    39.6  18:43   ENE
---------------------------------------------------------------------------------------
       7.2   21.5    13    -1.7    29   587.6    0.0    64.9  5.8    51.5    20    ENE

Max >=   32.2:  0
Max <=    0.0:  0
Min <=    0.0:  3
Min <=  -17.8:  0
Max Rain    :   29.0 mm ON 11/27/2017
Days of Rain: 10 (> 0.254 mm) 5 (> 2.54 mm) 1 (> 25.4 mm)
Web Analytics