NOAA-Style Climate Reports

Select a Year or Month report
2018: Яну Фев Мар Апр Май Юни Юли Авг Сеп Окт Ное Дек
2017: Яну Фев Мар Апр Май Юни Юли Авг Сеп Окт Ное Дек
2016: Яну Фев Мар Апр Май Юни Юли Авг Сеп Окт Ное Дек
2015: Яну Фев Мар Апр Май Юни Юли Авг Сеп Окт Ное Дек
2014: Яну Фев Мар Апр Май Юни Юли Авг Сеп Окт Ное Дек

Report for 2017 Октомври
                   MONTHLY CLIMATOLOGICAL SUMMARY for OCT 2017


NAME: MM                    CITY: Cherven bryag         STATE:                     
ELEV:  137.2 m    LAT: 43.3 N    LONG: 24.1 E


                   TEMPERATURE (C), RAIN (mm), WIND SPEED (kph)

                                         HEAT   COOL         AVG
      MEAN                               DEG    DEG          WIND                  DOM
DAY   TEMP   HIGH  TIME    LOW   TIME    DAYS   DAYS   RAIN  SPEED   HIGH  TIME    DIR
---------------------------------------------------------------------------------------
01    12.1   17.5  17:11    7.2  08:17   10.8    0.0     0.0  3.4    17.9  13:35   ESE
02    11.7   18.7  15:09    4.8  07:35   11.8    0.0     0.0  3.5    17.1  15:13   NE
03    12.6   23.7  16:05    3.5  07:17    8.5    0.0     0.0  4.3    14.3  12:55   E
04    14.0   21.6  16:53    7.9  08:09    6.5    0.0     0.0  7.0    26.4  11:47   ENE
05    15.9   26.5  16:01    6.7  06:01    3.1    0.0     0.0  6.0    23.2  13:01   E
06    15.6   23.9  13:07   10.0  07:17    2.5    0.0     0.6 12.4    41.5  22:09   W
07     8.9   10.0  00:00    7.5  23:47   17.2    0.0    58.3  8.6    24.1  12:55   N
08    10.2   16.3  15:13    6.0  05:15   12.9    0.0    10.9 11.1    45.1  16:07   SW
09    14.3   18.9  15:47    9.6  23:39    7.4    0.0     0.0 13.1    38.5  13:37   WSW
10    12.3   21.6  16:23    4.8  07:01    9.2    0.0     0.0  5.0    15.6  13:49   ESE
11    12.2   20.9  15:55    6.4  05:41    8.4    0.0     0.0  4.4    12.7  14:49   E
12    13.8   23.4  16:49    6.1  06:47    6.4    0.0     0.0  5.2    16.1  16:03   E
13    16.1   23.8  14:59    8.9  08:09    3.6    0.0     0.0 12.6    52.5  15:05   W
14    16.4   21.5  15:47   10.9  23:53    3.8    0.0     0.0  8.8    33.5  10:27   W
15    15.2   24.3  16:09    8.0  07:07    3.9    0.0     0.0  5.7    23.8  11:43   E
16    15.6   24.7  16:29    7.6  07:57    3.9    0.0     0.0  4.9    13.5  16:01   E
17    15.4   26.3  16:13    7.8  06:13    2.3    0.0     0.0  4.2    11.4  02:33   ENE
18    15.6   25.9  16:33    8.5  07:53    2.0    0.0     0.0  4.1    11.4  13:35   NE
19    15.2   25.9  16:45    6.7  07:57    3.7    0.0     0.0  4.5    10.5  07:37   ENE
20    16.3   27.7  16:11    7.7  07:43    1.1    0.0     0.0  5.1    12.2  13:39   ENE
21    16.0   25.9  14:57    7.8  06:23    2.7    0.0     0.0  5.2    15.9  15:15   E
22    15.0   22.7  15:37    8.2  08:07    5.2    0.0     0.0  4.8    21.1  11:37   NE
23    11.8   13.7  13:29    9.8  23:59   11.9    0.0    10.9  5.0    29.0  23:47   ENE
24    10.2   13.0  16:15    8.7  06:15   13.5    0.0    15.7  6.7    26.9  01:07   NW
25     6.8    9.1  00:01    3.6  23:59   21.6    0.0     8.9  6.1    28.5  01:53   NE
26     8.9   18.6  16:07    1.2  06:39   15.2    0.0     0.0  5.5    19.3  15:11   E
27    13.1   23.1  15:51    4.7  08:01    8.0    0.0     0.0  4.9    29.3  23:57   E
28    11.9   15.4  00:53    9.6  23:21   10.5    0.0     0.4 25.6    59.5  02:57   W
29    12.1   16.5  15:33    8.4  21:01   10.6    0.0     2.2 21.3    71.6  19:49   WSW
30     7.6    7.9  23:00    7.4  23:45   19.2    0.0     0.0 21.1    28.6  23:49   WSW
31     7.6   11.2  15:15    4.6  07:13   18.8    0.0     0.0 20.0    51.7  12:55   W
---------------------------------------------------------------------------------------
      12.9   27.7    20     1.2    26   266.3    0.0   107.8  8.4    71.6    29    ENE

Max >=   32.2:  0
Max <=    0.0:  0
Min <=    0.0:  0
Min <=  -17.8:  0
Max Rain    :   58.3 mm ON 10/07/2017
Days of Rain: 8 (> 0.254 mm) 5 (> 2.54 mm) 1 (> 25.4 mm)
Web Analytics