NOAA-Style Climate Reports

Select a Year or Month report
2018: Яну Фев Мар Апр Май Юни Юли Авг Сеп Окт Ное Дек
2017: Яну Фев Мар Апр Май Юни Юли Авг Сеп Окт Ное Дек
2016: Яну Фев Мар Апр Май Юни Юли Авг Сеп Окт Ное Дек
2015: Яну Фев Мар Апр Май Юни Юли Авг Сеп Окт Ное Дек
2014: Яну Фев Мар Апр Май Юни Юли Авг Сеп Окт Ное Дек

Report for 2017 Септември
                   MONTHLY CLIMATOLOGICAL SUMMARY for SEP 2017


NAME: MM                    CITY: Cherven bryag         STATE:                     
ELEV:  137.2 m    LAT: 43.3 N    LONG: 24.1 E


                   TEMPERATURE (C), RAIN (mm), WIND SPEED (kph)

                                         HEAT   COOL         AVG
      MEAN                               DEG    DEG          WIND                  DOM
DAY   TEMP   HIGH  TIME    LOW   TIME    DAYS   DAYS   RAIN  SPEED   HIGH  TIME    DIR
---------------------------------------------------------------------------------------
01    22.8   34.1  16:27   11.8  06:57    0.0    8.3     0.0  4.9    16.1  16:11   E
02    25.6   36.5  16:47   15.8  07:13    0.0   14.1     0.0  5.6    14.6  17:37   E
03    23.7   30.9  11:23   17.2  23:55    0.0   10.3     8.9  7.7    65.7  12:19   ESE
04    18.5   23.9  16:13   14.0  07:41    0.0    1.1     0.2 11.4    37.5  13:41   W
05    17.6   25.3  17:01   10.6  06:27    0.7    0.0     0.0  8.1    29.9  12:28   W
06    18.6   26.7  18:15   10.5  06:19    0.0    0.5     0.0  9.4    37.3  15:06   W
07    21.7   32.1  16:11   11.4  05:27    0.0    6.2     0.0  4.9    12.9  14:04   E
08    23.5   32.0  17:09   14.8  03:47    0.0    9.1     0.0  4.8    19.0  05:50   NE
09    22.5   33.1  15:17   14.9  05:25    0.0   10.2     0.0  7.3    35.2  13:50   ESE
10    23.4   32.2  16:29   15.3  06:21    0.0    9.8     0.0  5.4    21.1  19:34   NE
11    24.5   36.0  16:29   13.8  06:41    0.0   11.8     0.0  6.1    18.3  16:44   E
12    24.5   30.9  15:51   17.4  06:35    0.0   10.5     0.0  8.0    34.6  16:54   W
13    22.3   28.7  15:17   16.3  07:53    0.0    7.5     0.0  7.1    28.2  11:38   WNW
14    21.9   32.3  16:43   11.4  06:29    0.0    6.3     0.0  6.5    27.5  19:32   ENE
15    22.6   31.3  16:15   14.0  07:15    0.0    7.8     0.0  4.6    20.8  11:18   N
16    23.8   35.3  16:13   13.2  07:33    0.0   10.6     0.0  5.4    16.9  14:30   NE
17    26.2   38.2  17:19   16.1  05:13    0.0   15.9     0.0  7.8    53.1  23:42   ENE
18    24.2   30.5  16:21   17.9  07:57    0.0   10.6     0.0  6.5    39.4  00:02   NW
19    21.6   30.5  17:27   12.6  07:33    0.0    5.8     0.0  4.8    16.1  15:04   NE
20    20.4   27.9  13:57   15.3  23:55    0.0    5.9     2.2  7.4    37.7  17:38   NW
21    15.8   20.0  16:59   11.8  06:25    4.4    0.0     0.2  8.9    38.0  18:02   W
22    14.9   18.8  15:15   11.8  03:27    5.5    0.0     0.0 16.5    47.3  16:02   WSW
23    17.6   22.7  14:29   13.1  23:57    0.8    0.0     0.0 14.2    37.2  12:26   W
24    17.2   25.9  16:49    9.9  06:53    0.8    0.0     0.0  4.5    17.2  19:21   NE
25    17.2   21.3  15:03   13.2  03:21    2.0    0.0     0.2  5.1    15.8  22:53   NW
26    15.8   17.6  00:00   14.8  05:07    3.8    0.0    22.4  6.4    27.4  17:45   NW
27    12.3   15.1  00:00   11.2  15:05    9.3    0.0     8.1  3.2    24.0  00:00   N
28    12.9   16.7  14:45   10.0  07:15    9.0    0.0     0.0  4.3    20.1  15:19   N
29    12.8   16.0  15:27    9.1  07:51   10.4    0.0     0.0  5.8    21.9  14:41   NE
30    11.5   15.3  14:31    7.2  07:31   12.8    0.0     0.0  4.9    22.9  15:59   NE
---------------------------------------------------------------------------------------
      19.9   38.2    17     7.2    30    59.3  162.1    42.1  6.9    65.7     3    ENE

Max >=   32.2:  7
Max <=    0.0:  0
Min <=    0.0:  0
Min <=  -17.8:  0
Max Rain    :   22.4 mm ON 09/26/2017
Days of Rain: 4 (> 0.254 mm) 3 (> 2.54 mm) 0 (> 25.4 mm)
Web Analytics