NOAA-Style Climate Reports

Select a Year or Month report
2018: Яну Фев Мар Апр Май Юни Юли Авг Сеп Окт Ное Дек
2017: Яну Фев Мар Апр Май Юни Юли Авг Сеп Окт Ное Дек
2016: Яну Фев Мар Апр Май Юни Юли Авг Сеп Окт Ное Дек
2015: Яну Фев Мар Апр Май Юни Юли Авг Сеп Окт Ное Дек
2014: Яну Фев Мар Апр Май Юни Юли Авг Сеп Окт Ное Дек

Report for 2017 Август
                   MONTHLY CLIMATOLOGICAL SUMMARY for AUG 2017


NAME: MM                    CITY: Cherven bryag         STATE:                     
ELEV:  137.2 m    LAT: 43.3 N    LONG: 24.1 E


                   TEMPERATURE (C), RAIN (mm), WIND SPEED (kph)

                                         HEAT   COOL         AVG
      MEAN                               DEG    DEG          WIND                  DOM
DAY   TEMP   HIGH  TIME    LOW   TIME    DAYS   DAYS   RAIN  SPEED   HIGH  TIME    DIR
---------------------------------------------------------------------------------------
01    24.3   32.3  17:14   15.9  06:52    0.0   10.4     0.0  5.5    22.7  12:40   E
02    25.3   34.1  17:26   16.2  06:12    0.0   12.3     0.0  4.3    15.8  14:24   SE
03    26.0   36.4  17:17   16.9  06:54    0.0   15.0     0.0  5.1    14.8  17:28   ESE
04    28.2   38.7  17:12   18.0  07:02    0.0   18.0     0.0  4.6    16.1  16:06   ESE
05    29.1   38.7  16:48   19.0  06:36    0.0   18.9     0.0  5.3    16.9  15:44   E
06    29.4   38.1  14:32   19.8  06:46    0.0   19.1     0.0  5.5    18.5  16:00   ESE
07    28.4   35.7  15:34   21.5  06:16    0.0   18.5     0.0  8.2    28.3  21:50   NW
08    27.5   33.7  16:10   22.6  06:56    0.0   17.7     0.0  5.5    21.4  16:34   N
09    26.9   34.1  17:12   20.3  06:56    0.0   16.0     0.0  4.5    18.3  20:40   NNE
10    27.1   34.1  16:16   19.7  07:04    0.0   15.4     0.0  4.4    25.3  16:22   E
11    26.6   35.9  17:16   17.0  06:56    0.0   14.6     0.0  4.9    15.8  14:14   ESE
12    27.9   36.8  15:50   18.2  06:14    0.0   16.5     0.8  5.5    24.0  22:52   E
13    20.7   24.1  00:00   18.4  11:10    0.0    5.2     8.9 33.7    47.8  02:52   NW
14    23.3   29.9  18:00   17.2  05:52    0.0    9.4     0.2 34.8    44.3  00:00   NW
15    24.8   31.9  18:13   16.6  07:06    0.0   10.6     0.0 34.8    44.3  00:00   NW
16    24.8   33.1  15:33   17.0  07:17    0.0   12.1     0.0 34.8    44.3  00:00   NW
17    24.5   34.1  16:47   16.8  06:41    0.0   12.8     0.0 21.8    44.3  00:00   NW
18    24.8   34.3  16:51   15.6  05:23    0.0   11.9     0.0  0.0     0.0  00:00   N
19    25.5   35.2  16:13   15.8  06:45    0.0   12.9     0.0  0.0     0.0  00:00   N
20    25.4   34.8  15:41   15.1  06:45    0.0   11.9     0.0  0.0     0.0  00:00   N
21    21.4   23.1  00:00   19.9  21:21    0.0    5.7     0.0  0.0     0.0  00:00   N
22    21.7   27.1  17:21   17.6  07:17    0.0    7.2     0.0  0.0     0.0  00:00   N
23    20.6   26.7  16:47   12.7  07:03    0.0    2.5     0.0  0.3     5.8  22:58   N
24    20.1   29.8  17:39    9.7  06:15    0.0    2.5     0.0  5.4    21.6  12:44   ESE
25    21.2   31.9  16:39    9.0  06:27    0.0    3.8     0.0  4.5    16.4  16:36   ESE
26    23.0   34.4  16:43   11.9  05:45    0.0    8.7     0.0  5.5    17.5  15:34   E
27    24.7   35.5  17:17   14.2  06:57    0.0   11.7     0.0  5.2    18.2  14:14   ESE
28    24.9   34.5  13:57   15.2  07:07    0.0   11.7     0.0  9.9    37.5  17:56   NW
29    20.2   24.8  00:00   17.2  23:57    0.0    4.8     0.0  5.0    20.4  15:40   N
30    20.9   28.3  16:09   14.6  07:07    0.0    5.6     0.0  3.9    15.3  15:01   ESE
31    21.3   31.6  16:03   11.1  06:55    0.0    5.4     0.0  5.3    12.4  10:17   ESE
---------------------------------------------------------------------------------------
      24.5   38.7     4     9.0    25     0.0  349.0     9.9  8.6    47.8    13    E

Max >=   32.2:  20
Max <=    0.0:  0
Min <=    0.0:  0
Min <=  -17.8:  0
Max Rain    :    8.9 mm ON 08/13/2017
Days of Rain: 2 (> 0.254 mm) 1 (> 2.54 mm) 0 (> 25.4 mm)
Web Analytics