NOAA-Style Climate Reports

Select a Year or Month report
2018: Яну Фев Мар Апр Май Юни Юли Авг Сеп Окт Ное Дек
2017: Яну Фев Мар Апр Май Юни Юли Авг Сеп Окт Ное Дек
2016: Яну Фев Мар Апр Май Юни Юли Авг Сеп Окт Ное Дек
2015: Яну Фев Мар Апр Май Юни Юли Авг Сеп Окт Ное Дек
2014: Яну Фев Мар Апр Май Юни Юли Авг Сеп Окт Ное Дек

Report for 2017 Юли
                   MONTHLY CLIMATOLOGICAL SUMMARY for JUL 2017


NAME: MM                    CITY: Cherven bryag         STATE:                     
ELEV:  137.2 m    LAT: 43.3 N    LONG: 24.1 E


                   TEMPERATURE (C), RAIN (mm), WIND SPEED (kph)

                                         HEAT   COOL         AVG
      MEAN                               DEG    DEG          WIND                  DOM
DAY   TEMP   HIGH  TIME    LOW   TIME    DAYS   DAYS   RAIN  SPEED   HIGH  TIME    DIR
---------------------------------------------------------------------------------------
01    30.9   41.1  15:05   19.0  06:30    0.0   21.1     0.0  9.8    37.3  11:20   E
02    26.7   33.8  16:10   21.1  06:30    0.0   16.4    13.0  7.0    53.6  19:30   NNW
03    18.7   21.1  00:00   16.6  23:10    0.0    0.9   101.8  7.8    56.3  04:25   NNW
04    20.6   26.7  18:45   16.4  06:45    0.0    5.8     0.0  2.0    15.1  17:50   NNW
05    21.6   28.9  17:20   13.8  06:05    0.0    5.4     0.0  2.6    12.9  12:30   NE
06    23.5   31.9  18:15   14.0  05:40    0.0    8.3     0.0  5.0    15.1  22:45   SE
07    24.2   31.1  17:25   17.6  06:20    0.0   10.8     0.0  4.7    16.4  03:55   NE
08    25.6   33.5  18:10   18.2  03:25    0.0   13.5     0.0  7.2    28.0  05:40   WNW
09    27.3   34.3  18:45   19.2  06:35    0.0   15.1     0.0  6.4    24.3  15:40   ESE
10    26.8   34.4  16:30   18.7  06:25    0.0   14.7     0.0  4.3    12.1  17:45   E
11    28.9   37.0  17:10   20.7  03:55    0.0   18.9     0.0  4.7    16.3  04:30   ESE
12    28.9   34.4  16:15   21.6  06:25    0.0   17.4     0.0  5.8    24.9  12:35   E
13    26.2   32.3  15:20   20.5  07:15    0.0   14.5     0.0  9.1    34.6  15:25   NW
14    24.1   29.3  18:25   18.9  06:40    0.0   10.4     0.0  6.4    25.9  02:50   NW
15    22.4   28.4  14:10   17.8  06:40    0.0    8.6     0.6  4.7    22.9  18:35   NNW
16    17.9   19.3  16:05   16.3  23:55    1.0    0.0    10.3  3.2    14.0  16:50   N
17    18.1   20.8  15:25   15.3  04:35    0.5    0.0    10.1  4.2    15.0  00:25   NNE
18    23.7   27.5  16:15   18.0  01:50    0.0    8.0     0.0  3.0    11.6  01:35   SSE
19    22.4   29.7  15:53   14.2  06:15    0.0    6.5     0.0  5.3    15.6  15:17   ESE
20    23.1   30.7  15:43   14.0  06:29    0.0    7.2     0.0  5.1    16.6  13:29   ESE
21    24.1   32.2  17:01   14.8  05:45    0.0    9.3     0.0  4.6    14.0  14:29   ESE
22    24.9   35.3  19:01   16.6  06:11    0.0   13.7     0.0  5.4    13.8  07:45   ESE
23    27.1   30.5  20:55   19.4  05:53    0.0   11.9     0.0  3.6    12.9  02:33   E
24    25.5   33.1  18:59   19.6  05:45    0.0   14.4     0.0  4.0    11.7  16:03   ESE
25    23.7   29.5  17:48   18.8  23:52    0.0   10.5     4.4  6.4    46.5  12:40   N
26    21.2   28.7  15:10   15.3  06:56    0.0    6.6     4.2  4.3    23.2  16:04   ESE
27    22.0   26.5  15:26   18.2  06:16    0.0    7.2     0.0  7.0    27.7  22:48   NW
28    23.0   28.7  17:18   17.6  06:44    0.0    8.7     0.0 17.1    41.0  17:24   WNW
29    25.6   32.3  15:38   16.8  05:53    0.0   11.2     0.0 10.1    40.4  13:52   WNW
30    24.9   32.9  16:22   15.9  05:56    0.0   10.9     0.0  3.6    11.9  14:32   E
31    24.9   33.3  15:44   15.6  06:14    0.0   11.0     0.0  5.5    19.3  13:38   ESE
---------------------------------------------------------------------------------------
      24.1   41.1     1    13.8     5     1.4  319.1   144.4  5.8    56.3     3    E

Max >=   32.2:  13
Max <=    0.0:  0
Min <=    0.0:  0
Min <=  -17.8:  0
Max Rain    :  101.8 mm ON 07/03/2017
Days of Rain: 7 (> 0.254 mm) 6 (> 2.54 mm) 1 (> 25.4 mm)
Web Analytics