NOAA-Style Climate Reports

Select a Year or Month report
2018: Яну Фев Мар Апр Май Юни Юли Авг Сеп Окт Ное Дек
2017: Яну Фев Мар Апр Май Юни Юли Авг Сеп Окт Ное Дек
2016: Яну Фев Мар Апр Май Юни Юли Авг Сеп Окт Ное Дек
2015: Яну Фев Мар Апр Май Юни Юли Авг Сеп Окт Ное Дек
2014: Яну Фев Мар Апр Май Юни Юли Авг Сеп Окт Ное Дек

Report for 2017 Юни
                   MONTHLY CLIMATOLOGICAL SUMMARY for JUN 2017


NAME: MM                    CITY: Cherven bryag         STATE:                     
ELEV:  137.2 m    LAT: 43.3 N    LONG: 24.1 E


                   TEMPERATURE (C), RAIN (mm), WIND SPEED (kph)

                                         HEAT   COOL         AVG
      MEAN                               DEG    DEG          WIND                  DOM
DAY   TEMP   HIGH  TIME    LOW   TIME    DAYS   DAYS   RAIN  SPEED   HIGH  TIME    DIR
---------------------------------------------------------------------------------------
01    23.8   30.9  16:45   16.8  05:55    0.0   10.0     0.0  4.9    19.3  20:20   ESE
02    24.4   29.9  18:20   17.5  06:20    0.0    9.7     0.0  4.3    19.6  12:55   NNW
03    21.1   25.5  17:40   17.9  07:40    0.0    6.1     0.0  5.6    19.3  06:15   ESE
04    21.6   25.9  18:05   17.6  02:50    0.0    6.1     0.0  2.9    16.6  12:45   E
05    22.5   28.1  14:50   15.9  05:05    0.0    6.6     0.0  4.3    17.7  14:30   E
06    22.1   29.1  16:05   16.0  05:55    0.0    7.6     0.0  4.5    19.6  18:45   ESE
07    21.6   30.1  14:15   16.2  05:15    0.0    8.6     0.0  5.5    20.0  23:20   ESE
08    18.9   22.1  17:50   17.4  10:50    0.0    2.5     0.0 11.4    40.2  17:55   NW
09    16.6   20.2  13:20   14.8  07:15    1.5    0.0     0.0  6.8    22.2  04:55   WNW
10    23.7   26.4  16:10   17.5  08:45    0.0    6.5     0.0  3.9    14.2  10:25   ESE
11    19.8   25.9  18:15   16.3  04:40    0.0    4.9     0.0  4.8    22.7  19:00   ESE
12    21.0   28.3  17:30   13.4  06:10    0.0    4.6     0.0  4.2    11.1  13:45   ESE
13    27.7   31.0  17:15   20.1  08:50    0.0   13.0     0.0 14.3    39.3  16:10   WNW
14    24.5   29.8  14:15   19.2  05:30    0.0   11.1     0.0 11.1    30.7  18:45   NW
15    22.6   28.0  17:40   16.8  06:25    0.0    7.3     0.0  6.1    22.7  15:35   NW
16    15.8   17.5  00:00   15.1  01:55    3.7    0.0     0.0  5.1     9.0  01:50   ESE
18    15.5   16.5  19:00   15.0  23:15    4.7    0.0     0.0  9.4    25.3  23:30   NW
19    20.0   26.7  17:35   15.0  01:00    0.0    4.5     0.0  6.2    19.0  13:45   NNW
20    22.5   30.2  18:15   14.7  04:30    0.0    7.4     0.0  4.9    19.3  10:30   ESE
21    24.6   32.5  18:05   15.5  06:35    0.0   10.2     0.0  6.6    21.7  16:15   ESE
22    25.3   33.1  17:35   17.2  06:00    0.0   12.3     0.0  4.7    18.3  18:05   E
23    26.8   35.9  17:00   17.2  06:30    0.0   14.8     0.0  7.3    24.5  14:55   WSW
24    28.0   33.9  17:55   20.9  06:30    0.0   16.4     0.0 10.0    36.0  09:10   WNW
25    26.3   34.3  17:25   17.5  06:00    0.0   13.6     0.0  4.8    19.3  11:10   E
26    25.8   33.8  14:35   17.6  06:25    0.0   13.3     0.0  7.9    24.9  20:35   WNW
27    26.9   33.5  18:15   19.5  06:35    0.0   14.7     0.0  5.6    28.6  09:00   ESE
28    25.4   33.5  15:30   17.1  06:20    0.0   12.6     0.0  5.2    58.7  19:50   ESE
29    29.2   38.9  17:35   20.4  01:55    0.0   20.4     0.0  6.5    21.2  15:25   SE
30    30.2   38.5  17:10   19.4  06:15    0.0   19.1     0.0  5.7    31.9  00:30   ESE
---------------------------------------------------------------------------------------
      23.3   38.9    29    13.4    12     9.8  263.8     0.0  6.4    58.7    28    ESE

Max >=   32.2:  10
Max <=    0.0:  0
Min <=    0.0:  0
Min <=  -17.8:  0
Max Rain    :    0.0 mm ON --/--/----
Days of Rain: 0 (> 0.254 mm) 0 (> 2.54 mm) 0 (> 25.4 mm)
Web Analytics