NOAA-Style Climate Reports

Select a Year or Month report
2018: Яну Фев Мар Апр Май Юни Юли Авг Сеп Окт Ное Дек
2017: Яну Фев Мар Апр Май Юни Юли Авг Сеп Окт Ное Дек
2016: Яну Фев Мар Апр Май Юни Юли Авг Сеп Окт Ное Дек
2015: Яну Фев Мар Апр Май Юни Юли Авг Сеп Окт Ное Дек
2014: Яну Фев Мар Апр Май Юни Юли Авг Сеп Окт Ное Дек

Report for 2017 Май
                   MONTHLY CLIMATOLOGICAL SUMMARY for MAY 2017


NAME: MM                    CITY: Cherven bryag         STATE:                     
ELEV:  137.2 m    LAT: 43.3 N    LONG: 24.1 E


                   TEMPERATURE (C), RAIN (mm), WIND SPEED (kph)

                                         HEAT   COOL         AVG
      MEAN                               DEG    DEG          WIND                  DOM
DAY   TEMP   HIGH  TIME    LOW   TIME    DAYS   DAYS   RAIN  SPEED   HIGH  TIME    DIR
---------------------------------------------------------------------------------------
01    15.8   17.3  18:20   13.2  11:50    5.5    0.0     0.0  3.4    12.9  13:50   NNE
02    17.0   24.5  17:45   10.8  05:10    1.2    0.0     0.0  4.0    16.9  18:10   NE
03    18.7   26.9  15:50   10.2  06:45    0.0    0.4     0.0  5.2    21.2  15:20   E
04    18.4   27.3  16:05   11.5  06:30    0.0    1.9     0.0  5.8    23.3  15:45   E
05    16.0   22.4  13:00   12.1  23:40    1.9    0.0     0.0  7.1    36.7  21:30   ESE
06    14.5   18.9  18:55   11.4  06:55    5.7    0.0     0.0  7.3    37.2  14:20   WNW
07    13.5   18.1  19:00    8.3  05:40    9.3    0.0     0.0  5.4    23.3  12:55   SE
08    15.7   19.7  17:45   13.1  04:50    3.5    0.0     0.0  9.5    38.0  18:10   WNW
09    13.9   19.1  14:05    8.4  06:25    8.3    0.0     0.0  8.3    26.2  10:50   NNW
10    13.2   16.4  17:55    9.9  07:00    9.4    0.0     0.0  8.2    29.6  08:05   NW
11    15.5   24.5  17:05    4.8  06:20    6.6    0.0     0.0  5.5    16.1  17:15   E
12    17.7   24.5  18:20   12.3  04:25    0.0    0.1     0.0  5.1    18.8  08:40   ESE
13    19.8   25.2  17:35   14.8  05:45    0.0    3.0     0.0  6.4    30.9  13:25   NW
14    21.0   25.8  15:20   16.9  02:40    0.0    5.5     0.0 18.2    44.6  11:10   WNW
15    18.5   23.9  16:30   12.8  07:10    0.0    0.0     0.0  5.1    20.8  00:35   N
16    18.0   25.0  15:40    9.8  06:20    1.6    0.0     0.0  4.3    17.9  17:40   E
17    14.2   19.4  16:45   10.7  04:50    5.9    0.0     0.0  2.7    37.7  17:10   W
18    16.5   21.3  17:40   10.7  23:55    4.2    0.0     0.0  4.9    22.2  13:25   ESE
19    14.6   22.0  14:30    5.8  06:05    7.9    0.0     0.0  6.0    17.5  13:25   ESE
20    18.2   27.2  16:50    8.1  05:45    1.2    0.0     0.0  4.2    31.1  21:35   ESE
21    17.1   21.7  18:25   14.9  23:55    0.1    0.0     0.0  3.1    14.5  02:45   ESE
22    18.3   24.0  16:25   13.2  05:55    0.0    0.5     0.0  6.3    20.8  08:10   NW
23    19.8   24.8  16:00   15.2  01:50    0.0    3.0     0.0  5.3    16.6  13:20   ESE
24    17.5   21.3  13:40   14.1  05:55    1.1    0.0     0.0  3.6    18.8  11:45   ESE
25    17.1   19.8  14:45   15.3  04:05    1.4    0.0     0.0  5.0    22.7  12:30   WNW
26    16.7   19.9  17:15   14.7  06:25    1.9    0.0     0.0  3.8    14.3  18:10   NW
27    16.1   19.9  19:10   14.3  23:45    2.2    0.0     0.0  5.3    20.3  12:20   NNE
28    15.8   20.5  16:25   12.5  05:10    3.3    0.0     0.0  3.4    13.8  17:25   N
29    17.9   24.2  16:30   11.2  06:30    1.2    0.0     0.0  3.6    14.6  14:05   ESE
30    19.3   27.7  18:25   10.0  05:55    0.0    1.0     0.0  4.2    13.2  14:25   SE
31    21.5   28.9  16:05   12.7  06:20    0.0    4.4     0.0  6.2    24.1  13:00   ESE
---------------------------------------------------------------------------------------
      17.0   28.9    31     4.8    11    83.3   19.8     0.0  5.7    44.6    14    E

Max >=   32.2:  0
Max <=    0.0:  0
Min <=    0.0:  0
Min <=  -17.8:  0
Max Rain    :    0.0 mm ON --/--/----
Days of Rain: 0 (> 0.254 mm) 0 (> 2.54 mm) 0 (> 25.4 mm)
Web Analytics