NOAA-Style Climate Reports

Select a Year or Month report
2018: Яну Фев Мар Апр Май Юни Юли Авг Сеп Окт Ное Дек
2017: Яну Фев Мар Апр Май Юни Юли Авг Сеп Окт Ное Дек
2016: Яну Фев Мар Апр Май Юни Юли Авг Сеп Окт Ное Дек
2015: Яну Фев Мар Апр Май Юни Юли Авг Сеп Окт Ное Дек
2014: Яну Фев Мар Апр Май Юни Юли Авг Сеп Окт Ное Дек

Report for 2017 Април
                   MONTHLY CLIMATOLOGICAL SUMMARY for APR 2017


NAME: MM                    CITY: Cherven bryag         STATE:                     
ELEV:  137.2 m    LAT: 43.3 N    LONG: 24.1 E


                   TEMPERATURE (C), RAIN (mm), WIND SPEED (kph)

                                         HEAT   COOL         AVG
      MEAN                               DEG    DEG          WIND                  DOM
DAY   TEMP   HIGH  TIME    LOW   TIME    DAYS   DAYS   RAIN  SPEED   HIGH  TIME    DIR
---------------------------------------------------------------------------------------
01    12.2   21.6  16:35    1.9  07:20   11.9    0.0     0.0  6.4    18.5  18:15   ESE
02    12.9   22.7  16:15    3.5  05:55    9.4    0.0     0.0  6.0    19.5  17:40   ENE
03    13.1   22.2  16:35    3.6  07:30    9.8    0.0     0.0  5.7    18.8  14:55   NE
04    14.0   18.5  15:35   11.0  08:40    6.4    0.0     0.0  6.3    26.1  13:25   N
05    10.2   13.8  13:15    6.0  05:55   15.2    0.0     0.0  5.2    21.4  13:15   NE
06    11.9   16.3  15:30    9.7  07:30    9.6    0.0     0.0 14.5    56.0  21:05   NW
07     9.7   13.3  17:40    6.9  23:20   14.8    0.0     0.0 27.8    56.5  12:40   WNW
08    10.2   15.3  17:10    6.0  02:55   13.8    0.0     0.0 23.1    58.1  16:40   WNW
09    13.4   19.7  17:10    9.2  03:55    7.0    0.0     0.0  9.0    24.6  01:35   NW
10    12.3   20.4  16:50    3.2  06:35   11.7    0.0     0.0  5.3    21.4  17:05   ENE
11    14.1   23.7  17:10    4.8  06:45    7.3    0.0     0.0  6.1    17.7  16:20   NE
12    15.2   19.9  16:55    9.7  23:55    6.4    0.0     0.0 11.9    38.0  03:25   NW
13    13.2   22.0  15:15    3.7  07:10    9.9    0.0     0.0  5.6    21.4  17:35   ESE
14    14.6   20.7  17:25    8.1  06:35    7.1    0.0     0.0 14.0    48.3  14:20   WNW
15    14.2   22.8  17:05    3.3  06:55    9.4    0.0     0.0  4.9    16.3  16:45   E
16    15.7   22.3  13:35   10.4  23:55    3.6    0.0     0.0  7.8    41.2  23:35   NW
17     7.7   10.3  00:15    6.5  09:50   17.9    0.0     0.0  7.7    39.1  00:00   ENE
18     8.4   13.5  18:45    6.8  00:55   14.8    0.0     0.0  5.2    16.9  19:20   E
19     7.4   15.6  12:45    2.9  22:00   16.3    0.0     0.0 13.4    52.5  15:55   NNW
20     5.4    8.4  17:30    3.4  00:10   22.3    0.0     0.0 10.6    42.3  16:20   WNW
21     5.1    5.3  00:15    4.8  01:20   23.9    0.0     0.0 14.6    23.8  00:50   NW
22    11.6   14.3  18:00    8.4  10:20   12.6    0.0     0.0 12.7    27.8  23:20   WNW
23    10.7   14.7  11:40    7.4  23:45   13.1    0.0     0.0 20.8    57.6  13:10   WNW
24    10.6   16.1  16:00    5.6  23:55   13.5    0.0     0.0 14.2    37.5  09:30   WNW
25    13.2   24.3  18:10    1.2  04:35   10.1    0.0     0.0  6.4    21.7  16:50   E
26    18.3   26.5  16:55    8.7  02:00    1.3    0.0     0.0  7.1    22.0  09:30   SE
27    19.7   27.2  16:55   11.2  06:15    0.0    1.6     0.0  5.6    19.6  15:00   E
28    21.0   30.7  15:05   11.2  06:40    0.0    4.7     0.0  5.8    16.1  04:05   E
29    16.4   21.6  11:50   12.4  23:55    2.3    0.0     0.0  7.7    27.0  21:40   NNE
30    11.8   13.5  15:55   10.4  09:00   11.5    0.0     0.0  4.3    18.8  01:35   NW
---------------------------------------------------------------------------------------
      12.5   30.7    28     1.2    25   313.0    6.3     0.0  9.9    58.1     8    NNW

Max >=   32.2:  0
Max <=    0.0:  0
Min <=    0.0:  0
Min <=  -17.8:  0
Max Rain    :    0.0 mm ON --/--/----
Days of Rain: 0 (> 0.254 mm) 0 (> 2.54 mm) 0 (> 25.4 mm)
Web Analytics