NOAA-Style Climate Reports

Select a Year or Month report
2018: Яну Фев Мар Апр Май Юни Юли Авг Сеп Окт Ное Дек
2017: Яну Фев Мар Апр Май Юни Юли Авг Сеп Окт Ное Дек
2016: Яну Фев Мар Апр Май Юни Юли Авг Сеп Окт Ное Дек
2015: Яну Фев Мар Апр Май Юни Юли Авг Сеп Окт Ное Дек
2014: Яну Фев Мар Апр Май Юни Юли Авг Сеп Окт Ное Дек

Report for 2017 Март
                   MONTHLY CLIMATOLOGICAL SUMMARY for MAR 2017


NAME: MM                    CITY: Cherven bryag         STATE:                     
ELEV:  137.2 m    LAT: 43.3 N    LONG: 24.1 E


                   TEMPERATURE (C), RAIN (mm), WIND SPEED (kph)

                                         HEAT   COOL         AVG
      MEAN                               DEG    DEG          WIND                  DOM
DAY   TEMP   HIGH  TIME    LOW   TIME    DAYS   DAYS   RAIN  SPEED   HIGH  TIME    DIR
---------------------------------------------------------------------------------------
01    13.8   21.7  13:15    5.5  07:00    8.5    0.0     0.0 14.9    66.5  19:05   W
02    10.0   16.0  16:00    5.1  23:55   14.0    0.0     0.0 18.1    57.3  05:30   NW
03     9.3   16.9  15:15    2.6  06:00   15.4    0.0     0.0  8.8    32.7  11:35   E
04    11.2   21.5  15:20   -1.0  06:40   14.6    0.0     0.0 10.4    33.5  14:40   ESE
05    17.2   22.7  14:00   11.1  23:55    2.6    0.0     0.0 10.0    28.6  05:15   SSW
06    10.3   11.0  00:15    9.9  01:35   14.2    0.0     0.0  5.8    10.6  00:30   E
07    13.5   16.7  16:35   10.3  23:50    8.7    0.0     0.0  5.5    21.9  17:25   ENE
08    11.5   16.1  15:50    9.2  07:15   10.3    0.0     0.0 10.0    35.7  17:45   NE
09     6.9   10.3  00:00    4.6  07:40   19.6    0.0     0.0  4.4    16.6  04:45   N
10     5.8    6.8  14:50    5.1  21:40   22.3    0.0     0.0  2.6    12.1  08:05   SE
11     7.1    8.8  16:05    5.5  00:10   20.1    0.0     0.0 10.0    30.7  21:35   NW
12     7.5    9.3  12:20    4.7  23:55   20.4    0.0     0.0  9.3    25.3  10:05   NW
13     5.0    6.3  15:45    4.0  02:40   23.7    0.0     0.0  4.0    23.2  00:00   NW
14     8.5   13.3  14:25    5.5  07:25   16.1    0.0     0.0  8.3    37.0  11:00   N
15     9.6   13.7  15:30    7.0  07:25   14.4    0.0     0.0 11.8    29.3  12:20   NW
16     9.5   13.7  16:20    6.8  07:25   14.5    0.0     0.0  9.4    46.2  02:45   NW
17     9.1   13.4  15:20    3.6  23:55   17.7    0.0     0.0  8.2    34.9  02:15   NNW
18    13.0   21.1  16:20    2.1  02:50   12.1    0.0     0.0 11.4    31.2  14:10   W
19    13.0   15.9  12:10    7.8  23:55   11.7    0.0     0.0 20.7    66.0  17:50   WNW
20    10.8   16.7  19:40    5.9  04:30   12.7    0.0     0.0  4.7    16.7  19:50   E
21    14.6   23.1  15:10    5.2  06:50    7.5    0.0     0.0  4.9    15.9  14:55   E
22    14.3   23.6  16:05    5.1  06:25    7.2    0.0     0.0  6.5    20.3  14:55   NE
23    13.6   21.9  16:00    6.1  07:05    7.7    0.0     0.0  5.0    17.4  16:25   NE
24    14.1   23.1  16:15    5.7  06:35    7.1    0.0     0.0  4.6    15.9  12:00   NE
25    12.0   16.6  11:50    7.5  23:45   11.3    0.0     0.0  5.9    21.6  13:05   NE
26     9.2   15.7  12:35    4.4  23:45   14.9    0.0     0.0 10.7    46.8  15:45   E
27     6.6   13.1  16:35    0.7  08:35   20.6    0.0     0.0  4.9    16.1  11:50   ENE
28     9.5   19.5  16:45   -0.5  07:00   15.9    0.0     0.0  5.3    17.1  14:35   E
29    12.7   22.9  16:35    2.5  07:40   10.2    0.0     0.0  5.8    15.6  13:55   ENE
30    14.5   23.3  15:00    6.0  06:55    6.6    0.0     0.0  8.6    26.7  21:55   ENE
31    13.9   19.2  16:45    9.1  23:55    7.5    0.0     0.0  6.1    25.4  03:55   NE
---------------------------------------------------------------------------------------
      10.9   23.6    22    -1.0     4   410.4    0.0     0.0  8.3    66.5     1    ENE

Max >=   32.2:  0
Max <=    0.0:  0
Min <=    0.0:  2
Min <=  -17.8:  0
Max Rain    :    0.0 mm ON --/--/----
Days of Rain: 0 (> 0.254 mm) 0 (> 2.54 mm) 0 (> 25.4 mm)
Web Analytics