NOAA-Style Climate Reports

Select a Year or Month report
2018: Яну Фев Мар Апр Май Юни Юли Авг Сеп Окт Ное Дек
2017: Яну Фев Мар Апр Май Юни Юли Авг Сеп Окт Ное Дек
2016: Яну Фев Мар Апр Май Юни Юли Авг Сеп Окт Ное Дек
2015: Яну Фев Мар Апр Май Юни Юли Авг Сеп Окт Ное Дек
2014: Яну Фев Мар Апр Май Юни Юли Авг Сеп Окт Ное Дек

Report for 2017 Февруари
                   MONTHLY CLIMATOLOGICAL SUMMARY for FEB 2017


NAME: MM                    CITY: Cherven bryag         STATE:                     
ELEV:  137.2 m    LAT: 43.3 N    LONG: 24.1 E


                   TEMPERATURE (C), RAIN (mm), WIND SPEED (kph)

                                         HEAT   COOL         AVG
      MEAN                               DEG    DEG          WIND                  DOM
DAY   TEMP   HIGH  TIME    LOW   TIME    DAYS   DAYS   RAIN  SPEED   HIGH  TIME    DIR
---------------------------------------------------------------------------------------
01    -6.7   -2.7  15:45   -9.1  23:55   43.6    0.0     0.0  2.4    14.8  17:15   NNW
02    -4.7    1.6  14:15  -11.1  07:05   41.5    0.0     0.0  2.7    16.1  20:40   NNE
03     3.1   10.8  19:05   -4.6  03:30   27.4    0.0     0.0  4.7    18.7  16:25   E
04     9.9   14.3  12:55    6.2  23:55   14.5    0.0     0.0  7.0    25.4  12:10   ESE
05     8.0   15.3  13:45    1.6  23:55   17.8    0.0     0.0  7.0    24.6  13:15   ESE
06     3.3    7.6  15:20    0.7  02:35   25.5    0.0     0.0  7.7    19.3  12:00   NE
07     1.5    2.4  16:25    0.8  00:00   30.1    0.0     0.0  6.4    18.8  02:25   NW
08     0.3    1.2  12:05   -1.3  23:30   33.1    0.0     0.0  4.7    12.9  19:20   NNE
09    -3.1   -1.4  00:00   -4.7  22:55   38.5    0.0     0.0  7.5    17.1  16:10   ENE
10    -4.2   -3.3  14:25   -4.7  00:00   40.2    0.0     0.0  5.6    12.2  16:45   ENE
11    -4.5   -3.1  14:55   -5.7  07:00   40.9    0.0     0.0  6.7    19.8  23:30   ENE
12    -4.9   -3.3  15:00   -6.5  03:20   41.9    0.0     0.0  5.7    19.3  00:10   NE
13    -3.5   -1.9  14:45   -4.6  00:30   38.8    0.0     0.0  4.3    18.7  15:55   NE
14    -1.9    3.3  16:50   -5.6  04:55   35.1    0.0     0.0  4.9    17.4  09:40   NW
15     2.0    8.6  16:05   -3.2  07:05   28.2    0.0     0.0  6.7    26.9  13:10   E
16     0.2    5.5  15:05   -3.7  06:00   31.3    0.0     0.0  4.9    17.1  10:40   NE
17    -0.1    5.2  16:10   -5.0  06:30   32.8    0.0     0.0  4.5    18.2  14:10   NE
18     4.8   12.1  14:25   -1.5  07:50   23.5    0.0     0.0  4.9    17.7  14:50   E
19     1.9    4.8  00:05    0.8  17:20   27.9    0.0     0.0  7.5    21.4  12:55   NNW
20     3.2    7.3  15:20    0.6  07:05   25.9    0.0     0.0  4.7    25.9  15:00   SE
21     6.5   13.2  15:10    0.2  01:00   20.9    0.0     0.0  7.7    32.3  12:15   WSW
22    11.3   17.5  15:15    6.1  23:25   11.8    0.0     0.0 14.4    47.3  10:40   WNW
23    13.2   20.3  15:45    6.3  00:05    9.1    0.0     0.0  6.7    20.9  11:00   ESE
24    12.5   21.5  14:05    4.2  02:30    9.9    0.0     0.0  7.4    27.8  14:15   ENE
25     8.1   11.3  05:25    5.7  23:55   17.8    0.0     0.0 14.9    55.2  10:35   NW
26     5.1   10.0  15:15    0.8  08:15   23.3    0.0     0.0  5.1    20.3  11:35   NNE
27     8.5   18.9  15:25   -0.8  07:25   16.7    0.0     0.0  5.1    16.6  16:30   E
28    13.0   21.5  14:45    5.6  03:10    8.6    0.0     0.0  7.2    20.9  15:50   ENE
---------------------------------------------------------------------------------------
       3.0   21.5    28   -11.1     2   756.7    0.0     0.0  6.4    55.2    25    ENE

Max >=   32.2:  0
Max <=    0.0:  6
Min <=    0.0:  15
Min <=  -17.8:  0
Max Rain    :    0.0 mm ON --/--/----
Days of Rain: 0 (> 0.254 mm) 0 (> 2.54 mm) 0 (> 25.4 mm)
Web Analytics