NOAA-Style Climate Reports


Report for 2017 Януари
                   MONTHLY CLIMATOLOGICAL SUMMARY for JAN 2017


NAME: MM                    CITY: Cherven bryag         STATE:                     
ELEV:  137.2 m    LAT: 43.3 N    LONG: 24.1 E


                   TEMPERATURE (C), RAIN (mm), WIND SPEED (kph)

                                         HEAT   COOL         AVG
      MEAN                               DEG    DEG          WIND                  DOM
DAY   TEMP   HIGH  TIME    LOW   TIME    DAYS   DAYS   RAIN  SPEED   HIGH  TIME    DIR
---------------------------------------------------------------------------------------
05     0.7    1.4  19:50    0.3  23:10   31.5    0.0     0.0  8.2    16.3  21:20   NW
06    -4.4    0.3  00:55   -7.9  23:55   39.8    0.0     0.0  9.9    34.1  23:35   NNW
07    -9.6   -7.9  00:00  -10.9  23:50   49.9    0.0     0.0 22.8    49.1  06:00   WNW
08    -9.8   -7.1  14:35  -13.1  08:05   51.3    0.0     0.0 14.8    49.2  22:00   WSW
09    -9.4   -8.5  01:20  -11.4  21:20   50.9    0.0     0.0  7.6    34.4  01:50   WNW
10   -11.9  -10.9  14:45  -13.5  05:10   55.0    0.0     0.0  3.3    13.2  05:05   N
11   -10.8   -6.5  16:10  -14.7  08:15   52.1    0.0     0.0  4.0    11.3  22:40   E
12    -5.8    3.2  19:10  -16.9  08:00   45.3    0.0     0.0 10.7    42.8  16:30   ENE
13    -0.7    8.8  14:50   -6.6  05:30   31.0    0.0     0.0  7.7    27.8  15:30   ENE
14     1.8    3.7  13:40   -2.3  06:30   31.8    0.0     0.0  7.1    44.3  06:55   ENE
15    -2.0    4.7  15:15   -7.3  23:45   35.4    0.0     0.0  5.4    12.1  04:15   NE
16    -7.7   -6.1  23:50  -10.4  03:45   47.8    0.0     0.0  4.4    15.9  13:05   NNE
17    -3.7   -1.6  15:50   -6.2  00:00   40.0    0.0     0.0  3.2    12.1  16:45   N
18    -3.0   -2.1  12:10   -4.0  22:45   38.5    0.0     0.0  5.0    18.5  16:45   NE
19    -5.2   -3.9  02:30   -7.1  22:50   42.9    0.0     0.0  5.5    20.0  00:20   NNE
20    -6.9   -4.4  14:20   -8.6  22:25   44.7    0.0     0.0  2.3    13.0  15:35   N
21    -8.7   -1.5  16:05  -14.7  07:35   47.6    0.0     0.0  4.8    12.2  15:15   ENE
22    -8.7   -0.7  14:45  -14.0  05:00   46.2    0.0     0.0  3.9    12.1  15:40   NE
23    -8.2   -2.5  16:05  -12.1  03:00   46.1    0.0     0.0  3.5    10.6  14:50   NE
24    -4.4   -0.7  14:30  -10.1  00:00   42.7    0.0     0.0  3.0     9.7  16:55   NE
25    -2.9   -1.1  14:05   -4.4  21:00   38.0    0.0     0.0  2.8    13.5  05:10   NW
26    -3.9    0.5  15:00  -11.1  23:55   42.5    0.0     0.0  2.4     9.2  07:55   E
27    -8.0    0.6  14:55  -13.8  06:55   44.9    0.0     0.0  4.1    14.3  13:05   ENE
28    -6.8   -1.7  13:30  -12.5  06:20   45.8    0.0     0.0  5.0    14.8  13:35   NNE
29    -8.4   -5.3  14:20  -12.5  08:10   49.0    0.0     0.0  4.0    16.9  12:15   NNE
30    -6.0   -3.1  15:50   -9.0  03:05   43.9    0.0     0.0  1.6     8.7  20:55   NE
31    -3.7    0.3  14:50   -6.9  22:40   38.9    0.0     0.0  2.6    11.6  16:45   NNE
---------------------------------------------------------------------------------------
      -5.9    8.8    13   -16.9    12   1173.5    0.0     0.0  5.9    49.2     8    NE

Max >=   32.2:  0
Max <=    0.0:  18
Min <=    0.0:  26
Min <=  -17.8:  0
Max Rain    :    0.0 mm ON --/--/----
Days of Rain: 0 (> 0.254 mm) 0 (> 2.54 mm) 0 (> 25.4 mm)
Web Analytics