NOAA-Style Climate Reports


Report for 2017
                   ANNUAL CLIMATOLOGICAL SUMMARY for 2017


NAME: MM                    CITY: Cherven bryag         STATE:                     
ELEV:  137.2 m    LAT: 43.3 N    LONG: 24.1 E


                 TEMPERATURE (C), RAIN (mm), WIND SPEED (kph)

                            DEP.    HEAT    COOL
          MEAN  MEAN        FROM    DEG     DEG                          MAX   MAX  MIN   MIN
 YR  MO   MAX   MIN   MEAN  NORM    DAYS    DAYS     HI DATE   LOW DATE >=32.2 <=0  <=0  <=-17.8
---------------------------------------------------------------------------------------------
2017 01   -1.9  -9.7  -5.9  -4.3  1173.5     0.0    8.8  13  -16.9  12      0   18   26    0
2017 02    7.8  -1.2   3.0   0.3   756.7     0.0   21.5  28  -11.1   2      0    6   15    0
2017 03   16.6   5.4  10.9   2.8   410.4     0.0   23.6  22   -1.0   4      0    0    2    0
2017 04   18.6   6.7  12.5  -2.2   313.0     6.3   30.7  28    1.2  25      0    0    0    0
2017 05   22.7  11.7  17.0  -1.3    83.3    19.8   28.9  31    4.8  11      0    0    0    0
2017 06   29.3  17.1  23.3   0.8     9.8   263.8   38.9  29   13.4  12     10    0    0    0
2017 07   30.6  17.4  24.1   0.4     1.4   319.1   41.1   1   13.8   5     13    0    0    0
2017 08   32.7  16.5  24.5   0.0     0.0   349.0   38.7   4    9.0  25     20    0    0    0
2017 09   27.3  13.2  19.9   0.0    59.3   162.1   38.2  17    7.2  30      7    0    0    0
2017 10   20.0   7.1  12.9   0.0   266.3     0.0   27.7  20    1.2  26      0    0    0    0
2017 11   10.9   4.0   7.2   0.0   587.6     0.0   21.5  13   -1.7  29      0    0    3    0
2017 12    9.7   0.5   4.7   0.0   736.9     0.0   19.2  16   -6.5  22      0    0   17    0
---------------------------------------------------------------------------------------------
          18.7   7.4  12.9  -0.3  4398.3  1120.0   41.1 JUL  -16.9 JAN     50   24   63    0


                            PRECIPITATION (mm)

                  DEP.    MAX         ---DAYS OF RAIN---
                  FROM    OBS.                OVER
 YR  MO  TOTAL    NORM    DAY  DATE   0.254  2.54   25.4
---------------------------------------------------------
2017 01    0.0   -14.2    0.0    0       0      0      0
2017 02    0.0   -34.4    0.0    0       0      0      0
2017 03    0.0   -42.8    0.0    0       0      0      0
2017 04    0.0   -14.0    0.0    0       0      0      0
2017 05    0.0   -33.0    0.0    0       0      0      0
2017 06    0.0   -94.3    0.0    0       0      0      0
2017 07  144.4    46.2  101.8    3       7      6      1
2017 08    9.9     0.0    8.9   13       2      1      0
2017 09   42.1     0.0   22.4   26       4      3      0
2017 10  107.8     0.0   58.3    7       8      5      1
2017 11   64.9     0.0   29.0   27      10      5      1
2017 12  103.8     0.0   34.7    1      10      8      1
---------------------------------------------------------
         473.0  -186.5   101.8 JUL      41     28      4


                              WIND SPEED (kph)

                              DOM
 YR  MO    AVG     HI   DATE  DIR
----------------------------------
2017 01    5.9   49.2     8    NE
2017 02    6.4   55.2    25   ENE
2017 03    8.3   66.5     1   ENE
2017 04    9.9   58.1     8   NNW
2017 05    5.7   44.6    14     E
2017 06    6.4   58.7    28   ESE
2017 07    5.8   56.3     3     E
2017 08    8.6   47.8    13     E
2017 09    6.9   65.7     3   ENE
2017 10    8.4   71.6    29   ENE
2017 11    5.8   51.5    20   ENE
2017 12    7.9   55.0    24   ENE
----------------------------------
           7.2   71.6   OCT   ENE
Web Analytics