NOAA-Style Climate Reports

Select a Year or Month report
2018: Яну Фев Мар Апр Май Юни Юли Авг Сеп Окт Ное Дек
2017: Яну Фев Мар Апр Май Юни Юли Авг Сеп Окт Ное Дек
2016: Яну Фев Мар Апр Май Юни Юли Авг Сеп Окт Ное Дек
2015: Яну Фев Мар Апр Май Юни Юли Авг Сеп Окт Ное Дек
2014: Яну Фев Мар Апр Май Юни Юли Авг Сеп Окт Ное Дек

Report for 2016 Декември
                   MONTHLY CLIMATOLOGICAL SUMMARY for DEC 2016


NAME: MM                    CITY: Cherven bryag         STATE:                     
ELEV:  137.2 m    LAT: 43.3 N    LONG: 24.1 E


                   TEMPERATURE (C), RAIN (mm), WIND SPEED (kph)

                                         HEAT   COOL         AVG
      MEAN                               DEG    DEG          WIND                  DOM
DAY   TEMP   HIGH  TIME    LOW   TIME    DAYS   DAYS   RAIN  SPEED   HIGH  TIME    DIR
---------------------------------------------------------------------------------------
01    -0.0    4.5  23:55   -6.1  00:00   34.4    0.0     0.0  8.4    34.0  13:20   E
02     6.6   10.7  13:55    4.1  02:30   19.7    0.0     0.0 18.8    61.8  14:35   WSW
03     4.3    8.4  14:55   -1.7  23:55   27.0    0.0     0.0 16.4    60.0  01:35   W
04    -0.5    6.7  14:40   -5.8  07:15   32.2    0.0     0.0  3.6    12.1  05:55   E
05    -1.7    5.3  15:10   -6.9  07:30   34.4    0.0     0.0  4.0    13.5  14:40   ENE
06    -0.1    6.5  17:25   -6.2  07:45   32.8    0.0     0.0  5.9    35.6  20:10   ENE
07     0.3    4.3  00:15   -3.3  07:45   32.1    0.0     0.0  3.9    16.4  11:50   E
08    -0.6    5.7  16:10   -6.6  08:00   33.8    0.0     0.0  4.1    13.2  19:40   E
09     8.4   17.6  14:10    0.9  00:15   16.4    0.0     0.0 12.3    39.3  13:00   W
10    10.6   14.7  14:50    3.4  23:20   16.7    0.0     0.0 15.5    50.4  00:10   W
11     8.3   18.7  14:50    2.4  07:25   14.0    0.0     0.0  5.6    13.4  10:00   ENE
12     8.3   11.2  01:30    5.9  23:55   17.6    0.0     0.0 22.9    50.4  11:35   W
13     0.7    6.9  01:55   -4.7  23:35   31.0    0.0     0.0 11.3    57.8  04:05   E
14    -4.3    1.1  14:35   -9.6  06:50   40.7    0.0     0.0  4.8    13.4  14:55   ENE
15     2.3    4.5  03:40   -0.7  00:00   29.6    0.0     0.0  6.9    23.7  09:55   WNW
16    -0.6    1.6  00:05   -5.3  23:55   36.3    0.0     0.0  4.8    18.2  11:40   ENE
17    -2.8    4.7  15:10   -8.5  07:30   36.4    0.0     0.0  3.7    11.9  22:40   ENE
18    -0.3    5.5  14:20   -3.8  21:55   31.4    0.0     0.0  6.1    26.7  14:30   E
19    -3.1    4.1  14:45   -8.5  07:00   37.0    0.0     0.0  2.8     9.5  15:05   E
20    -1.8    4.3  14:55   -7.4  07:10   35.8    0.0     0.0  3.6    15.4  17:25   NE
21    -0.4    2.5  14:45   -5.7  23:55   35.9    0.0     0.0  4.0    12.9  12:05   NNW
22    -1.8    2.8  15:15   -6.1  00:45   35.9    0.0     0.0  3.5    11.9  04:15   E
23     0.1    4.5  15:10   -5.3  23:55   33.7    0.0     0.0  5.6    16.4  11:15   NW
24    -3.7    2.9  15:05   -8.8  07:40   38.3    0.0     0.0  4.1    14.8  14:40   ENE
25     1.8    6.7  23:45   -6.7  04:20   33.0    0.0     0.0 16.5    48.6  12:50   WNW
26     6.3    8.0  15:25    4.8  07:50   21.5    0.0     0.0  8.0    31.4  00:00   WNW
27     6.6   11.1  11:45    4.6  05:25   18.8    0.0     0.0 20.2    62.6  13:50   W
28     4.2    5.3  00:00    3.8  06:55   24.8    0.0     0.0 25.7    54.2  08:30   W
---------------------------------------------------------------------------------------
       1.7   18.7    11    -9.6    14   831.2    0.0     0.0  9.0    62.6    27    E

Max >=   32.2:  0
Max <=    0.0:  0
Min <=    0.0:  20
Min <=  -17.8:  0
Max Rain    :    0.0 mm ON --/--/----
Days of Rain: 0 (> 0.254 mm) 0 (> 2.54 mm) 0 (> 25.4 mm)
Web Analytics