NOAA-Style Climate Reports


Report for 2016 Ноември
                   MONTHLY CLIMATOLOGICAL SUMMARY for NOV 2016


NAME: MM                    CITY: Cherven bryag         STATE:                     
ELEV:  137.2 m    LAT: 43.3 N    LONG: 24.1 E


                   TEMPERATURE (C), RAIN (mm), WIND SPEED (kph)

                                         HEAT   COOL         AVG
      MEAN                               DEG    DEG          WIND                  DOM
DAY   TEMP   HIGH  TIME    LOW   TIME    DAYS   DAYS   RAIN  SPEED   HIGH  TIME    DIR
---------------------------------------------------------------------------------------
01     8.4   13.6  14:50    4.0  23:25   17.2    0.0     0.0 10.0    35.7  10:30   W
02    10.3   20.6  15:15    1.6  05:15   13.0    0.0     0.0  7.4    17.5  11:25   NE
03    11.2   16.4  10:25    6.4  21:50   12.5    0.0     0.0  9.8    39.1  14:00   W
04     7.3   12.5  14:50    2.0  23:45   20.0    0.0     0.0  5.0    21.9  01:05   W
05     5.2   12.4  14:35   -0.6  07:15   22.4    0.0     0.0  4.1    18.5  17:30   NE
06     8.1   14.4  23:50    3.6  04:45   16.8    0.0     0.0  5.4    16.4  12:20   N
07    14.8   22.4  14:05    9.4  23:50    4.4    0.0     0.0  5.3    20.4  14:20   E
08    10.3   12.7  16:00    8.1  07:35   14.3    0.0     0.0  5.8    25.7  13:30   N
09     9.6   11.0  14:30    6.7  23:55   17.0    0.0     0.0  5.5    25.4  18:50   NW
10     6.7   12.3  14:10    0.8  07:30   21.2    0.0     0.0  4.6    19.2  11:30   ENE
11     8.8   14.3  14:45    5.7  23:55   15.0    0.0     0.0  2.9    14.8  15:30   ENE
12     7.9   12.7  14:30    3.7  07:25   18.3    0.0     0.0  7.7    55.5  19:00   N
13     6.6   10.6  13:20    2.5  23:30   21.2    0.0     0.0 23.8    66.6  10:25   W
14     3.6    7.4  14:35    0.7  04:10   25.7    0.0     0.0 11.1    36.7  10:25   W
15     3.5    6.8  14:40   -0.3  23:55   27.1    0.0     0.0  2.8    11.4  16:30   N
16     1.8    7.6  13:45   -4.1  07:50   29.9    0.0     0.0  3.4    15.6  02:30   NE
17     5.3   14.7  14:15   -1.1  02:55   20.8    0.0     0.0  5.3    17.7  16:15   ENE
18     5.3   12.7  15:55   -0.4  07:30   21.9    0.0     0.0  3.5    11.6  12:25   NE
19     5.0   12.5  15:10   -0.9  07:25   22.6    0.0     0.0  4.6    14.0  16:45   NE
20     4.8    7.9  16:15   -0.2  02:45   26.1    0.0     0.0  3.1    12.7  02:35   ENE
21     6.9    7.6  14:15    6.2  08:00   20.6    0.0     0.0  1.5     7.4  21:35   NE
22     6.8    7.6  14:20    5.2  23:50   21.4    0.0     0.0  2.5    12.6  19:50   NNE
23     5.5    7.1  15:00    4.5  06:55   22.6    0.0     0.0  2.5    11.6  15:45   N
24     4.6    8.4  14:15    0.2  23:50   25.2    0.0     0.0  1.5    12.2  14:45   N
25     1.6    3.5  14:35   -1.4  02:25   31.1    0.0     0.0  3.0     9.3  21:40   ESE
26     2.5    3.3  14:55    1.6  00:05   28.6    0.0     0.0  2.2    12.1  04:40   SSE
27     5.2    9.7  15:55    1.6  07:35   22.8    0.0     0.0  4.6    17.4  22:40   NE
28     7.0    9.3  01:10    3.1  23:55   21.9    0.0     0.0 15.1    42.5  10:50   WNW
29     0.3    3.1  00:10   -1.7  23:55   31.7    0.0     0.0  4.1    29.9  04:25   NW
30    -3.4    0.2  12:35   -6.8  09:05   38.9    0.0     0.0  1.3     8.4  15:00   NNE
---------------------------------------------------------------------------------------
       6.1   22.4     7    -6.8    30   652.1    0.0     0.0  5.6    66.6    13    NE

Max >=   32.2:  0
Max <=    0.0:  0
Min <=    0.0:  10
Min <=  -17.8:  0
Max Rain    :    0.0 mm ON --/--/----
Days of Rain: 0 (> 0.254 mm) 0 (> 2.54 mm) 0 (> 25.4 mm)
Web Analytics