NOAA-Style Climate Reports


Report for 2016 Октомври
                   MONTHLY CLIMATOLOGICAL SUMMARY for OCT 2016


NAME: MM                    CITY: Cherven bryag         STATE:                     
ELEV:  137.2 m    LAT: 43.3 N    LONG: 24.1 E


                   TEMPERATURE (C), RAIN (mm), WIND SPEED (kph)

                                         HEAT   COOL         AVG
      MEAN                               DEG    DEG          WIND                  DOM
DAY   TEMP   HIGH  TIME    LOW   TIME    DAYS   DAYS   RAIN  SPEED   HIGH  TIME    DIR
---------------------------------------------------------------------------------------
01    17.1   26.8  15:05    9.0  07:50    0.8    0.0     0.0  4.6    14.2  17:30   ENE
02    18.5   28.5  16:05    9.9  06:40    0.0    1.5     0.0  4.8    17.7  17:15   ENE
03    18.9   26.3  14:45   12.7  03:00    0.0    2.1     0.0  6.4    26.4  15:25   NW
04    15.8   19.5  16:25   11.4  23:50    5.2    0.0     0.0  8.2    28.2  03:10   W
05    11.6   15.6  13:05    9.0  23:00   10.9    0.0     0.0 19.3    67.9  11:05   W
06    11.1   16.9  16:10    7.8  06:25   10.7    0.0     0.0  5.2    21.9  16:40   ENE
07    10.2   12.7  13:55    9.1  09:00   13.4    0.0     0.0  4.3    16.7  16:45   N
08    11.2   15.3  16:20    7.5  23:55   12.5    0.0     0.0 12.2    40.2  12:35   WNW
09     9.5   16.5  15:25    2.8  07:35   15.7    0.0     0.0  5.4    23.5  12:50   ENE
10    10.4   12.3  15:55    9.2  05:45   13.6    0.0     0.0  2.3    10.9  19:20   NNE
11    10.5   11.3  12:55    9.7  07:55   14.1    0.0     0.0  2.4    14.5  22:55   NW
12    10.4   14.6  14:50    7.6  23:40   13.1    0.0     0.0  5.1    32.2  15:50   WNW
13     9.9   15.9  15:15    4.7  07:05   14.5    0.0     0.0  9.0    35.1  09:55   WNW
14     8.1   14.3  15:30    3.1  07:50   17.4    0.0     0.0  4.8    17.4  15:40   ENE
15     8.2   13.0  17:00    3.0  07:30   18.6    0.0     0.0  3.0    11.6  19:40   NNW
16     9.9   11.5  15:55    8.0  06:55   15.4    0.0     0.0  4.7    23.5  23:50   NW
17     8.0   10.3  00:05    7.1  08:55   17.4    0.0     0.0  7.1    30.3  01:30   NE
18     9.0   13.9  14:55    5.6  08:00   15.4    0.0     0.0  4.5    20.1  17:25   NE
19     7.5    8.4  15:50    6.4  08:55   19.7    0.0     0.0  2.2     9.5  09:30   N
20     6.9   11.9  16:00    4.4  04:05   18.4    0.0     0.0  1.8    12.7  14:30   NE
21    10.4   14.7  16:50    7.7  08:30   12.8    0.0     0.0  2.8    11.4  15:25   NNW
22    11.2   13.9  14:45    8.7  05:35   12.7    0.0     0.0  3.0    17.5  14:45   NW
23    13.0   16.9  17:05   11.5  07:20    7.5    0.0     0.0  2.6    19.5  18:45   N
24    14.0   16.3  13:55   12.6  04:30    7.0    0.0     0.0  4.3    20.0  17:05   N
25    13.2   15.9  15:55   11.9  08:45    8.0    0.0     0.0  4.8    18.0  17:05   N
26    11.1   13.6  12:40   10.4  07:25   11.4    0.0     0.0  4.7    22.7  13:10   NNW
27     9.7   11.5  11:35    8.2  23:55   15.3    0.0     0.0  8.4    23.3  16:10   ENE
28     6.9    9.7  14:15    1.9  23:55   22.5    0.0     0.0  5.0    17.9  00:00   ENE
29     6.7   15.3  16:00   -1.3  07:50   20.4    0.0     0.0  8.5    42.2  23:20   W
30    11.2   14.3  14:15    9.0  07:05   12.0    0.0     0.0 21.2    47.3  10:45   W
31     9.5   12.7  14:45    6.8  23:55   15.4    0.0     0.0 17.7    36.4  09:10   W
---------------------------------------------------------------------------------------
      11.0   28.5     2    -1.3    29   391.8    3.6     0.0  6.5    67.9     5    NNE

Max >=   32.2:  0
Max <=    0.0:  0
Min <=    0.0:  1
Min <=  -17.8:  0
Max Rain    :    0.0 mm ON --/--/----
Days of Rain: 0 (> 0.254 mm) 0 (> 2.54 mm) 0 (> 25.4 mm)
Web Analytics