NOAA-Style Climate Reports

Select a Year or Month report
2018: Яну Фев Мар Апр Май Юни Юли Авг Сеп Окт Ное Дек
2017: Яну Фев Мар Апр Май Юни Юли Авг Сеп Окт Ное Дек
2016: Яну Фев Мар Апр Май Юни Юли Авг Сеп Окт Ное Дек
2015: Яну Фев Мар Апр Май Юни Юли Авг Сеп Окт Ное Дек
2014: Яну Фев Мар Апр Май Юни Юли Авг Сеп Окт Ное Дек

Report for 2016 Септември
                   MONTHLY CLIMATOLOGICAL SUMMARY for SEP 2016


NAME: MM                    CITY: Cherven bryag         STATE:                     
ELEV:  137.2 m    LAT: 43.3 N    LONG: 24.1 E


                   TEMPERATURE (C), RAIN (mm), WIND SPEED (kph)

                                         HEAT   COOL         AVG
      MEAN                               DEG    DEG          WIND                  DOM
DAY   TEMP   HIGH  TIME    LOW   TIME    DAYS   DAYS   RAIN  SPEED   HIGH  TIME    DIR
---------------------------------------------------------------------------------------
01    23.4   30.5  16:50   16.8  06:55    0.0    9.5     0.0  4.7    21.4  14:25   NE
02    22.5   30.8  16:20   13.6  07:25    0.0    7.0     0.0  4.3    18.2  16:45   ENE
03    22.0   30.5  16:50   15.3  06:40    0.0    8.2     0.0  4.5    14.5  15:55   E
04    23.5   32.3  16:50   14.3  07:35    0.0    8.9     0.0  4.6    13.4  17:30   E
05    24.0   33.7  14:25   14.3  06:55    0.0   10.2     0.0  7.2    29.1  23:45   ENE
06    18.8   22.1  16:55   16.5  05:20    0.0    1.7     0.0  8.0    29.9  00:30   W
07    19.1   25.3  17:00   14.5  02:45    0.0    2.8     0.0  3.3    12.2  21:55   SE
08    23.5   32.1  16:15   15.8  07:15    0.0   10.1     0.0  4.7    26.4  16:50   ESE
09    23.5   29.5  13:40   18.1  06:55    0.0    9.8     0.0  3.4    13.5  17:45   ESE
10    23.5   30.8  17:30   17.4  04:35    0.0   10.4     0.0  4.2    23.0  17:15   E
11    23.7   31.0  15:30   18.0  06:30    0.0   11.1     0.0  5.6    26.7  13:50   E
12    22.5   30.0  16:15   14.7  07:25    0.0    7.2     0.0  5.6    27.4  14:00   ENE
13    24.2   29.3  16:00   12.3  07:30    0.0    4.4     0.0  5.3    19.8  13:00   ENE
14    21.2   31.7  15:45   12.5  07:05    0.0    6.8     0.0  4.4    14.6  14:55   E
15    22.4   32.1  16:10   13.6  07:00    0.0    8.1     0.0  4.5    17.4  16:10   E
16    23.1   33.6  16:20   14.4  07:00    0.0   10.2     0.0  4.9    14.8  05:35   ENE
17    24.8   34.3  16:00   16.0  05:50    0.0   12.3     0.0  6.2    25.4  10:45   ENE
18    25.4   32.4  15:55   18.8  08:25    0.0   13.1     0.0  4.6    19.0  13:55   ENE
19    18.6   26.5  16:35   15.6  23:25    0.0    4.9     0.0  5.2    56.3  17:15   E
20    14.5   18.7  13:20   11.8  22:30    5.5    0.0     0.0  3.9    23.0  15:35   ENE
21    13.9   17.1  15:30   12.0  01:20    6.8    0.0     0.0  5.1    21.7  10:20   WNW
22    13.7   19.6  17:40    8.6  07:30    7.7    0.0     0.0  5.2    20.6  15:35   W
23    15.2   21.5  16:35    9.7  23:55    4.9    0.0     0.0  6.6    26.4  10:45   WNW
24    14.1   22.9  15:50    6.0  07:25    7.0    0.0     0.0  4.6    13.4  16:10   ENE
25    14.6   22.3  15:00    8.3  05:40    5.5    0.0     0.0  5.4    37.5  22:10   ENE
26    13.8   18.5  15:05   10.0  23:55    7.4    0.0     0.0  3.7    32.3  16:10   N
27    12.8   20.4  16:25    7.0  08:15    8.3    0.0     0.0  3.3    14.8  15:55   SE
28    14.6   23.5  16:05    7.2  07:20    5.4    0.0     0.0  4.2    11.4  14:45   ESE
29    16.5   25.9  17:15    8.6  07:15    1.9    0.0     0.0  6.2    26.6  12:00   ESE
30    17.1   27.5  16:35    8.0  05:40    1.0    0.0     0.0  5.5    15.1  15:50   E
---------------------------------------------------------------------------------------
      19.7   34.3    17     6.0    24    61.5  156.8     0.0  5.0    56.3    19    E

Max >=   32.2:  5
Max <=    0.0:  0
Min <=    0.0:  0
Min <=  -17.8:  0
Max Rain    :    0.0 mm ON --/--/----
Days of Rain: 0 (> 0.254 mm) 0 (> 2.54 mm) 0 (> 25.4 mm)
Web Analytics