NOAA-Style Climate Reports

Select a Year or Month report
2018: Яну Фев Мар Апр Май Юни Юли Авг Сеп Окт Ное Дек
2017: Яну Фев Мар Апр Май Юни Юли Авг Сеп Окт Ное Дек
2016: Яну Фев Мар Апр Май Юни Юли Авг Сеп Окт Ное Дек
2015: Яну Фев Мар Апр Май Юни Юли Авг Сеп Окт Ное Дек
2014: Яну Фев Мар Апр Май Юни Юли Авг Сеп Окт Ное Дек

Report for 2016 Август
                   MONTHLY CLIMATOLOGICAL SUMMARY for AUG 2016


NAME: MM                    CITY: Cherven bryag         STATE:                     
ELEV:  137.2 m    LAT: 43.3 N    LONG: 24.1 E


                   TEMPERATURE (C), RAIN (mm), WIND SPEED (kph)

                                         HEAT   COOL         AVG
      MEAN                               DEG    DEG          WIND                  DOM
DAY   TEMP   HIGH  TIME    LOW   TIME    DAYS   DAYS   RAIN  SPEED   HIGH  TIME    DIR
---------------------------------------------------------------------------------------
01    28.4   38.1  16:10   18.4  06:40    0.0   17.8     0.0  7.7    60.2  23:05   E
02    23.7   28.9  14:45   19.6  05:20    0.0   10.6     0.0  8.8    45.7  00:35   WNW
03    25.4   31.5  17:25   19.5  05:55    0.0   12.9     0.0 11.3    35.9  09:05   W
04    25.9   32.4  16:40   18.6  07:20    0.0   12.9     0.0  5.4    25.7  15:30   ESE
05    25.9   34.5  17:25   15.9  06:45    0.0   12.3     0.0  5.0    19.3  11:30   ENE
06    26.8   35.9  16:45   17.2  06:35    0.0   14.7     0.0  5.1    21.6  17:25   ENE
07    27.4   35.1  17:40   21.6  07:45    0.0   18.0     0.0  8.0    29.6  01:35   WNW
08    26.0   31.4  15:55   21.0  06:25    0.0   14.2     0.0  5.7    24.9  13:25   NE
09    26.0   32.5  16:20   19.8  06:40    0.0   14.1     0.0  4.1    21.9  16:20   ENE
10    26.4   35.1  16:35   18.7  07:10    0.0   15.4     0.0  3.9    16.4  20:05   ESE
11    24.1   30.0  15:30   17.7  23:30    0.0    9.9     0.0 10.6    28.6  21:05   WNW
12    20.2   25.7  16:25   16.1  03:20    0.0    4.6     0.0 12.8    44.4  10:35   W
13    20.6   26.9  16:50   15.5  23:55    0.0    5.1     0.0  4.7    17.7  15:20   ENE
14    21.8   29.7  16:50   12.2  07:35    0.0    4.7     0.0  4.7    15.0  14:40   ENE
15    22.6   32.7  17:10   11.8  06:45    0.0    7.0     0.0  4.6    13.0  15:55   ESE
16    26.7   33.9  16:40   15.1  03:45    0.0   11.0     0.0  5.5    19.6  15:25   NNW
17    25.6   35.3  16:40   17.9  06:35    0.0   14.9     0.0  6.1    30.9  19:05   ENE
18    21.8   26.4  16:00   18.9  07:00    0.0    7.8     0.0  2.9    13.7  15:50   E
19    22.4   27.3  16:50   18.4  07:00    0.0    8.2     0.0  2.9    15.1  20:50   E
20    23.4   31.9  17:20   16.5  07:20    0.0   10.6     0.0  4.4    18.5  15:55   ENE
21    25.9   34.1  17:20   17.3  06:50    0.0   13.3     0.0  5.3    22.2  17:55   E
22    23.2   34.5  15:55   16.4  07:00    0.0   12.8     0.0  9.7    45.7  17:20   E
23    20.5   26.0  15:30   16.3  02:15    0.0    5.1     0.0  7.8    25.6  01:40   WNW
24    21.7   28.1  16:55   15.2  06:20    0.0    6.0     0.0  4.3    17.2  13:35   ENE
25    22.8   28.5  16:30   17.5  06:55    0.0    8.4     0.0  4.7    21.4  16:25   E
26    21.9   28.6  16:45   16.1  06:40    0.0    7.2     0.0  5.0    23.5  17:25   ENE
27    22.5   29.2  15:05   11.2  07:00    0.0    3.4     0.0  4.8    20.3  13:45   ENE
28    28.0   31.7  16:30   19.9  23:50    0.0   13.4     0.0  2.9    14.0  23:10   SE
29    23.4   31.9  16:25   15.9  05:50    0.0   10.0     0.0  4.5    31.7  18:00   E
30    25.3   33.9  16:35   17.8  08:00    0.0   13.6     0.0  8.4    35.6  23:50   WNW
31    25.2   31.6  14:25   17.8  07:15    0.0   11.4     0.0  5.9    23.7  00:05   ENE
---------------------------------------------------------------------------------------
      24.2   38.1     1    11.2    27     0.0  331.3     0.0  6.1    60.2     1    E

Max >=   32.2:  13
Max <=    0.0:  0
Min <=    0.0:  0
Min <=  -17.8:  0
Max Rain    :    0.0 mm ON --/--/----
Days of Rain: 0 (> 0.254 mm) 0 (> 2.54 mm) 0 (> 25.4 mm)
Web Analytics