NOAA-Style Climate Reports

Select a Year or Month report
2018: Яну Фев Мар Апр Май Юни Юли Авг Сеп Окт Ное Дек
2017: Яну Фев Мар Апр Май Юни Юли Авг Сеп Окт Ное Дек
2016: Яну Фев Мар Апр Май Юни Юли Авг Сеп Окт Ное Дек
2015: Яну Фев Мар Апр Май Юни Юли Авг Сеп Окт Ное Дек
2014: Яну Фев Мар Апр Май Юни Юли Авг Сеп Окт Ное Дек

Report for 2016 Юли
                   MONTHLY CLIMATOLOGICAL SUMMARY for JUL 2016


NAME: MM                    CITY: Cherven bryag         STATE:                     
ELEV:  137.2 m    LAT: 43.3 N    LONG: 24.1 E


                   TEMPERATURE (C), RAIN (mm), WIND SPEED (kph)

                                         HEAT   COOL         AVG
      MEAN                               DEG    DEG          WIND                  DOM
DAY   TEMP   HIGH  TIME    LOW   TIME    DAYS   DAYS   RAIN  SPEED   HIGH  TIME    DIR
---------------------------------------------------------------------------------------
01    25.6   33.7  15:30   18.7  06:20    0.0   14.1     0.0  3.5     9.2  12:15   ESE
02    24.9   32.7  13:50   19.6  06:45    0.0   14.1     0.0  5.9    32.3  16:05   ESE
03    25.1   33.0  19:00   17.3  06:15    0.0   12.3     0.0  3.6    15.0  17:35   SSE
04    26.4   29.6  17:00   21.7  23:55    0.0   13.1     0.0 13.1    33.6  03:10   WNW
05    23.0   28.5  16:10   16.6  06:40    0.0    7.6     0.0  3.6    20.1  15:00   N
06    24.5   31.1  17:25   17.2  06:25    0.0   10.5     0.0  3.0    15.4  15:05   ENE
07    24.2   28.3  15:55   19.4  23:25    0.0    9.9     0.0 16.3    44.6  14:05   W
08    22.0   29.2  17:45   13.0  06:35    0.0    5.0     0.0  4.3    19.5  00:30   E
09    23.9   32.5  16:35   13.6  06:25    0.0    8.5     0.0  6.0    20.1  15:10   WNW
10    26.4   31.7  17:00   21.2  23:55    0.0   14.6     0.0 10.6    30.1  08:45   WNW
11    24.7   32.8  16:55   15.3  05:40    0.0   10.3     0.0  4.6    13.2  20:40   E
12    25.2   32.6  17:00   15.6  06:15    0.0   10.4     0.0  5.9    23.3  12:50   E
13    25.2   33.8  18:10   15.2  06:15    0.0   11.2     0.0  4.6    13.7  19:05   NE
14    27.7   37.4  15:55   17.2  05:30    0.0   16.2     0.0  5.3    34.3  23:55   ENE
15    24.7   31.1  15:40   20.7  20:45    0.0   13.6     0.0  8.8    38.0  00:55   W
16    20.8   23.9  15:40   18.7  10:15    0.0    5.3     0.0  7.7    32.7  09:30   W
17    21.4   25.5  16:55   17.6  06:45    0.0    5.8     0.0  9.5    36.4  23:55   W
18    21.7   26.7  18:40   16.3  06:30    0.0    5.7     0.0 17.5    45.2  17:15   W
19    24.1   28.6  16:55   19.1  05:45    0.0    9.9     0.0 10.9    31.1  11:25   WNW
20    23.1   28.6  16:15   18.7  06:45    0.0    9.6     0.0  6.5    21.9  14:15   WNW
21    23.7   30.2  17:50   17.4  06:45    0.0    9.8     0.0  6.1    23.3  11:50   WNW
22    24.3   32.7  17:30   15.1  06:00    0.0   10.0     0.0  5.2    23.3  16:45   ESE
23    26.0   35.2  18:35   16.0  06:15    0.0   13.1     0.0  5.0    15.0  16:50   ESE
24    26.7   34.1  15:45   18.4  06:50    0.0   14.3     0.0  5.6    18.8  10:55   ENE
25    26.4   33.3  18:00   17.7  06:50    0.0   12.9     0.0  5.0    19.2  12:55   E
26    25.3   32.1  14:35   16.9  06:50    0.0   11.1     0.0  4.9    31.1  20:05   ENE
27    25.4   32.9  15:35   18.1  05:25    0.0   12.9     0.0  3.9    20.9  15:55   E
28    23.5   33.9  17:45   17.5  07:00    0.0   13.3     0.0  3.6    14.5  18:15   E
29    24.9   31.2  15:35   17.7  07:25    0.0   11.0     0.0  6.3    20.4  12:55   W
30    26.9   34.7  17:30   19.0  06:45    0.0   15.3     0.0  5.4    19.3  11:40   NNE
31    28.0   35.9  16:40   20.1  07:00    0.0   17.4     0.0  4.4    24.5  14:15   ENE
---------------------------------------------------------------------------------------
      24.7   37.4    14    13.0     8     0.0  348.5     0.0  6.7    45.2    18    E

Max >=   32.2:  16
Max <=    0.0:  0
Min <=    0.0:  0
Min <=  -17.8:  0
Max Rain    :    0.0 mm ON --/--/----
Days of Rain: 0 (> 0.254 mm) 0 (> 2.54 mm) 0 (> 25.4 mm)
Web Analytics