NOAA-Style Climate Reports


Report for 2016 Юни
                   MONTHLY CLIMATOLOGICAL SUMMARY for JUN 2016


NAME: MM                    CITY: Cherven bryag         STATE:                     
ELEV:  137.2 m    LAT: 43.3 N    LONG: 24.1 E


                   TEMPERATURE (C), RAIN (mm), WIND SPEED (kph)

                                         HEAT   COOL         AVG
      MEAN                               DEG    DEG          WIND                  DOM
DAY   TEMP   HIGH  TIME    LOW   TIME    DAYS   DAYS   RAIN  SPEED   HIGH  TIME    DIR
---------------------------------------------------------------------------------------
01    22.0   29.6  16:15   13.8  06:55    0.0    6.0     0.0  5.2    21.1  19:15   E
02    20.1   24.9  18:00   16.3  05:35    0.0    4.1     0.0  5.5    35.7  00:50   WNW
03    18.9   25.6  18:15   13.0  06:05    0.0    1.7     0.0  6.6    24.6  16:55   ESE
04    18.8   24.6  14:55   14.1  05:55    0.0    1.8     0.0  5.8    21.2  17:05   SE
05    20.3   26.3  18:40   14.0  04:00    0.0    3.2     0.0  4.3    20.0  15:25   ESE
06    18.6   24.5  18:10   16.4  07:20    0.0    3.8     0.0  5.7    30.3  18:35   SSW
07    18.2   21.7  15:40   14.6  23:55    0.3    0.0     0.0  4.7    22.5  14:10   ENE
08    16.9   23.3  17:20   10.5  06:45    2.6    0.0     0.0  3.7    15.4  16:10   NE
09    18.5   25.5  18:05    9.9  06:00    1.2    0.0     0.0  4.6    16.6  16:00   E
10    19.7   27.6  17:10   11.4  06:15    0.0    2.1     0.0  4.9    23.2  18:00   ESE
11    22.3   28.9  18:00   14.7  06:00    0.0    6.2     0.0  3.3    16.7  14:25   ESE
12    23.3   28.5  15:40   18.5  01:55    0.0    9.3     0.0  4.6    18.7  06:30   ENE
13    18.3   21.1  18:25   16.4  10:00    0.0    0.8     0.0  4.1    31.4  08:45   ESE
14    18.6   24.1  18:25   14.1  05:05    0.0    1.3     0.0  6.9    27.8  14:20   W
15    22.6   29.8  15:50   15.3  06:20    0.0    7.6     0.0  5.9    22.5  17:50   ESE
16    24.1   32.4  16:55   15.4  05:50    0.0   10.0     0.0  4.3    15.9  11:55   ESE
17    26.6   36.1  14:15   18.5  06:40    0.0   16.2     0.0  7.0    21.1  14:40   ESE
18    30.2   35.7  16:10   22.9  06:55    0.0   19.7     0.0  4.3    24.9  03:30   E
19    25.8   28.3  11:15   22.8  07:00    0.0   13.0     0.0  4.2    20.6  04:00   NNW
20    25.6   32.9  16:20   20.7  06:50    0.0   15.2     0.0  3.9    15.6  22:30   NE
21    27.2   34.5  18:55   20.4  06:20    0.0   16.4     0.0  3.5    14.8  10:25   NE
22    27.9   34.9  16:30   20.3  05:55    0.0   16.7     0.0  4.3    16.6  17:20   ENE
23    27.7   33.9  17:25   19.9  06:40    0.0   15.4     0.0  3.8    15.8  13:45   ENE
24    27.3   33.4  16:00   20.4  06:55    0.0   15.4     0.0  5.8    23.5  13:35   E
25    26.2   32.0  15:30   19.6  05:55    0.0   13.5     0.0  6.1    27.7  16:35   ENE
26    25.1   31.4  16:55   18.0  06:30    0.0   11.5     0.0  3.9    20.6  16:15   E
27    23.8   29.3  17:55   19.2  10:15    0.0   10.6     0.0  6.5    34.4  23:55   S
28    21.2   25.3  15:15   18.0  04:55    0.0    6.0     0.0 14.8    56.0  00:15   W
29    22.8   26.6  18:55   20.2  06:50    0.0    9.2     0.0  6.7    24.3  04:15   SW
30    25.3   32.9  18:20   17.6  05:40    0.0   12.5     0.0  3.0    11.1  16:25   ESE
---------------------------------------------------------------------------------------
      22.8   36.1    17     9.9     9     4.1  249.2     0.0  5.3    56.0    28    E

Max >=   32.2:  9
Max <=    0.0:  0
Min <=    0.0:  0
Min <=  -17.8:  0
Max Rain    :    0.0 mm ON --/--/----
Days of Rain: 0 (> 0.254 mm) 0 (> 2.54 mm) 0 (> 25.4 mm)
Web Analytics