NOAA-Style Climate Reports


Report for 2016 Май
                   MONTHLY CLIMATOLOGICAL SUMMARY for MAY 2016


NAME: MM                    CITY: Cherven bryag         STATE:                     
ELEV:  137.2 m    LAT: 43.3 N    LONG: 24.1 E


                   TEMPERATURE (C), RAIN (mm), WIND SPEED (kph)

                                         HEAT   COOL         AVG
      MEAN                               DEG    DEG          WIND                  DOM
DAY   TEMP   HIGH  TIME    LOW   TIME    DAYS   DAYS   RAIN  SPEED   HIGH  TIME    DIR
---------------------------------------------------------------------------------------
01    14.1   20.7  17:05    7.4  07:05    7.7    0.0     0.0  5.8    25.4  14:45   ENE
02    14.2   18.7  15:50   10.7  07:20    6.5    0.0     0.0  7.1    33.5  19:10   NE
03    11.3   12.7  16:25   10.1  05:15   12.5    0.0     0.0  4.7    19.0  01:40   WNW
04    10.5   11.9  15:55    9.5  09:00   13.7    0.0     0.0  6.5    22.4  12:10   NNW
05    12.2   18.0  16:20    9.4  05:20    8.3    0.0     0.0  7.2    27.0  16:25   WNW
06    13.7   21.5  17:50    6.8  07:10    7.5    0.0     0.0  6.3    38.9  19:05   E
07    14.0   20.6  15:20    9.9  03:40    5.5    0.0     0.0  4.4    32.8  18:15   ESE
08    12.3   16.5  17:55    8.2  06:30   10.8    0.0     0.0  4.4    13.8  13:15   NNW
09    14.7   19.9  14:05   10.8  02:55    5.4    0.0     0.0  5.6    27.2  19:40   ENE
10    14.8   19.6  16:15   11.2  03:15    5.3    0.0     0.0  3.6    14.6  15:25   N
11    17.9   23.1  16:05   13.4  05:55    0.2    0.0     0.0  4.6    17.7  23:10   E
12    18.1   21.9  14:35   14.8  06:30    0.0    0.0     0.0  5.2    20.6  16:40   E
13    18.6   21.8  11:45   15.1  23:55    0.0    0.2     0.0  5.0    21.7  13:45   ESE
14    16.6   24.2  14:20   10.0  05:40    2.2    0.0     0.0  7.2    41.5  14:40   ESE
15    17.7   23.7  17:40   10.6  03:40    2.1    0.0     0.0  6.2    28.5  11:30   W
16    12.4   15.3  00:00   10.5  13:35    9.8    0.0     0.0 10.0    33.5  13:20   W
17    13.4   18.3  17:30    7.9  06:35    9.5    0.0     0.0  9.4    30.1  10:35   W
18    13.1   19.2  16:35    5.9  05:50   10.4    0.0     0.0  8.6    35.7  13:15   WNW
19    15.4   23.7  16:35    6.2  04:50    6.1    0.0     0.0  7.4    34.0  22:30   ENE
20    16.2   22.0  17:35    9.6  05:10    4.5    0.0     0.0  3.9    31.4  18:40   WNW
21    16.9   20.5  16:05   13.0  23:50    2.8    0.0     0.0  3.8    17.2  16:45   ENE
22    17.5   24.7  18:15    9.7  06:30    2.1    0.0     0.0  3.6    14.6  14:50   ESE
23    19.7   27.5  14:55   10.6  05:40    0.0    1.3     0.0  5.9    15.3  12:45   ESE
24    18.5   27.4  13:10   13.6  23:40    0.0    3.9     0.0  7.7    46.7  13:45   ESE
25    16.1   20.8  16:30   11.7  07:05    3.7    0.0     0.0 20.7    66.1  14:35   W
26    18.4   23.1  12:50   15.6  06:55    0.0    1.8     0.0 11.2    30.7  00:10   WNW
27    19.9   26.7  16:25   12.8  05:00    0.0    2.6     0.0  5.9    24.6  09:10   ENE
28    21.0   28.2  15:55   13.7  06:10    0.0    4.7     0.0  4.4    10.8  17:20   ESE
29    21.8   29.7  16:50   12.5  05:50    0.0    5.0     0.0  5.2    11.9  14:40   E
30    24.6   31.1  14:50   18.8  03:20    0.0   11.9     0.0  3.7    15.0  21:45   NE
31    23.1   28.4  13:35   17.5  04:50    0.0    8.4     0.0  7.4    27.5  14:20   WNW
---------------------------------------------------------------------------------------
      16.4   31.1    30     5.9    18   136.6   39.8     0.0  6.5    66.1    25    E

Max >=   32.2:  0
Max <=    0.0:  0
Min <=    0.0:  0
Min <=  -17.8:  0
Max Rain    :    0.0 mm ON --/--/----
Days of Rain: 0 (> 0.254 mm) 0 (> 2.54 mm) 0 (> 25.4 mm)
Web Analytics