NOAA-Style Climate Reports

Select a Year or Month report
2018: Яну Фев Мар Апр Май Юни Юли Авг Сеп Окт Ное Дек
2017: Яну Фев Мар Апр Май Юни Юли Авг Сеп Окт Ное Дек
2016: Яну Фев Мар Апр Май Юни Юли Авг Сеп Окт Ное Дек
2015: Яну Фев Мар Апр Май Юни Юли Авг Сеп Окт Ное Дек
2014: Яну Фев Мар Апр Май Юни Юли Авг Сеп Окт Ное Дек

Report for 2016 Април
                   MONTHLY CLIMATOLOGICAL SUMMARY for APR 2016


NAME: MM                    CITY: Cherven bryag         STATE:                     
ELEV:  137.2 m    LAT: 43.3 N    LONG: 24.1 E


                   TEMPERATURE (C), RAIN (mm), WIND SPEED (kph)

                                         HEAT   COOL         AVG
      MEAN                               DEG    DEG          WIND                  DOM
DAY   TEMP   HIGH  TIME    LOW   TIME    DAYS   DAYS   RAIN  SPEED   HIGH  TIME    DIR
---------------------------------------------------------------------------------------
01    18.7   29.7  16:10   10.0  03:05    0.0    2.7     0.0  6.1    14.0  00:55   NE
02    15.8   21.3  16:15    9.7  23:55    5.1    0.0     0.0  7.4    26.4  19:15   NE
03    11.7   18.9  16:30    4.9  07:10   11.6    0.0     0.0  4.9    18.3  16:30   N
04    14.2   23.9  18:25    4.4  05:50    7.5    0.0     0.0  4.0    14.8  15:50   NE
05    18.3   27.7  16:00    8.3  07:55    0.6    0.0     0.0  4.3    12.6  15:00   ENE
06    19.8   29.1  16:20   10.1  07:30    0.0    2.3     0.0  4.9    14.2  03:55   NE
07    20.1   29.5  16:50   11.8  07:45    0.0    4.1     0.0  6.0    19.2  17:30   ENE
08    17.9   22.8  18:10   12.7  05:45    1.0    0.0     0.0  4.7    16.1  22:15   NE
09    16.3   22.0  15:10   11.9  06:35    2.5    0.0     0.0  5.5    21.9  08:25   WNW
10    13.9   15.9  16:45   10.9  22:50    8.9    0.0     0.0 11.2    43.1  23:05   WNW
11    11.7   13.5  23:45   10.3  01:40   11.6    0.0     0.0 19.7    45.7  00:25   W
12    16.6   22.9  18:45   12.2  07:45    1.4    0.0     0.0  9.4    31.9  09:55   W
13    17.5   26.5  15:45    7.9  06:55    2.0    0.0     0.0  5.3    14.5  11:55   E
14    18.0   23.0  12:45   13.1  23:55    0.5    0.0     0.0  8.8    46.3  14:50   ESE
15    15.4   20.5  16:40   10.2  23:50    5.3    0.0     0.0 18.0    52.0  10:15   W
16    16.3   26.7  16:25    5.0  06:40    4.4    0.0     0.0  6.0    18.2  19:35   ENE
17    20.8   32.3  16:25   10.2  07:10    0.0    5.2     0.0  5.1    13.7  13:10   E
18    23.3   33.5  16:40   14.0  04:30    0.0    9.8     0.0  6.6    25.9  12:15   ENE
19    20.4   25.2  14:15   16.4  06:10    0.0    4.5     0.0  5.6    19.3  18:55   NNE
20    13.6   17.2  00:00    9.9  23:55    8.6    0.0     0.0 23.5    59.7  09:15   WNW
21    12.9   19.5  18:55    5.2  07:20   10.8    0.0     0.0  7.5    27.4  00:45   WNW
22    14.7   25.0  16:40    3.2  06:50    7.6    0.0     0.0  6.8    24.6  10:30   ENE
23    15.9   24.3  16:10    8.8  06:35    3.2    0.0     0.0  6.0    28.0  19:55   E
24    14.2   17.1  14:30   10.2  23:55    8.4    0.0     0.0  6.4    41.5  22:35   SE
25    11.2   15.7  15:00    6.6  23:50   12.9    0.0     0.0 11.0    30.1  01:15   NW
26     8.3   13.2  16:45    5.2  23:55   16.5    0.0     0.0 18.2    49.9  12:40   W
27    10.7   19.5  16:40    0.2  06:10   15.2    0.0     0.0  6.1    21.1  17:30   ENE
28    15.6   22.7  16:45    8.8  07:00    4.7    0.0     0.0  4.3    15.3  11:05   E
29    13.0   15.7  12:40    9.9  05:25   10.0    0.0     0.0  4.2    19.6  14:45   NW
30    13.8   18.5  17:20   11.1  09:10    6.3    0.0     0.0  4.3    20.0  08:55   NW
---------------------------------------------------------------------------------------
      15.7   33.5    18     0.2    27   166.9   28.7     0.0  8.1    59.7    20    ENE

Max >=   32.2:  2
Max <=    0.0:  0
Min <=    0.0:  0
Min <=  -17.8:  0
Max Rain    :    0.0 mm ON --/--/----
Days of Rain: 0 (> 0.254 mm) 0 (> 2.54 mm) 0 (> 25.4 mm)
Web Analytics