NOAA-Style Climate Reports

Select a Year or Month report
2018: Яну Фев Мар Апр Май Юни Юли Авг Сеп Окт Ное Дек
2017: Яну Фев Мар Апр Май Юни Юли Авг Сеп Окт Ное Дек
2016: Яну Фев Мар Апр Май Юни Юли Авг Сеп Окт Ное Дек
2015: Яну Фев Мар Апр Май Юни Юли Авг Сеп Окт Ное Дек
2014: Яну Фев Мар Апр Май Юни Юли Авг Сеп Окт Ное Дек

Report for 2016 Март
                   MONTHLY CLIMATOLOGICAL SUMMARY for MAR 2016


NAME: MM                    CITY: Cherven bryag         STATE:                     
ELEV:  137.2 m    LAT: 43.3 N    LONG: 24.1 E


                   TEMPERATURE (C), RAIN (mm), WIND SPEED (kph)

                                         HEAT   COOL         AVG
      MEAN                               DEG    DEG          WIND                  DOM
DAY   TEMP   HIGH  TIME    LOW   TIME    DAYS   DAYS   RAIN  SPEED   HIGH  TIME    DIR
---------------------------------------------------------------------------------------
01    11.7   19.5  13:30    7.2  02:35    9.0    0.0     0.0  7.6    43.0  04:10   ENE
02     8.6   12.5  15:15    4.7  07:15   17.4    0.0     0.0  4.7    19.3  02:25   WNW
03     8.6   16.3  16:10    0.7  07:50   17.7    0.0     0.0  5.0    20.4  16:30   E
04     6.7    9.9  00:10    3.7  21:50   20.8    0.0     0.0 15.3    51.3  19:05   WNW
05     9.1   15.5  15:40    4.0  00:00   15.4    0.0     0.0  5.4    23.5  00:00   E
06     9.9   17.1  13:25    3.8  03:20   14.2    0.0     0.0  5.5    15.9  13:35   E
07    12.3   22.9  15:10    3.8  06:00    8.9    0.0     0.0  8.4    38.8  16:05   ESE
08    11.5   16.8  13:10    8.2  07:30   10.5    0.0     0.0  5.2    16.7  14:45   ENE
09     8.9    9.5  15:40    8.0  03:25   17.2    0.0     0.0  3.7    20.3  12:25   NW
10     8.2    8.7  00:00    7.0  23:40   18.8    0.0     0.0  7.0    20.3  11:25   NNE
11     7.2    8.3  13:25    6.5  08:55   19.6    0.0     0.0  4.5    15.6  00:15   NW
12     7.3    9.6  13:50    6.0  07:40   18.9    0.0     0.0  7.1    26.4  17:35   NNE
13     6.1    6.7  00:00    4.9  23:50   22.6    0.0     0.0  7.2    22.7  08:10   NE
14     3.9    6.0  03:10    1.4  23:50   26.3    0.0     0.0  9.3    35.2  03:20   E
15     4.4   10.3  14:55   -0.2  04:40   23.9    0.0     0.0  6.7    25.1  15:45   ESE
16     4.0    8.8  15:00   -0.2  05:10   25.3    0.0     0.0  5.2    25.9  10:20   ENE
17     4.6   11.8  16:15   -2.5  06:55   24.6    0.0     0.0  4.7    14.5  16:15   E
18     8.2   16.5  15:40   -0.5  06:45   18.6    0.0     0.0  6.1    20.4  14:45   NE
19     9.7   14.8  14:35    4.4  23:55   15.7    0.0     0.0 15.9    43.5  14:05   WNW
20     6.2   14.3  15:50   -0.9  06:45   21.0    0.0     0.0  5.5    15.6  11:15   NNE
21    11.2   18.9  13:40    3.3  03:10   13.0    0.0     0.0  8.4    28.8  11:55   N
22     9.4   12.4  14:15    7.9  23:40   14.7    0.0     0.0  5.4    22.7  15:10   N
23     7.9    9.1  12:35    6.8  23:55   18.7    0.0     0.0  6.9    34.3  19:05   N
24     6.8    8.8  16:15    5.6  05:55   20.0    0.0     0.0 15.4    45.2  16:10   W
25     4.7    7.4  12:45    2.3  16:25   24.3    0.0     0.0 12.3    49.4  12:10   W
26     6.6   12.2  15:35    0.7  06:35   21.4    0.0     0.0  4.8    20.3  16:00   ESE
27     7.5   11.5  17:35    3.4  23:55   19.5    0.0     0.0  4.0    20.6  14:10   ESE
28     7.8   16.4  16:50   -0.8  07:30   19.0    0.0     0.0  5.7    17.9  14:55   E
29    11.9   17.4  18:05    5.8  01:45   12.1    0.0     0.0  7.1    27.8  16:00   E
30    14.4   22.3  16:20    6.7  07:35    7.0    0.0     0.0  4.9    15.6  16:50   ENE
31    16.1   24.5  17:05    7.1  05:15    4.5    0.0     0.0  6.7    20.8  11:15   ENE
---------------------------------------------------------------------------------------
       8.4   24.5    31    -2.5    17   540.8    0.0     0.0  7.1    51.3     4    ENE

Max >=   32.2:  0
Max <=    0.0:  0
Min <=    0.0:  6
Min <=  -17.8:  0
Max Rain    :    0.0 mm ON --/--/----
Days of Rain: 0 (> 0.254 mm) 0 (> 2.54 mm) 0 (> 25.4 mm)
Web Analytics