NOAA-Style Climate Reports

Select a Year or Month report
2018: Яну Фев Мар Апр Май Юни Юли Авг Сеп Окт Ное Дек
2017: Яну Фев Мар Апр Май Юни Юли Авг Сеп Окт Ное Дек
2016: Яну Фев Мар Апр Май Юни Юли Авг Сеп Окт Ное Дек
2015: Яну Фев Мар Апр Май Юни Юли Авг Сеп Окт Ное Дек
2014: Яну Фев Мар Апр Май Юни Юли Авг Сеп Окт Ное Дек

Report for 2016 Февруари
                   MONTHLY CLIMATOLOGICAL SUMMARY for FEB 2016


NAME: MM                    CITY: Cherven bryag         STATE:                     
ELEV:  137.2 m    LAT: 43.3 N    LONG: 24.1 E


                   TEMPERATURE (C), RAIN (mm), WIND SPEED (kph)

                                         HEAT   COOL         AVG
      MEAN                               DEG    DEG          WIND                  DOM
DAY   TEMP   HIGH  TIME    LOW   TIME    DAYS   DAYS   RAIN  SPEED   HIGH  TIME    DIR
---------------------------------------------------------------------------------------
01    13.2   15.9  15:40   10.0  00:35    9.8    0.0     0.0 16.9    49.9  15:15   W
02    14.7   23.8  14:45    6.4  07:25    5.8    0.0     0.0  7.0    20.4  14:50   E
03    15.8   19.5  10:25    8.6  23:00    7.7    0.0     0.0  6.1    25.9  07:00   N
04     6.8   11.1  10:00    2.0  23:05   21.2    0.0     0.0 17.1    48.4  10:20   WNW
05     0.9    2.7  02:00    0.2  04:50   30.4    0.0     0.0  5.9    31.1  02:05   NW
06     3.2    7.3  16:15   -0.9  23:20   27.2    0.0     0.0 16.1    38.1  12:10   W
07     2.4   10.4  14:25   -3.7  06:50   27.0    0.0     0.0  5.6    15.8  17:40   E
08     1.9    7.5  15:15   -3.1  07:45   29.0    0.0     0.0  3.9    12.9  23:45   NE
09     4.3   12.3  16:15   -1.7  06:55   23.5    0.0     0.0  6.6    21.9  02:50   NNE
10     9.4   18.1  14:55    4.5  04:45   12.7    0.0     0.0 11.8    60.4  20:35   E
11     6.3   10.7  13:45    1.9  07:40   21.7    0.0     0.0  7.4    29.8  11:15   E
12     7.4   10.9  15:05    3.8  07:55   19.8    0.0     0.0  4.6    18.5  02:20   ESE
13     6.9    9.2  15:30    4.6  23:20   20.6    0.0     0.0  5.4    54.2  18:00   ENE
14    11.3   20.1  13:30    3.6  07:25   11.7    0.0     0.0  7.4    37.8  12:00   NE
15    16.4   25.8  15:55    8.5  09:20    2.1    0.0     0.0  9.1    48.1  16:05   NE
16    16.2   22.0  16:55   10.5  08:55    3.8    0.0     0.0  4.9    21.4  00:15   E
17     9.4   14.0  00:00    7.8  07:40   13.4    0.0     0.0  5.8    18.8  00:20   N
18     6.8    8.4  00:00    6.1  05:35   19.9    0.0     0.0  6.5    30.4  13:35   N
19     5.6    7.2  00:00    5.0  09:55   22.0    0.0     0.0  4.9    21.2  00:45   N
20     6.1    7.7  15:00    4.8  23:55   21.8    0.0     0.0  5.6    38.9  23:45   WNW
21     7.5   11.6  16:45    2.6  07:15   20.2    0.0     0.0  7.2    32.3  00:10   SW
22    14.3   24.5  15:25    6.5  07:15    5.2    0.0     0.0  6.7    26.4  14:05   E
23    16.8   24.4  13:40    8.3  07:50    3.5    0.0     0.0  6.6    34.9  21:45   NE
24    10.6   16.7  00:15    5.8  21:15   12.7    0.0     0.0 14.7    65.3  14:25   WNW
25     7.0   11.5  15:35    3.3  08:00   19.7    0.0     0.0  7.4    34.1  00:15   NW
26     7.0   13.5  15:05    2.9  01:25   18.2    0.0     0.0  9.8    31.4  16:15   NW
27     6.7    8.9  16:20    4.5  04:50   21.0    0.0     0.0  4.4    19.3  18:15   NNE
28     7.7    9.5  16:35    6.2  03:05   18.9    0.0     0.0  5.2    17.1  00:00   NE
29     9.6   14.3  13:10    6.5  04:20   14.3    0.0     0.0  5.3    23.0  15:30   NE
---------------------------------------------------------------------------------------
       8.7   25.8    15    -3.7     7   484.8    0.0     0.0  7.8    65.3    24    NE

Max >=   32.2:  0
Max <=    0.0:  0
Min <=    0.0:  4
Min <=  -17.8:  0
Max Rain    :    0.0 mm ON --/--/----
Days of Rain: 0 (> 0.254 mm) 0 (> 2.54 mm) 0 (> 25.4 mm)
Web Analytics