NOAA-Style Climate Reports

Select a Year or Month report
2018: Яну Фев Мар Апр Май Юни Юли Авг Сеп Окт Ное Дек
2017: Яну Фев Мар Апр Май Юни Юли Авг Сеп Окт Ное Дек
2016: Яну Фев Мар Апр Май Юни Юли Авг Сеп Окт Ное Дек
2015: Яну Фев Мар Апр Май Юни Юли Авг Сеп Окт Ное Дек
2014: Яну Фев Мар Апр Май Юни Юли Авг Сеп Окт Ное Дек

Report for 2016 Януари
                   MONTHLY CLIMATOLOGICAL SUMMARY for JAN 2016


NAME: MM                    CITY: Cherven bryag         STATE:                     
ELEV:  137.2 m    LAT: 43.3 N    LONG: 24.1 E


                   TEMPERATURE (C), RAIN (mm), WIND SPEED (kph)

                                         HEAT   COOL         AVG
      MEAN                               DEG    DEG          WIND                  DOM
DAY   TEMP   HIGH  TIME    LOW   TIME    DAYS   DAYS   RAIN  SPEED   HIGH  TIME    DIR
---------------------------------------------------------------------------------------
01    -6.3    2.2  15:35  -12.1  06:40   41.9    0.0     0.0  4.9    12.4  12:50   ENE
02    -5.9   -2.9  14:45   -8.4  01:05   43.2    0.0     0.0  5.0    16.3  19:55   NE
03    -9.5   -6.5  00:00  -11.7  19:50   49.4    0.0     0.0  6.3    17.5  09:40   NE
04   -10.8   -9.1  15:10  -12.1  03:00   52.1    0.0     0.0  2.8    10.9  00:20   N
05    -6.1    0.6  15:00  -11.1  04:50   42.4    0.0     0.0  4.0    15.1  10:15   E
06    -1.5   -0.5  12:55   -3.7  01:55   36.8    0.0     0.0  4.1    16.9  01:40   N
07     1.4    3.7  23:50   -0.5  00:00   30.1    0.0     0.0  4.5    34.6  17:25   NW
08     5.2    9.1  14:10   -0.4  23:55   25.1    0.0     0.0 14.8    39.6  08:35   W
09     2.0    6.7  12:30   -1.3  03:10   28.2    0.0     0.0  8.3    21.2  14:40   NE
10     2.1    3.9  13:45    0.8  08:20   28.8    0.0     0.0  4.9    17.9  19:50   NE
11    11.9   18.7  13:50    1.7  00:50   14.6    0.0     0.0  7.7    32.5  14:15   ESE
12    11.1   17.3  06:25    4.4  23:30   13.5    0.0     0.0 12.5    58.7  08:20   WSW
13     7.2   11.3  14:25    3.6  01:20   19.6    0.0     0.0  5.8    32.8  22:15   W
14     6.6   11.2  14:20    0.4  22:45   22.6    0.0     0.0  9.9    36.2  11:05   W
15     3.0    8.5  11:35   -0.4  03:30   25.7    0.0     0.0  8.9    28.3  17:40   E
16     1.3    3.9  11:15    0.3  22:25   29.3    0.0     0.0  3.6    28.2  11:20   NNE
17    -3.0   -0.4  04:55   -3.8  23:50   36.8    0.0     0.0  0.2     4.5  17:35   NNW
18    -3.7   -2.9  16:30   -4.5  03:10   39.7    0.0     0.0  3.2    15.8  18:40   NW
19    -7.0   -1.3  15:25  -11.7  23:55   44.7    0.0     0.0  4.8    10.1  21:00   ENE
20   -14.1  -10.9  15:20  -17.7  23:20   58.7    0.0     0.0  3.8    17.7  21:40   NNE
21    -9.9   -0.1  22:25  -18.5  04:35   49.7    0.0     0.0  5.0    33.8  23:40   NE
22    -4.7   -1.7  00:00  -11.8  23:30   45.1    0.0     0.0  8.8    35.9  00:30   WNW
23   -10.8   -3.7  13:40  -15.7  08:15   50.5    0.0     0.0  5.1    13.0  14:00   ENE
24   -10.9   -5.5  14:20  -17.3  07:50   53.6    0.0     0.0  5.4    18.5  16:40   ENE
25    -5.4   -0.2  14:40   -9.7  08:10   41.9    0.0     0.0  4.3    13.8  16:10   ENE
26     2.2    6.3  15:20   -4.9  00:00   31.7    0.0     0.0  6.9    19.6  08:05   NE
27     5.3   11.1  16:25   -0.1  00:00   23.1    0.0     0.0  6.1    12.1  21:35   ENE
28     9.4   16.0  14:55    3.8  07:55   15.2    0.0     0.0  9.1    35.2  15:25   ENE
29     9.9   16.6  14:45    3.7  07:35   14.7    0.0     0.0  9.1    27.7  14:20   E
30     9.0   14.1  15:05    2.9  23:45   17.7    0.0     0.0  6.4    24.8  03:20   NE
31     9.2   16.0  14:20    0.9  08:40   17.8    0.0     0.0  8.7    36.4  11:30   SW
---------------------------------------------------------------------------------------
      -0.4   18.7    11   -18.5    21   1044.2    0.0     0.0  6.3    58.7    12    NE

Max >=   32.2:  0
Max <=    0.0:  13
Min <=    0.0:  21
Min <=  -17.8:  1
Max Rain    :    0.0 mm ON --/--/----
Days of Rain: 0 (> 0.254 mm) 0 (> 2.54 mm) 0 (> 25.4 mm)
Web Analytics