NOAA-Style Climate Reports


Report for 2016
                   ANNUAL CLIMATOLOGICAL SUMMARY for 2016


NAME: MM                    CITY: Cherven bryag         STATE:                     
ELEV:  137.2 m    LAT: 43.3 N    LONG: 24.1 E


                 TEMPERATURE (C), RAIN (mm), WIND SPEED (kph)

                            DEP.    HEAT    COOL
          MEAN  MEAN        FROM    DEG     DEG                          MAX   MAX  MIN   MIN
 YR  MO   MAX   MIN   MEAN  NORM    DAYS    DAYS     HI DATE   LOW DATE >=32.2 <=0  <=0  <=-17.8
---------------------------------------------------------------------------------------------
2016 01    4.2  -5.0  -0.4  -1.3  1044.2     0.0   18.7  11  -18.5  21      0   13   21    1
2016 02   13.8   4.3   8.7   3.2   484.8     0.0   25.8  15   -3.7   7      0    0    4    0
2016 03   13.4   3.8   8.4   0.8   540.8     0.0   24.5  31   -2.5  17      0    0    6    0
2016 04   22.4   9.1  15.7   1.6   166.9    28.7   33.5  18    0.2  27      2    0    0    0
2016 05   22.0  11.2  16.4  -1.2   136.6    39.8   31.1  30    5.9  18      0    0    0    0
2016 06   28.9  16.9  22.8   1.1     4.1   249.2   36.1  17    9.9   9      9    0    0    0
2016 07   31.5  17.6  24.7   0.4     0.0   348.5   37.4  14   13.0   8     16    0    0    0
2016 08   31.4  17.2  24.2   0.2     0.0   331.3   38.1   1   11.2  27     13    0    0    0
2016 09   27.2  13.0  19.7   0.3    61.5   156.8   34.3  17    6.0  24      5    0    0    0
2016 10   15.2   7.6  11.0  -0.4   391.8     3.6   28.5   2   -1.3  29      0    0    1    0
2016 11   10.5   2.0   6.1  -1.4   652.1     0.0   22.4   7   -6.8  30      0    0   10    0
2016 12    6.8  -3.1   1.7  -1.3   831.2     0.0   18.7  11   -9.6  14      0    0   20    0
---------------------------------------------------------------------------------------------
          18.9   7.9  13.2   0.2  4313.9  1157.9   38.1 AUG  -18.5 JAN     45   13   62    1


                            PRECIPITATION (mm)

                  DEP.    MAX         ---DAYS OF RAIN---
                  FROM    OBS.                OVER
 YR  MO  TOTAL    NORM    DAY  DATE   0.254  2.54   25.4
---------------------------------------------------------
2016 01    0.0     0.0    0.0    0       0      0      0
2016 02    0.0     0.0    0.0    0       0      0      0
2016 03    0.0     0.0    0.0    0       0      0      0
2016 04    0.0     0.0    0.0    0       0      0      0
2016 05    0.0     0.0    0.0    0       0      0      0
2016 06    0.0     0.0    0.0    0       0      0      0
2016 07    0.0     0.0    0.0    0       0      0      0
2016 08    0.0     0.0    0.0    0       0      0      0
2016 09    0.0     0.0    0.0    0       0      0      0
2016 10    0.0     0.0    0.0    0       0      0      0
2016 11    0.0     0.0    0.0    0       0      0      0
2016 12    0.0     0.0    0.0    0       0      0      0
---------------------------------------------------------
           0.0     0.0     0.0 NAA       0      0      0


                              WIND SPEED (kph)

                              DOM
 YR  MO    AVG     HI   DATE  DIR
----------------------------------
2016 01    6.3   58.7    12    NE
2016 02    7.8   65.3    24    NE
2016 03    7.1   51.3     4   ENE
2016 04    8.1   59.7    20   ENE
2016 05    6.5   66.1    25     E
2016 06    5.3   56.0    28     E
2016 07    6.7   45.2    18     E
2016 08    6.1   60.2     1     E
2016 09    5.0   56.3    19     E
2016 10    6.5   67.9     5   NNE
2016 11    5.6   66.6    13    NE
2016 12    9.0   62.6    27     E
----------------------------------
           6.7   67.9   OCT   ENE
Web Analytics