NOAA-Style Climate Reports

Select a Year or Month report
2018: Яну Фев Мар Апр Май Юни Юли Авг Сеп Окт Ное Дек
2017: Яну Фев Мар Апр Май Юни Юли Авг Сеп Окт Ное Дек
2016: Яну Фев Мар Апр Май Юни Юли Авг Сеп Окт Ное Дек
2015: Яну Фев Мар Апр Май Юни Юли Авг Сеп Окт Ное Дек
2014: Яну Фев Мар Апр Май Юни Юли Авг Сеп Окт Ное Дек

Report for 2015 Декември
                   MONTHLY CLIMATOLOGICAL SUMMARY for DEC 2015


NAME: MM                    CITY: Cherven bryag         STATE:                     
ELEV:  137.2 m    LAT: 43.3 N    LONG: 24.1 E


                   TEMPERATURE (C), RAIN (mm), WIND SPEED (kph)

                                         HEAT   COOL         AVG
      MEAN                               DEG    DEG          WIND                  DOM
DAY   TEMP   HIGH  TIME    LOW   TIME    DAYS   DAYS   RAIN  SPEED   HIGH  TIME    DIR
---------------------------------------------------------------------------------------
01    10.0   15.9  13:55    4.4  07:40   14.8    0.0     0.0 15.1    49.9  15:35   W
02    10.1   12.9  00:35    8.3  21:05   14.0    0.0     0.0 16.3    53.1  05:05   WNW
03    10.2   12.9  15:00    8.2  01:20   14.1    0.0     0.0  5.6    19.6  03:20   NW
04     9.2   14.3  14:50    5.6  23:50   15.1    0.0     0.0  5.0    17.1  21:35   NNE
05     6.0   10.1  15:35    1.6  23:15   22.4    0.0     0.0  2.9    10.5  13:55   ESE
06     2.4    4.4  17:15    0.7  23:40   28.4    0.0     0.0  4.6    12.9  22:00   E
07     5.7   15.6  14:15    0.4  07:35   18.6    0.0     0.0  6.3    20.3  15:25   E
08     3.6    5.7  15:15    1.6  03:45   26.5    0.0     0.0  3.9    15.8  07:05   NE
09     4.5    5.6  13:25    3.8  01:45   24.5    0.0     0.0  2.4    10.8  13:05   NNE
10     4.1    4.9  12:40    3.2  21:45   25.7    0.0     0.0  2.5    14.8  04:35   W
11     3.4    5.1  15:00    2.7  08:05   26.0    0.0     0.0  1.9    10.9  13:35   E
12     4.4   10.7  14:30   -0.9  07:25   24.2    0.0     0.0  5.2    19.8  13:05   E
13     4.6   14.0  13:55   -1.2  07:55   21.4    0.0     0.0  6.1    16.9  16:05   ENE
14     5.0   13.7  14:10   -0.7  00:15   21.3    0.0     0.0  7.0    25.6  12:00   E
15     0.9    2.7  15:50   -2.4  07:15   32.7    0.0     0.0  3.9    22.5  05:40   WSW
16     1.6    2.5  23:30    0.5  05:55   30.3    0.0     0.0  2.2     9.5  02:55   WNW
17     2.9    3.7  14:50    2.4  03:20   27.5    0.0     0.0  1.9     9.7  21:05   N
18     2.7    7.5  14:40   -2.1  08:50   28.2    0.0     0.0  4.2    15.0  07:55   SE
19     4.8   12.5  13:40   -0.5  07:25   22.2    0.0     0.0  5.1    20.9  13:20   E
20     3.8   12.1  15:00   -1.7  07:40   23.6    0.0     0.0  5.1    11.1  22:05   ENE
21     4.9   13.1  16:00   -0.4  07:10   21.6    0.0     0.0  6.4    15.9  08:45   ENE
22     8.2   16.1  15:05    2.0  07:45   16.7    0.0     0.0  9.3    38.3  11:10   E
23     8.5   19.5  15:05    1.9  04:45   13.8    0.0     0.0  6.0    14.8  10:05   E
24     7.7   16.2  14:25    2.0  08:15   16.6    0.0     0.0  5.4    12.1  00:50   ENE
25     6.6   13.9  15:20    0.4  08:20   20.1    0.0     0.0  5.9    31.7  23:20   ENE
26     7.2   15.3  14:55    0.7  08:05   18.6    0.0     0.0  5.9    23.3  00:35   ENE
27     8.4   20.4  15:30    1.3  05:50   13.5    0.0     0.0  6.0    15.3  10:30   E
28     8.5   19.5  15:20    1.2  06:40   14.4    0.0     0.0  5.8    15.9  14:40   E
29     4.5    8.3  15:00   -0.1  23:55   25.6    0.0     0.0  7.4    23.3  08:55   NNE
30    -1.7    1.1  15:00   -4.4  21:45   36.0    0.0     0.0  7.5    24.0  05:40   ENE
31    -4.3   -0.9  14:50  -10.1  23:50   43.0    0.0     0.0  5.5    16.6  12:10   E
---------------------------------------------------------------------------------------
       5.1   20.4    27   -10.1    31   701.3    0.0     0.0  5.8    53.1     2    ENE

Max >=   32.2:  0
Max <=    0.0:  1
Min <=    0.0:  11
Min <=  -17.8:  0
Max Rain    :    0.0 mm ON --/--/----
Days of Rain: 0 (> 0.254 mm) 0 (> 2.54 mm) 0 (> 25.4 mm)
Web Analytics