NOAA-Style Climate Reports


Report for 2015 Ноември
                   MONTHLY CLIMATOLOGICAL SUMMARY for NOV 2015


NAME: MM                    CITY: Cherven bryag         STATE:                     
ELEV:  137.2 m    LAT: 43.3 N    LONG: 24.1 E


                   TEMPERATURE (C), RAIN (mm), WIND SPEED (kph)

                                         HEAT   COOL         AVG
      MEAN                               DEG    DEG          WIND                  DOM
DAY   TEMP   HIGH  TIME    LOW   TIME    DAYS   DAYS   RAIN  SPEED   HIGH  TIME    DIR
---------------------------------------------------------------------------------------
01     5.6   11.9  14:55    1.5  23:55   20.9    0.0     0.0  5.4    18.0  14:25   NNE
02     5.4   14.7  15:25   -1.6  07:10   21.2    0.0     0.0  4.2    11.9  21:25   ENE
03     7.2   17.3  15:50   -0.2  07:00   17.6    0.0     0.0  4.5    10.9  23:15   NE
04     7.3   17.4  15:40   -0.4  07:15   17.7    0.0     0.0  4.4    11.3  13:05   ENE
05     7.6   17.5  15:30    0.0  05:40   17.2    0.0     0.0  4.6    10.9  14:45   ENE
06     6.9   15.4  15:25    0.3  06:15   18.8    0.0     0.0  4.4    14.8  13:25   E
07     6.8   15.1  15:05    0.4  07:15   19.1    0.0     0.0  4.6    14.0  12:30   ENE
08    10.7   19.1  15:05    3.1  06:35   13.0    0.0     0.0  7.7    33.8  15:00   E
09    17.2   23.3  15:20   10.8  08:05    2.3    0.0     0.0 12.7    50.7  23:45   W
10    17.2   19.6  13:55   13.7  07:05    3.0    0.0     0.0 21.7    50.2  01:45   WNW
11    17.7   23.0  14:50   12.8  23:35    0.8    0.0     0.0 10.8    31.9  12:20   W
12    15.5   22.1  14:20   10.1  07:40    4.0    0.0     0.0  5.5    19.8  12:15   E
13    13.7   21.8  14:50    7.6  07:05    6.5    0.0     0.0  4.5    16.7  12:15   ENE
14    11.9   21.2  14:40    4.7  07:50    9.7    0.0     0.0 11.7    44.6  20:35   NE
15    10.7   17.0  14:45    3.6  07:40   14.4    0.0     0.0  4.9    19.6  02:00   E
16    16.0   19.7  14:05   12.1  23:55    4.4    0.0     0.0 17.8    65.0  13:00   W
17     9.9   15.1  15:20    5.2  23:50   14.7    0.0     0.0  4.9    17.9  05:10   N
18    11.6   22.8  14:30    3.3  04:25    9.5    0.0     0.0  6.2    32.2  22:45   NE
19    15.2   23.2  15:05    8.2  23:50    4.7    0.0     0.0  7.8    27.8  01:25   ENE
20    14.3   24.0  13:45    8.4  08:35    3.8    0.0     0.0  8.6    45.5  11:45   NE
21    18.3   21.1  14:20    8.9  00:00    6.0    0.0     0.0 14.6    48.6  11:35   SSW
22    14.6   21.7  05:10   10.3  23:25    4.2    0.0     0.0  7.8    38.5  04:50   NNW
23     8.8   10.7  13:40    6.9  09:05   17.2    0.0     0.0  5.0    19.2  03:50   NNW
24     7.0    8.9  00:00    5.6  06:55   19.9    0.0     0.0  5.5    22.5  04:45   NW
25     5.4    6.9  00:45    4.4  23:55   22.8    0.0     0.0  7.4    23.8  22:10   N
26     3.5    4.7  14:35    2.1  08:05   26.9    0.0     0.0  8.9    26.1  00:55   WNW
27     3.5    4.3  11:40    1.6  21:45   27.7    0.0     0.0  5.5    20.6  20:00   NE
28     3.1    4.5  21:55    1.3  06:10   27.8    0.0     0.0  6.2    20.4  06:25   WSW
29     5.5    7.3  15:20    3.2  02:25   23.5    0.0     0.0 19.6    50.7  06:15   W
30     6.9   15.3  13:35    0.7  04:30   18.6    0.0     0.0  6.8    32.3  11:40   ESE
---------------------------------------------------------------------------------------
      10.2   24.0    20    -1.6     2   418.1    0.0     0.0  8.1    65.0    16    ENE

Max >=   32.2:  0
Max <=    0.0:  0
Min <=    0.0:  3
Min <=  -17.8:  0
Max Rain    :    0.0 mm ON --/--/----
Days of Rain: 0 (> 0.254 mm) 0 (> 2.54 mm) 0 (> 25.4 mm)
Web Analytics