NOAA-Style Climate Reports

Select a Year or Month report
2018: Яну Фев Мар Апр Май Юни Юли Авг Сеп Окт Ное Дек
2017: Яну Фев Мар Апр Май Юни Юли Авг Сеп Окт Ное Дек
2016: Яну Фев Мар Апр Май Юни Юли Авг Сеп Окт Ное Дек
2015: Яну Фев Мар Апр Май Юни Юли Авг Сеп Окт Ное Дек
2014: Яну Фев Мар Апр Май Юни Юли Авг Сеп Окт Ное Дек

Report for 2015 Октомври
                   MONTHLY CLIMATOLOGICAL SUMMARY for OCT 2015


NAME: MM                    CITY: Cherven bryag         STATE:                     
ELEV:  137.2 m    LAT: 43.3 N    LONG: 24.1 E


                   TEMPERATURE (C), RAIN (mm), WIND SPEED (kph)

                                         HEAT   COOL         AVG
      MEAN                               DEG    DEG          WIND                  DOM
DAY   TEMP   HIGH  TIME    LOW   TIME    DAYS   DAYS   RAIN  SPEED   HIGH  TIME    DIR
---------------------------------------------------------------------------------------
01    14.4   19.5  15:15   10.4  07:45    6.1    0.0     0.0  3.0    13.8  14:45   ESE
02    14.2   18.9  17:10   10.3  23:55    6.7    0.0     0.0  3.6    19.8  19:25   E
03    14.3   22.9  17:10    7.0  06:25    6.1    0.0     0.0  4.0    13.4  15:05   E
04    16.0   24.4  15:20    9.3  04:50    2.6    0.0     0.0  3.8    13.0  15:25   ENE
05    17.6   24.5  15:15   11.5  07:55    0.7    0.0     0.0  5.1    21.1  14:25   ESE
06    17.3   22.4  16:30   13.5  23:55    0.7    0.0     0.0  6.0    22.4  10:55   SE
07    15.8   21.3  16:20   10.2  07:45    4.6    0.0     0.0  6.3    20.6  21:05   ENE
08    11.2   16.7  00:00    9.9  23:50    9.0    0.0     0.0  6.0    28.6  02:00   N
09    10.5   12.3  15:55    8.9  06:55   13.9    0.0     0.0  3.8    13.8  11:25   NW
10    12.0   12.7  23:55   11.0  05:30   11.6    0.0     0.0  3.1    17.4  18:20   ENE
11    12.2   15.5  12:40    9.2  23:55   10.8    0.0     0.0  7.4    23.5  13:00   NE
12     8.3    9.1  00:00    7.0  07:45   18.5    0.0     0.0  4.4    15.8  02:20   N
13     9.0   12.1  15:45    7.6  22:35   15.3    0.0     0.0  4.3    20.1  12:15   E
14     8.9   10.5  12:30    6.4  03:25   17.8    0.0     0.0  2.9    13.7  13:25   NE
15    11.0   12.9  18:15    9.4  00:00   12.9    0.0     0.0  2.0    10.6  12:45   NE
16    12.4   15.3  14:45   10.8  07:55    9.5    0.0     0.0  3.6    20.1  16:35   NNE
17    14.0   18.4  16:40   11.4  08:45    6.2    0.0     0.0  4.7    20.1  18:45   NNW
18    15.0   18.5  14:40   13.3  07:55    4.4    0.0     0.0  3.4    15.4  13:55   NNW
19    16.3   22.5  15:30   11.9  08:10    2.0    0.0     0.0  3.1    17.5  23:55   NE
20    13.4   16.8  00:15    9.6  23:55    9.3    0.0     0.0  5.8    24.5  16:00   NW
21    10.6   14.4  16:35    6.9  23:55   13.8    0.0     0.0 10.4    36.5  06:25   W
22     6.9    8.5  12:00    4.6  05:10   21.2    0.0     0.0  3.9    14.8  21:45   NE
23     8.8   11.1  15:00    5.6  23:55   18.0    0.0     0.0  4.3    20.3  02:50   NNE
24     8.3   14.7  16:30    4.1  05:50   16.1    0.0     0.0  4.1    22.9  13:55   ESE
25     8.2   16.5  15:25    2.3  05:50   16.1    0.0     0.0  3.9     9.7  13:45   ESE
26     9.2   16.3  14:55    3.9  07:15   14.8    0.0     0.0  5.3    17.5  12:15   E
27     7.5   12.9  15:50    2.9  04:45   18.8    0.0     0.0  4.2    17.4  11:45   NNE
28     7.6   14.5  15:10    2.7  23:55   17.5    0.0     0.0  3.1    15.6  16:50   NNE
29     6.1   13.3  15:20   -0.2  07:15   21.2    0.0     0.0  4.2    14.0  13:05   NE
30     4.6    7.5  15:20    0.4  07:25   25.9    0.0     0.0  2.9    15.4  13:35   NE
31     7.2   11.7  14:05    4.4  07:20   18.6    0.0     0.0  6.8    26.2  16:30   NNE
---------------------------------------------------------------------------------------
      11.3   24.5     5    -0.2    29   370.6    0.0     0.0  4.5    36.5    21    ENE

Max >=   32.2:  0
Max <=    0.0:  0
Min <=    0.0:  1
Min <=  -17.8:  0
Max Rain    :    0.0 mm ON --/--/----
Days of Rain: 0 (> 0.254 mm) 0 (> 2.54 mm) 0 (> 25.4 mm)
Web Analytics