NOAA-Style Climate Reports


Report for 2015 Септември
                   MONTHLY CLIMATOLOGICAL SUMMARY for SEP 2015


NAME: MM                    CITY: Cherven bryag         STATE:                     
ELEV:  137.2 m    LAT: 43.3 N    LONG: 24.1 E


                   TEMPERATURE (C), RAIN (mm), WIND SPEED (kph)

                                         HEAT   COOL         AVG
      MEAN                               DEG    DEG          WIND                  DOM
DAY   TEMP   HIGH  TIME    LOW   TIME    DAYS   DAYS   RAIN  SPEED   HIGH  TIME    DIR
---------------------------------------------------------------------------------------
01    27.9   36.8  15:45   18.0  07:05    0.0   16.4     0.0  6.4    19.2  20:15   ENE
02    26.7   36.5  16:00   16.6  06:55    0.0   14.8     0.0  5.3    15.6  17:10   ENE
03    26.8   37.1  16:05   16.9  06:40    0.0   15.6     0.0  4.3    11.1  07:10   ESE
04    27.0   36.5  17:15   17.5  06:50    0.0   15.6     0.0  5.4    15.9  14:05   ENE
05    28.0   38.2  17:05   19.5  07:10    0.0   18.9     0.0  6.5    22.2  13:55   E
06    23.3   28.1  14:50   19.9  21:45    0.0   10.2     0.0  9.1    38.9  13:40   WNW
07    20.1   25.5  16:50   15.9  06:05    0.0    4.3     0.0  6.9    26.9  09:35   W
08    19.0   24.3  17:45   13.3  23:55    0.0    0.8     0.0 10.6    29.3  02:50   W
09    17.0   25.6  15:35    7.9  07:20    2.8    0.0     0.0  5.2    24.0  18:35   ENE
10    17.4   20.3  18:30   14.2  07:50    2.0    0.0     0.0  4.0    21.6  16:10   ENE
11    15.7   17.2  00:00   14.6  07:40    4.3    0.0     0.0  6.7    18.0  12:45   NW
12    15.1   17.0  18:30   13.7  07:35    5.4    0.0     0.0  4.0    11.6  08:10   E
13    17.2   23.9  16:45   11.1  07:55    1.5    0.0     0.0  4.3    18.0  15:05   E
14    19.7   27.9  15:45   11.9  07:20    0.0    2.8     0.0  5.0    18.0  15:40   ENE
15    20.6   28.9  16:00   12.9  05:30    0.0    4.6     0.0  4.4    18.3  14:20   NE
16    21.2   29.2  16:20   13.8  06:50    0.0    5.8     0.0  4.1    17.4  18:45   NE
17    22.9   32.3  17:50   15.2  06:50    0.0    9.8     0.0  2.7    10.9  14:35   NE
18    24.9   34.7  17:20   15.9  07:00    0.0   12.6     0.0  3.9    13.7  17:25   NE
19    24.4   33.0  16:20   16.8  07:35    0.0   11.8     0.0  5.0    17.5  15:05   ENE
20    22.3   30.1  15:35   14.9  07:20    0.0    7.5     0.0  5.4    19.8  23:25   NE
21    21.5   26.7  16:40   17.8  23:45    0.0    7.1     0.0  8.7    25.9  19:25   W
22    20.1   25.6  15:55   15.7  06:35    0.0    4.2     0.0  4.4    18.8  14:00   NE
23    19.9   26.6  14:20   13.0  07:45    0.0    2.6     0.0  4.0    17.7  17:55   NE
24    20.6   26.3  17:55   17.2  06:05    0.0    6.1     0.0  2.5    10.3  13:00   ESE
25    20.1   27.1  15:05   15.0  07:45    0.0    4.9     0.0  5.3    19.2  16:50   ENE
26    17.5   18.9  00:35   16.0  23:55    1.6    0.0     0.0  2.8    14.3  10:35   WNW
27    15.8   17.0  17:20   14.5  08:35    4.7    0.0     0.0  3.1    15.3  23:50   WNW
28    14.3   15.3  00:00   12.0  23:55    8.4    0.0     0.0  3.8    22.4  12:50   N
29    11.7   12.7  15:25   11.1  09:35   11.5    0.0     0.0  7.1    25.6  10:30   E
30    13.0   15.9  12:55   10.4  07:20    9.3    0.0     0.0  4.8    21.7  13:45   NE
---------------------------------------------------------------------------------------
      20.4   38.2     5     7.9     9    51.5  176.4     0.0  5.2    38.9     6    ENE

Max >=   32.2:  8
Max <=    0.0:  0
Min <=    0.0:  0
Min <=  -17.8:  0
Max Rain    :    0.0 mm ON --/--/----
Days of Rain: 0 (> 0.254 mm) 0 (> 2.54 mm) 0 (> 25.4 mm)
Web Analytics