NOAA-Style Climate Reports

Select a Year or Month report
2018: Яну Фев Мар Апр Май Юни Юли Авг Сеп Окт Ное Дек
2017: Яну Фев Мар Апр Май Юни Юли Авг Сеп Окт Ное Дек
2016: Яну Фев Мар Апр Май Юни Юли Авг Сеп Окт Ное Дек
2015: Яну Фев Мар Апр Май Юни Юли Авг Сеп Окт Ное Дек
2014: Яну Фев Мар Апр Май Юни Юли Авг Сеп Окт Ное Дек

Report for 2015 Юни
                   MONTHLY CLIMATOLOGICAL SUMMARY for JUN 2015


NAME: MM                    CITY: Cherven bryag         STATE:                     
ELEV:  137.2 m    LAT: 43.3 N    LONG: 24.1 E


                   TEMPERATURE (C), RAIN (mm), WIND SPEED (kph)

                                         HEAT   COOL         AVG
      MEAN                               DEG    DEG          WIND                  DOM
DAY   TEMP   HIGH  TIME    LOW   TIME    DAYS   DAYS   RAIN  SPEED   HIGH  TIME    DIR
---------------------------------------------------------------------------------------
01    19.9   27.7  15:40   10.7  06:30    0.0    1.5     0.0  5.1    19.0  16:40   ENE
02    20.4   28.2  16:50   10.7  06:10    0.0    2.0     0.0  5.2    22.4  16:45   E
03    22.0   30.3  17:15   12.6  05:35    0.0    5.6     0.0  4.5    22.0  21:00   ENE
04    22.2   30.1  14:30   15.2  06:15    0.0    7.8     0.0  5.4    57.1  20:25   E
05    17.6   20.5  18:20   15.3  13:15    0.8    0.0     0.0  4.6    29.1  12:35   SE
06    19.5   25.7  18:00   13.0  06:20    0.0    1.8     0.0  4.8    19.0  14:50   E
07    19.9   26.1  17:25   12.2  06:25    0.0    1.5     0.0  5.8    21.9  12:35   E
08    19.5   26.3  17:45   12.0  06:00    0.0    1.5     0.0  3.6    17.7  11:50   ESE
09    21.0   28.5  16:15   11.6  05:40    0.0    3.2     0.0  3.2    15.1  14:55   ESE
10    21.8   29.7  15:25   16.8  05:05    0.0    8.9     0.0  6.6    48.4  17:20   ESE
11    22.2   28.5  18:45   16.7  06:30    0.0    7.7     0.0  3.6    16.4  00:00   SSE
12    23.4   29.9  17:20   15.9  06:40    0.0    8.2     0.0  4.8    15.8  22:05   ESE
13    24.7   32.9  16:55   14.7  06:20    0.0    9.9     0.0  4.4    10.8  12:15   ESE
14    25.6   34.6  16:25   16.6  05:55    0.0   13.0     0.0  4.4    19.0  21:40   ESE
15    25.3   33.5  17:00   18.8  04:40    0.0   14.0     0.0  4.1    15.3  18:05   ESE
16    24.4   27.9  16:45   18.8  07:50    0.0    9.0     0.0 13.5    59.9  03:15   WNW
17    22.6   27.1  17:40   18.0  06:25    0.0    7.6     0.0  8.7    38.6  21:30   WNW
18    17.8   20.5  18:40   15.3  09:45    0.8    0.0     0.0  4.1    16.3  09:15   N
19    19.8   24.4  16:40   16.0  07:15    0.0    3.4     0.0  4.8    19.8  15:00   WSW
20    19.2   23.1  17:55   14.0  05:50    0.0    0.4     0.0  9.9    32.8  14:25   W
21    15.8   18.2  00:00   12.4  23:55    5.4    0.0     0.0  9.1    44.6  11:25   W
22    17.1   24.1  17:05    8.9  05:35    3.3    0.0     0.0  4.2    12.4  11:15   E
23    19.5   27.5  18:20   10.0  06:15    0.0    0.8     0.0  4.6    14.0  13:00   E
24    21.2   29.1  16:45   13.2  05:35    0.0    5.1     0.0  7.0    60.4  23:00   ENE
25    18.1   21.9  17:15   14.0  01:20    0.7    0.0     0.0 17.7    41.8  17:20   W
26    16.6   21.3  17:35   12.3  05:45    2.8    0.0     0.0  9.8    32.3  14:45   WSW
27    19.4   25.5  18:40   13.3  05:50    0.0    1.9     0.0  3.5    15.1  14:10   ESE
28    21.5   26.2  18:05   15.3  06:40    0.0    4.4     0.0  8.6    30.3  15:55   W
29    19.9   23.6  15:30   17.8  23:55    0.0    4.3     0.0  4.6    36.9  00:15   SW
30    19.7   23.9  15:00   16.8  05:40    0.0    3.6     0.0  5.5    26.2  13:15   ESE
---------------------------------------------------------------------------------------
      20.6   34.6    14     8.9    22    13.8  127.0     0.0  6.2    60.4    24    E

Max >=   32.2:  3
Max <=    0.0:  0
Min <=    0.0:  0
Min <=  -17.8:  0
Max Rain    :    0.0 mm ON --/--/----
Days of Rain: 0 (> 0.254 mm) 0 (> 2.54 mm) 0 (> 25.4 mm)
Web Analytics