NOAA-Style Climate Reports

Select a Year or Month report
2018: Яну Фев Мар Апр Май Юни Юли Авг Сеп Окт Ное Дек
2017: Яну Фев Мар Апр Май Юни Юли Авг Сеп Окт Ное Дек
2016: Яну Фев Мар Апр Май Юни Юли Авг Сеп Окт Ное Дек
2015: Яну Фев Мар Апр Май Юни Юли Авг Сеп Окт Ное Дек
2014: Яну Фев Мар Апр Май Юни Юли Авг Сеп Окт Ное Дек

Report for 2015 Май
                   MONTHLY CLIMATOLOGICAL SUMMARY for MAY 2015


NAME: MM                    CITY: Cherven bryag         STATE:                     
ELEV:  137.2 m    LAT: 43.3 N    LONG: 24.1 E


                   TEMPERATURE (C), RAIN (mm), WIND SPEED (kph)

                                         HEAT   COOL         AVG
      MEAN                               DEG    DEG          WIND                  DOM
DAY   TEMP   HIGH  TIME    LOW   TIME    DAYS   DAYS   RAIN  SPEED   HIGH  TIME    DIR
---------------------------------------------------------------------------------------
01    16.2   23.9  17:45    9.9  06:30    2.7    0.0     0.0  3.0    16.9  15:30   ESE
02    16.1   19.9  11:00   13.0  04:30    3.4    0.0     0.0  5.9    24.6  10:05   WSW
03    18.8   25.1  17:00   12.9  01:40    0.0    1.2     0.0 13.0    38.8  08:50   WNW
04    19.0   25.9  15:55   11.7  06:20    0.0    0.9     0.0  4.5    13.7  16:35   ENE
05    22.2   30.1  17:55   14.1  06:30    0.0    6.8     0.0  3.3    12.2  16:15   E
06    23.4   31.5  15:25   14.8  06:40    0.0    8.7     0.0  4.5    18.7  19:45   E
07    21.5   26.7  16:55   16.7  05:55    0.0    6.1     0.0  9.4    40.1  19:50   W
08    20.6   26.3  16:55   15.1  06:15    0.0    4.2     0.0  6.7    27.7  00:50   WNW
09    17.6   23.5  18:30   13.9  23:55    0.0    0.7     0.0  5.2    26.6  19:40   NW
10    15.9   23.7  16:05   10.7  05:40    2.1    0.0     0.0  6.5    32.8  22:00   ESE
11    14.1   14.4  00:05   13.5  06:15    7.8    0.0     0.0  7.0    26.9  05:00   SW
13    18.2   23.6  20:35   15.1  23:55    0.0    1.9     0.0  2.8     7.9  23:55   SE
14    19.7   28.5  14:10   10.5  06:10    0.0    2.1     0.0  7.7    36.5  21:10   ESE
15    20.1   24.9  17:20   13.7  06:55    0.0    1.7     0.0  5.4    17.5  01:05   ENE
16    19.6   24.8  15:25   15.0  05:30    0.0    2.9     0.0  4.6    19.0  16:25   NW
17    21.3   27.5  17:50   14.9  05:30    0.0    5.2     0.0  4.1    22.4  11:50   ESE
18    21.8   28.1  17:30   14.2  06:40    0.0    5.1     0.0  3.5    14.0  16:15   E
19    17.5   26.8  18:35   14.3  06:20    0.0    3.9     0.0  6.5    59.4  19:45   ESE
20    19.2   26.0  15:55   13.4  06:05    0.0    2.4     0.0  4.6    20.0  16:10   ENE
21    20.2   27.9  16:05   11.8  05:55    0.0    2.8     0.0  4.0    17.9  14:45   E
22    20.8   28.6  16:05   14.0  05:05    0.0    5.3     0.0  5.4    20.4  20:25   ENE
23    21.4   27.9  15:10   17.6  06:45    0.0    8.0     0.0  4.9    24.6  17:15   SW
24    20.9   27.2  17:35   15.4  06:55    0.0    5.4     0.0  5.8    52.1  19:55   NW
25    16.2   20.4  12:45   13.0  05:40    2.9    0.0     0.0  4.8    29.6  13:30   E
26    18.1   23.5  17:25   12.7  06:30    0.4    0.0     0.0  4.2    21.9  13:05   SE
27    17.2   22.5  14:35   13.2  06:05    0.9    0.0     0.0 13.8    52.9  23:10   W
28    15.5   19.2  18:00   11.9  06:10    5.0    0.0     0.0 16.2    50.2  00:00   W
29    16.1   20.9  20:05   12.8  08:45    2.7    0.0     0.0  7.3    24.0  01:05   W
30    17.4   25.4  18:40    8.0  06:25    2.9    0.0     0.0  3.6    13.0  15:10   ENE
31    18.9   27.2  17:25    9.2  06:25    0.2    0.0     0.0  4.0    11.9  15:55   ESE
---------------------------------------------------------------------------------------
      18.9   31.5     6     8.0    30    30.9   75.2     0.0  6.1    59.4    19    E

Max >=   32.2:  0
Max <=    0.0:  0
Min <=    0.0:  0
Min <=  -17.8:  0
Max Rain    :    0.0 mm ON --/--/----
Days of Rain: 0 (> 0.254 mm) 0 (> 2.54 mm) 0 (> 25.4 mm)
Web Analytics