NOAA-Style Climate Reports


Report for 2015 Април
                   MONTHLY CLIMATOLOGICAL SUMMARY for APR 2015


NAME: MM                    CITY: Cherven bryag         STATE:                     
ELEV:  137.2 m    LAT: 43.3 N    LONG: 24.1 E


                   TEMPERATURE (C), RAIN (mm), WIND SPEED (kph)

                                         HEAT   COOL         AVG
      MEAN                               DEG    DEG          WIND                  DOM
DAY   TEMP   HIGH  TIME    LOW   TIME    DAYS   DAYS   RAIN  SPEED   HIGH  TIME    DIR
---------------------------------------------------------------------------------------
01    11.9   16.8  03:40    8.4  23:55   10.2    0.0     0.0 19.1    53.4  06:35   W
02     8.0   13.9  18:15    4.3  23:45   16.6    0.0     0.0 20.6    59.4  10:20   W
03     7.4   11.6  04:10    4.4  00:15   18.6    0.0     0.0 31.9    72.1  04:35   W
04     8.6   13.7  16:20    4.2  05:00   16.9    0.0     0.0 13.6    42.8  00:15   W
05     9.1   14.4  14:30    4.0  08:10   16.4    0.0     0.0  5.6    19.2  14:45   E
06     5.4    7.2  00:00    3.7  22:50   23.2    0.0     0.0  6.0    23.3  13:20   NW
07     5.6   10.1  15:20    3.6  00:50   20.7    0.0     0.0  6.6    32.0  15:30   NNW
08     6.7   10.9  15:20    2.4  04:25   21.1    0.0     0.0  7.5    27.8  09:20   WNW
09     8.6   14.0  16:10    4.6  02:20   16.2    0.0     0.0  8.8    24.3  11:35   WNW
10     9.0   16.7  17:40   -0.1  06:45   18.1    0.0     0.0  5.4    25.9  15:20   ENE
11    11.9   22.3  16:50    0.8  07:05   12.2    0.0     0.0  6.3    17.2  16:00   E
12    14.7   23.5  17:20    4.6  07:05    7.8    0.0     0.0  9.0    27.5  21:30   WNW
13    16.5   20.1  20:15    8.7  07:20    7.1    0.0     0.0  7.5    27.0  00:50   WNW
14    14.9   19.0  16:00   10.7  22:25    6.3    0.0     0.0 19.1    53.6  12:15   WNW
15    13.9   20.3  18:00    8.0  07:45    7.5    0.0     0.0 10.1    27.0  12:25   WNW
16    16.9   26.7  16:30    6.4  07:15    3.2    0.0     0.0  6.4    20.4  13:30   E
17    19.8   27.1  15:35   11.8  02:25    0.0    2.0     0.0  6.1    20.8  10:15   ESE
18    16.4   23.2  14:05   10.0  23:10    3.1    0.0     0.0 16.9    43.8  09:40   W
19    11.1   15.6  17:45    7.8  22:20   12.0    0.0     0.0 13.9    35.9  10:40   WNW
20    11.1   16.8  16:45    3.5  07:05   14.7    0.0     0.0 18.2    46.8  16:45   W
21    11.9   15.9  17:05    7.1  07:10   12.3    0.0     0.0 11.2    38.0  00:35   WNW
22    11.2   15.6  16:50    6.8  23:55   12.8    0.0     0.0  8.7    23.0  15:05   NE
23    12.1   20.6  17:05    3.8  06:50   11.0    0.0     0.0  4.7    13.4  13:50   E
24    14.3   23.6  15:05    4.6  04:50    7.6    0.0     0.0  5.3    17.1  15:05   ENE
25    18.5   25.3  16:35   12.7  23:55    0.0    1.2     0.0  5.7    23.8  18:00   E
26    18.0   26.3  15:00    9.1  06:50    1.1    0.0     0.0  5.0    13.7  06:10   ENE
27    20.1   27.9  15:00   11.5  05:45    0.0    2.5     0.0  5.6    18.8  22:25   ENE
28    16.8   23.6  14:50   11.6  23:40    1.3    0.0     0.0  6.4    67.4  15:50   SE
29    11.8   15.7  09:45    9.2  03:30   10.6    0.0     0.0 12.1    50.2  13:45   W
30    13.9   20.7  16:05    5.9  05:50    9.0    0.0     0.0  4.8    17.1  15:55   NE
---------------------------------------------------------------------------------------
      12.5   27.9    27    -0.1    10   317.6    5.7     0.0 10.3    72.1     3    WNW

Max >=   32.2:  0
Max <=    0.0:  0
Min <=    0.0:  1
Min <=  -17.8:  0
Max Rain    :    0.0 mm ON --/--/----
Days of Rain: 0 (> 0.254 mm) 0 (> 2.54 mm) 0 (> 25.4 mm)
Web Analytics