NOAA-Style Climate Reports

Select a Year or Month report
2018: Яну Фев Мар Апр Май Юни Юли Авг Сеп Окт Ное Дек
2017: Яну Фев Мар Апр Май Юни Юли Авг Сеп Окт Ное Дек
2016: Яну Фев Мар Апр Май Юни Юли Авг Сеп Окт Ное Дек
2015: Яну Фев Мар Апр Май Юни Юли Авг Сеп Окт Ное Дек
2014: Яну Фев Мар Апр Май Юни Юли Авг Сеп Окт Ное Дек

Report for 2015 Март
                   MONTHLY CLIMATOLOGICAL SUMMARY for MAR 2015


NAME: MM                    CITY: Cherven bryag         STATE:                     
ELEV:  137.2 m    LAT: 43.3 N    LONG: 24.1 E


                   TEMPERATURE (C), RAIN (mm), WIND SPEED (kph)

                                         HEAT   COOL         AVG
      MEAN                               DEG    DEG          WIND                  DOM
DAY   TEMP   HIGH  TIME    LOW   TIME    DAYS   DAYS   RAIN  SPEED   HIGH  TIME    DIR
---------------------------------------------------------------------------------------
01     9.0   15.9  14:40    3.2  02:50   15.8    0.0     0.0  5.5    21.1  14:50   ENE
02    10.3   16.7  15:45    6.0  04:55   12.6    0.0     0.0  7.1    31.2  23:55   NE
03     9.3   12.7  14:15    5.2  23:10   16.9    0.0     0.0 23.6    63.2  12:50   W
04     7.6   14.3  15:40    0.3  06:40   19.9    0.0     0.0  6.4    29.1  00:15   ENE
05     4.5    6.7  00:00    1.9  22:55   25.3    0.0     0.0  4.6    15.6  13:15   N
06     1.5    3.3  03:20    0.3  23:40   29.8    0.0     0.0  7.9    24.1  12:15   NNW
07     0.5    1.1  15:10    0.2  04:45   31.8    0.0     0.0  6.0    25.3  16:05   N
08     2.0    3.2  15:55    1.2  22:00   29.0    0.0     0.0  2.2     9.8  10:30   SSE
09     2.0    3.9  15:50   -0.3  07:40   29.8    0.0     0.0  1.9     7.2  03:15   NW
10     1.7    2.7  16:10    0.4  08:20   30.2    0.0     0.0  2.2    11.4  19:10   NW
11     3.0    8.9  16:55    0.2  05:35   24.8    0.0     0.0  3.5    12.2  11:45   SE
12     4.9    8.5  15:10    1.1  07:15   24.4    0.0     0.0  6.1    21.9  14:50   E
13     6.4   10.9  13:20    2.5  02:35   21.0    0.0     0.0  4.6    17.9  13:25   SE
14     5.0    6.8  14:15    3.1  04:10   24.0    0.0     0.0  2.5     9.0  01:35   E
15     6.4    8.1  15:35    5.2  02:10   21.1    0.0     0.0  2.6    12.6  17:30   N
16     7.5   10.0  14:50    4.5  23:55   20.0    0.0     0.0  6.8    24.1  16:15   ENE
17     5.3   11.9  13:45   -1.3  06:45   23.5    0.0     0.0  7.6    36.4  14:45   ENE
18     5.4   10.0  16:20    1.6  22:45   22.5    0.0     0.0  5.0    25.1  13:50   ENE
19     2.5    4.1  14:20    0.6  07:30   28.8    0.0     0.0  3.9    16.6  22:05   NNE
20     3.6    7.6  16:25    0.6  04:00   25.6    0.0     0.0  7.1    22.0  13:10   NW
21     7.1   15.2  16:50   -0.0  06:40   19.3    0.0     0.0  5.6    18.8  14:45   NE
22    10.0   19.0  14:15    0.0  06:45   15.9    0.0     0.0  6.9    15.8  11:45   NE
23     8.7   11.4  00:00    5.9  23:55   17.4    0.0     0.0  8.7    30.1  04:50   NE
24     9.5   16.5  14:45    4.2  06:40   14.4    0.0     0.0  5.2    22.2  15:25   NE
25    10.2   15.9  13:15    3.8  05:50   15.2    0.0     0.0  3.8    13.7  12:25   NE
26    14.4   22.3  15:30    5.2  06:50    8.3    0.0     0.0  7.8    23.2  13:20   E
27    12.1   15.2  14:10    9.8  23:50   10.4    0.0     0.0  6.3    19.8  21:20   NNW
28     8.9    9.9  00:05    7.8  23:55   17.1    0.0     0.0 14.8    40.1  19:20   W
29     9.2   11.5  16:20    7.4  05:00   16.0    0.0     0.0 15.9    37.0  13:30   W
30    11.2   18.1  14:20    3.5  05:20   13.6    0.0     0.0  6.1    20.8  10:25   SSW
31    12.6   17.4  15:45    9.3  08:00    9.0    0.0     0.0 17.0    56.5  10:40   WNW
---------------------------------------------------------------------------------------
       6.9   22.3    26    -1.3    17   633.2    0.0     0.0  6.9    63.2     3    NE

Max >=   32.2:  0
Max <=    0.0:  0
Min <=    0.0:  3
Min <=  -17.8:  0
Max Rain    :    0.0 mm ON --/--/----
Days of Rain: 0 (> 0.254 mm) 0 (> 2.54 mm) 0 (> 25.4 mm)
Web Analytics