NOAA-Style Climate Reports

Select a Year or Month report
2018: Яну Фев Мар Апр Май Юни Юли Авг Сеп Окт Ное Дек
2017: Яну Фев Мар Апр Май Юни Юли Авг Сеп Окт Ное Дек
2016: Яну Фев Мар Апр Май Юни Юли Авг Сеп Окт Ное Дек
2015: Яну Фев Мар Апр Май Юни Юли Авг Сеп Окт Ное Дек
2014: Яну Фев Мар Апр Май Юни Юли Авг Сеп Окт Ное Дек

Report for 2015 Февруари
                   MONTHLY CLIMATOLOGICAL SUMMARY for FEB 2015


NAME: MM                    CITY: Cherven bryag         STATE:                     
ELEV:  137.2 m    LAT: 43.3 N    LONG: 24.1 E


                   TEMPERATURE (C), RAIN (mm), WIND SPEED (kph)

                                         HEAT   COOL         AVG
      MEAN                               DEG    DEG          WIND                  DOM
DAY   TEMP   HIGH  TIME    LOW   TIME    DAYS   DAYS   RAIN  SPEED   HIGH  TIME    DIR
---------------------------------------------------------------------------------------
01     4.5    7.9  16:45    2.3  10:45   23.8    0.0     0.0  5.5    20.1  05:45   E
02     3.5    4.5  12:55    1.9  05:50   27.2    0.0     0.0  5.1    17.9  05:10   NNW
03     2.9    8.5  15:50   -0.8  23:25   26.1    0.0     0.0  9.8    33.8  01:50   W
04     0.1    2.9  16:40   -3.0  07:50   33.1    0.0     0.0  5.5    20.1  21:55   E
05     2.5    5.1  15:30   -1.1  04:05   29.4    0.0     0.0  4.9    17.1  00:25   N
06     2.6    4.6  00:00    0.3  22:40   28.6    0.0     0.0 10.1    35.2  12:00   NNE
07    -0.6    0.7  14:30   -2.3  23:50   34.4    0.0     0.0  0.0     0.0  02:50   N
08    -0.6    2.3  14:20   -4.3  06:40   34.8    0.0     0.0 10.0    42.3  18:30   NW
09    -0.5    1.2  00:00   -2.7  23:50   34.4    0.0     0.0 11.8    39.6  00:00   WNW
10    -1.9    0.9  15:50   -4.1  07:55   35.9    0.0     0.0 10.0    30.9  00:00   WNW
11    -3.5    1.6  14:10   -8.0  07:50   38.8    0.0     0.0  3.2    14.6  15:05   ESE
12    -1.5    3.5  15:45   -5.8  00:05   35.0    0.0     0.0  3.5    13.8  15:55   ESE
13    -0.4    7.3  14:45   -6.9  07:20   32.6    0.0     0.0  5.6    15.3  16:10   ENE
14     0.4    7.7  15:25   -5.9  07:45   31.4    0.0     0.0  6.2    19.6  15:50   NE
15    -1.7   -0.1  15:55   -4.9  06:25   37.5    0.0     0.0  2.4    10.5  12:35   N
16    -0.2    1.0  16:00   -1.0  04:20   33.0    0.0     0.0  5.2    21.1  17:50   WNW
17    -3.0   -0.5  00:00   -8.1  23:55   40.7    0.0     0.0  9.6    29.8  09:30   ENE
18    -4.6    2.3  15:55  -11.1  07:45   40.9    0.0     0.0  5.4    18.8  14:55   E
19    -0.2    7.1  14:35   -8.0  07:10   33.8    0.0     0.0  7.9    37.8  14:45   E
20     4.2   10.9  15:35   -0.4  23:55   23.5    0.0     0.0  4.6    12.6  16:15   ENE
21     2.5   11.0  14:30   -2.8  07:15   25.6    0.0     0.0  6.2    16.7  13:30   NE
22     3.8    8.3  16:10   -1.8  07:00   27.1    0.0     0.0  4.0    12.1  13:40   NNE
23     6.9   11.8  12:15    3.9  07:50   18.9    0.0     0.0  5.2    21.9  13:25   NNW
24     8.3   11.5  15:40    6.1  02:50   17.2    0.0     0.0  3.8    13.4  15:00   NNE
25     9.3   12.7  15:55    7.6  06:50   14.7    0.0     0.0  4.5    28.3  18:55   N
26    10.1   15.3  14:10    6.5  07:20   13.4    0.0     0.0  5.9    26.7  14:25   NNE
27     8.7   12.0  14:50    6.2  07:45   16.5    0.0     0.0  7.6    27.5  20:40   NNW
28     8.8   11.1  15:55    5.6  23:55   18.0    0.0     0.0  4.6    18.7  01:20   NW
---------------------------------------------------------------------------------------
       2.2   15.3    26   -11.1    18   806.5    0.0     0.0  6.0    42.3     8    NNE

Max >=   32.2:  0
Max <=    0.0:  2
Min <=    0.0:  19
Min <=  -17.8:  0
Max Rain    :    0.0 mm ON --/--/----
Days of Rain: 0 (> 0.254 mm) 0 (> 2.54 mm) 0 (> 25.4 mm)
Web Analytics