NOAA-Style Climate Reports


Report for 2015 Януари
                   MONTHLY CLIMATOLOGICAL SUMMARY for JAN 2015


NAME: MM                    CITY: Cherven bryag         STATE:                     
ELEV:  137.2 m    LAT: 43.3 N    LONG: 24.1 E


                   TEMPERATURE (C), RAIN (mm), WIND SPEED (kph)

                                         HEAT   COOL         AVG
      MEAN                               DEG    DEG          WIND                  DOM
DAY   TEMP   HIGH  TIME    LOW   TIME    DAYS   DAYS   RAIN  SPEED   HIGH  TIME    DIR
---------------------------------------------------------------------------------------
01   -13.4   -5.7  15:40  -18.6  04:40   54.9    0.0     0.0  6.9    20.6  13:05   ENE
02    -4.5    1.3  15:55  -11.7  00:00   42.4    0.0     0.0  6.4    16.1  21:15   E
03     3.5    7.5  08:10   -2.0  00:45   28.0    0.0     0.0 13.9    46.7  08:30   WNW
04     1.9    6.4  12:35   -1.7  00:00   28.8    0.0     0.0 17.3    66.9  13:10   WNW
05     1.5    3.6  13:50   -0.8  23:50   30.4    0.0     0.0 25.9    49.7  14:05   W
06    -0.4    3.1  14:45   -2.8  08:20   32.7    0.0     0.0 18.2    43.9  21:40   WNW
07    -5.3   -1.9  00:00   -8.5  23:55   42.4    0.0     0.0  5.8    22.4  00:00   ENE
08    -7.5   -2.9  14:55  -11.5  07:50   45.9    0.0     0.0  5.7    17.1  14:45   ENE
09     0.2   11.1  14:20   -9.3  05:15   31.4    0.0     0.0 11.1    48.4  18:00   WNW
10    10.2   13.2  21:20    6.4  07:20   15.4    0.0     0.0 18.6    59.1  13:35   W
11    12.7   21.1  14:35    5.8  23:55    8.8    0.0     0.0 10.8    79.8  23:25   ESE
12     4.7    7.6  14:25    2.3  23:15   24.1    0.0     0.0 27.7    74.4  00:25   WNW
13     3.6   13.5  15:05   -3.2  07:10   23.8    0.0     0.0  5.5    12.4  11:30   E
14     2.4   10.0  14:50   -2.3  08:10   26.0    0.0     0.0  6.5    16.4  13:25   ENE
15     4.8   10.9  12:00   -2.5  01:50   25.4    0.0     0.0 17.0    62.9  10:35   W
16     2.8   10.6  15:35   -3.7  07:30   26.8    0.0     0.0  5.8    17.9  17:15   NE
17    -1.5    2.3  14:35   -5.7  07:40   36.1    0.0     0.0  5.0    18.8  14:40   NE
18    -0.8    1.5  21:50   -3.2  08:20   34.5    0.0     0.0  4.8    17.1  16:05   NE
19     3.7    6.8  16:10    1.1  00:10   25.9    0.0     0.0  6.5    17.4  01:40   NE
20     4.6    8.5  15:10    1.6  05:15   23.9    0.0     0.0  4.9    14.6  13:50   N
21     3.7    4.9  00:10    2.1  23:50   26.7    0.0     0.0  4.1    16.3  06:10   N
22     1.9    2.5  14:50    1.6  01:55   29.3    0.0     0.0  3.2    11.1  19:55   NNE
23     2.3    3.3  15:15    1.6  03:35   28.6    0.0     0.0  4.5    13.8  20:05   WNW
24     4.1    5.3  16:45    2.8  01:55   25.7    0.0     0.0  3.2    15.4  06:25   NW
25     2.2    4.4  00:00    0.4  12:25   28.7    0.0     0.0  5.6    15.9  06:30   NW
26     3.1    4.8  13:50    1.8  06:20   27.0    0.0     0.0  2.6     9.0  00:00   NE
27     2.5    4.0  12:15    1.5  21:35   28.0    0.0     0.0  4.9    17.1  15:40   NNE
28     2.2    3.9  19:05    1.4  04:40   28.2    0.0     0.0  3.0    11.7  00:50   NW
29     1.8    3.0  00:05    0.5  10:30   29.8    0.0     0.0  3.8    13.5  10:45   ENE
30     8.8   13.7  13:50    1.1  07:50   19.7    0.0     0.0  9.0    31.5  13:50   E
31    10.1   13.3  03:20    6.6  22:50   15.1    0.0     0.0 11.6    79.7  04:25   SSW
---------------------------------------------------------------------------------------
       2.1   21.1    11   -18.6     1   894.7    0.0     0.0  9.0    79.8    11    NE

Max >=   32.2:  0
Max <=    0.0:  3
Min <=    0.0:  15
Min <=  -17.8:  1
Max Rain    :    0.0 mm ON --/--/----
Days of Rain: 0 (> 0.254 mm) 0 (> 2.54 mm) 0 (> 25.4 mm)
Web Analytics