NOAA-Style Climate Reports


Report for 2015
                   ANNUAL CLIMATOLOGICAL SUMMARY for 2015


NAME: MM                    CITY: Cherven bryag         STATE:                     
ELEV:  137.2 m    LAT: 43.3 N    LONG: 24.1 E


                 TEMPERATURE (C), RAIN (mm), WIND SPEED (kph)

                            DEP.    HEAT    COOL
          MEAN  MEAN        FROM    DEG     DEG                          MAX   MAX  MIN   MIN
 YR  MO   MAX   MIN   MEAN  NORM    DAYS    DAYS     HI DATE   LOW DATE >=32.2 <=0  <=0  <=-17.8
---------------------------------------------------------------------------------------------
2015 01    6.2  -1.6   2.1   1.3   894.7     0.0   21.1  11  -18.6   1      0    3   15    1
2015 02    6.2  -1.5   2.2  -3.3   806.5     0.0   15.3  26  -11.1  18      0    2   19    0
2015 03   11.0   3.0   6.9  -0.8   633.2     0.0   22.3  26   -1.3  17      0    0    3    0
2015 04   18.6   6.5  12.5  -1.6   317.6     5.7   27.9  27   -0.1  10      0    0    1    0
2015 05   25.1  13.2  18.9   1.2    30.9    75.2   31.5   6    8.0  30      0    0    0    0
2015 06   26.6  14.3  20.6  -1.1    13.8   127.0   34.6  14    8.9  22      3    0    0    0
2015 07   32.6  17.8  25.3   1.0     0.0   381.2   38.1  30   13.0  12     20    0    0    0
2015 08   31.6  16.9  24.2   0.2    11.6   340.7   37.9  16   13.0  24     17    0    0    0
2015 09   26.5  14.8  20.4   1.0    51.5   176.4   38.2   5    7.9   9      8    0    0    0
2015 10   15.8   7.6  11.3  -0.1   370.6     0.0   24.5   5   -0.2  29      0    0    1    0
2015 11   16.2   5.0  10.2   2.7   418.1     0.0   24.0  20   -1.6   2      0    0    3    0
2015 12   10.6   0.9   5.1   2.1   701.3     0.0   20.4  27  -10.1  31      0    1   11    0
---------------------------------------------------------------------------------------------
          18.9   8.1  13.3   0.2  4249.8  1106.2   38.2 SEP  -18.6 JAN     48    6   53    1


                            PRECIPITATION (mm)

                  DEP.    MAX         ---DAYS OF RAIN---
                  FROM    OBS.                OVER
 YR  MO  TOTAL    NORM    DAY  DATE   0.254  2.54   25.4
---------------------------------------------------------
2015 01    0.0     0.0    0.0    0       0      0      0
2015 02    0.0     0.0    0.0    0       0      0      0
2015 03    0.0     0.0    0.0    0       0      0      0
2015 04    0.0     0.0    0.0    0       0      0      0
2015 05    0.0     0.0    0.0    0       0      0      0
2015 06    0.0     0.0    0.0    0       0      0      0
2015 07    0.0     0.0    0.0    0       0      0      0
2015 08    0.0     0.0    0.0    0       0      0      0
2015 09    0.0     0.0    0.0    0       0      0      0
2015 10    0.0     0.0    0.0    0       0      0      0
2015 11    0.0     0.0    0.0    0       0      0      0
2015 12    0.0     0.0    0.0    0       0      0      0
---------------------------------------------------------
           0.0     0.0     0.0 NAA       0      0      0


                              WIND SPEED (kph)

                              DOM
 YR  MO    AVG     HI   DATE  DIR
----------------------------------
2015 01    9.0   79.8    11    NE
2015 02    6.0   42.3     8   NNE
2015 03    6.9   63.2     3    NE
2015 04   10.3   72.1     3   WNW
2015 05    6.1   59.4    19     E
2015 06    6.2   60.4    24     E
2015 07    6.1   38.5    14     E
2015 08    4.9   38.9    17   ENE
2015 09    5.2   38.9     6   ENE
2015 10    4.5   36.5    21   ENE
2015 11    8.1   65.0    16   ENE
2015 12    5.8   53.1     2   ENE
----------------------------------
           6.6   79.8   JAN   ENE
Web Analytics