NOAA-Style Climate Reports


Report for 2014 Декември
                   MONTHLY CLIMATOLOGICAL SUMMARY for DEC 2014


NAME: MM                    CITY: Cherven bryag         STATE:                     
ELEV:  137.2 m    LAT: 43.3 N    LONG: 24.1 E


                   TEMPERATURE (C), RAIN (mm), WIND SPEED (kph)

                                         HEAT   COOL         AVG
      MEAN                               DEG    DEG          WIND                  DOM
DAY   TEMP   HIGH  TIME    LOW   TIME    DAYS   DAYS   RAIN  SPEED   HIGH  TIME    DIR
---------------------------------------------------------------------------------------
01     0.1    0.3  00:30   -0.1  03:50   32.8    0.0     0.0  8.8    15.8  00:55   N
03     1.6    1.6  16:45    1.6  15:40   30.1    0.0     0.0  3.6     8.4  23:20   W
04     2.0    2.9  13:50    1.2  06:15   29.3    0.0     0.0  2.8     8.7  17:45   N
05     2.6    3.3  14:15    2.1  06:15   28.1    0.0     0.0  5.3    13.7  17:35   NNE
06     2.5    3.3  16:05    1.8  08:05   28.4    0.0     0.0  2.5     9.8  03:25   N
07     3.7    4.7  13:20    2.8  03:30   26.2    0.0     0.0  2.8    11.4  23:45   N
08     2.5    3.3  00:00    0.4  20:20   29.6    0.0     0.0  4.1    11.3  00:00   N
09     0.7    1.0  11:55    0.4  06:55   31.8    0.0     0.0  3.5    11.9  23:15   NW
10     1.4    2.5  19:50    0.3  03:30   30.5    0.0     0.0  3.3    11.4  06:30   WNW
11     0.9    3.9  15:55   -2.5  07:25   31.8    0.0     0.0  3.1     9.8  08:45   ESE
12     3.7    9.3  15:25   -1.2  23:55   25.7    0.0     0.0  4.9    20.6  13:05   E
13    -0.5    3.5  12:25   -2.9  06:15   32.4    0.0     0.0  6.7    20.9  13:55   ENE
14    -0.2    5.1  13:25   -5.1  07:15   33.0    0.0     0.0  4.2    13.4  15:35   NE
15    -0.3    4.4  14:10   -3.7  06:25   32.4    0.0     0.0  3.8    16.6  13:45   NE
16     2.1    2.8  19:30    1.6  23:05   29.0    0.0     0.0  6.2    15.3  21:05   NNW
17     1.9    5.7  15:25    0.1  06:55   27.8    0.0     0.0  3.8    12.4  17:05   N
18     5.1   10.7  13:45    0.4  01:40   23.0    0.0     0.0  4.8    14.3  09:35   ENE
19     5.7   13.3  14:30   -0.1  08:25   21.1    0.0     0.0  6.0    17.9  14:40   ENE
20     8.5   14.5  15:30    3.2  04:15   17.1    0.0     0.0 10.3    37.8  15:15   ENE
21     6.2    9.9  00:55   -0.8  06:05   24.8    0.0     0.0 22.7    67.1  14:00   W
22     6.8   12.7  14:30    1.9  08:15   19.8    0.0     0.0  9.9    42.8  00:05   SW
23    10.2   18.3  12:45    3.3  06:45   13.6    0.0     0.0  9.3    36.2  11:10   E
24     8.5   19.5  14:30    0.8  07:30   14.7    0.0     0.0  5.7    18.7  22:10   ENE
25     6.6   14.0  13:50   -0.7  06:50   21.0    0.0     0.0 11.0    38.8  11:45   ENE
26     3.6    8.0  12:45    1.2  07:20   24.7    0.0     0.0 10.6    29.8  13:05   WNW
27    -0.4    1.5  00:00   -5.7  23:55   36.8    0.0     0.0 12.7    44.9  12:40   WNW
28    -4.5   -0.9  13:25   -7.8  07:00   40.9    0.0     0.0  3.9    13.2  15:25   NE
29    -1.9    0.3  09:10   -3.7  21:40   36.1    0.0     0.0 26.9    62.0  23:35   NW
30    -5.8   -3.5  14:50   -9.6  21:50   44.8    0.0     0.0 14.5    54.4  00:20   WNW
31    -9.3   -7.4  12:00  -16.1  23:55   54.2    0.0     0.0  5.4    16.7  12:05   ENE
---------------------------------------------------------------------------------------
       2.1   19.5    24   -16.1    31   871.6    0.0     0.0  7.4    67.1    21    NE

Max >=   32.2:  0
Max <=    0.0:  3
Min <=    0.0:  14
Min <=  -17.8:  0
Max Rain    :    0.0 mm ON --/--/----
Days of Rain: 0 (> 0.254 mm) 0 (> 2.54 mm) 0 (> 25.4 mm)
Web Analytics