NOAA-Style Climate Reports

Select a Year or Month report
2018: Яну Фев Мар Апр Май Юни Юли Авг Сеп Окт Ное Дек
2017: Яну Фев Мар Апр Май Юни Юли Авг Сеп Окт Ное Дек
2016: Яну Фев Мар Апр Май Юни Юли Авг Сеп Окт Ное Дек
2015: Яну Фев Мар Апр Май Юни Юли Авг Сеп Окт Ное Дек
2014: Яну Фев Мар Апр Май Юни Юли Авг Сеп Окт Ное Дек

Report for 2014 Ноември
                   MONTHLY CLIMATOLOGICAL SUMMARY for NOV 2014


NAME: MM                    CITY: Cherven bryag         STATE:                     
ELEV:  137.2 m    LAT: 43.3 N    LONG: 24.1 E


                   TEMPERATURE (C), RAIN (mm), WIND SPEED (kph)

                                         HEAT   COOL         AVG
      MEAN                               DEG    DEG          WIND                  DOM
DAY   TEMP   HIGH  TIME    LOW   TIME    DAYS   DAYS   RAIN  SPEED   HIGH  TIME    DIR
---------------------------------------------------------------------------------------
01     8.7   12.7  13:50    5.8  03:35   16.4    0.0     0.0  5.5    25.1  10:45   NE
02     7.1   10.7  15:25    4.5  21:20   19.3    0.0     0.0  3.9    14.6  13:00   NNE
03     5.4    9.3  15:30    3.4  02:40   21.6    0.0     0.0  3.4    13.7  13:50   NE
04     6.1   10.4  15:35    3.2  04:00   20.7    0.0     0.0  4.5    17.4  16:50   NE
05     6.1    7.7  16:05    4.4  08:05   22.2    0.0     0.0  2.2    10.1  14:45   NNE
06     6.8    9.5  13:55    4.2  07:15   20.6    0.0     0.0  2.3    15.0  13:55   SE
07     7.7    9.5  15:55    6.0  06:50   19.1    0.0     0.0  2.4    12.1  10:40   N
08     8.9   11.4  16:00    7.0  06:55   16.4    0.0     0.0  2.7    13.2  08:15   ENE
09     8.7    8.9  02:10    8.5  03:50   17.4    0.0     0.0  0.8     4.5  02:45   S
11     8.7    9.3  13:30    8.1  23:15   17.4    0.0     0.0  2.7    10.5  17:40   ENE
12     8.6   10.0  15:50    6.9  23:55   17.8    0.0     0.0  3.5    10.9  10:50   NE
13     7.4    9.5  15:55    5.7  03:30   19.3    0.0     0.0  1.5     5.8  00:05   E
14     9.4   10.7  11:40    7.8  23:40   16.4    0.0     0.0  5.2    20.4  14:55   NNE
15     7.0    7.9  00:00    5.9  22:20   20.6    0.0     0.0  6.6    19.8  18:25   NE
16     7.1    8.7  15:10    5.5  04:55   20.2    0.0     0.0  4.0    17.1  16:25   NE
17     8.5   10.7  13:00    7.3  05:05   16.8    0.0     0.0  3.8    14.0  13:15   NNW
18     8.8    9.9  15:50    8.0  07:40   16.9    0.0     0.0  4.3    13.2  09:35   ENE
19     8.7    9.6  06:55    8.1  23:15   17.1    0.0     0.0  6.8    20.1  05:30   NW
20     9.9   12.0  15:15    8.2  00:30   14.7    0.0     0.0 28.9    58.3  10:00   W
21     8.6    9.9  12:30    6.3  23:55   18.4    0.0     0.0 25.2    54.7  00:40   W
22     6.3    9.5  13:40    3.5  06:30   21.3    0.0     0.0  5.8    24.1  11:15   WNW
23     6.2    7.5  14:05    5.1  05:55   21.7    0.0     0.0  1.6     7.6  14:30   N
24     4.4    6.1  11:30    2.1  23:45   25.6    0.0     0.0  5.8    23.3  16:00   NE
25     1.6    4.9  13:45   -0.8  07:45   29.3    0.0     0.0  5.2    19.2  15:05   ENE
26     0.8    2.1  15:00   -0.7  23:35   31.8    0.0     0.0  4.4    13.7  13:45   ENE
27    -0.4    0.9  13:40   -1.2  20:15   33.3    0.0     0.0  5.1    16.1  15:05   NNE
28     0.0    1.5  15:40   -1.2  04:10   32.7    0.0     0.0  4.7    13.4  08:20   N
29     0.5    1.0  11:50   -0.4  08:10   32.4    0.0     0.0  4.4    12.9  23:00   N
30     0.6    1.1  16:55    0.3  04:45   31.7    0.0     0.0  5.5    14.2  20:25   NNE
---------------------------------------------------------------------------------------
       6.1   12.7     1    -1.2    28   629.0    0.0     0.0  5.6    58.3    20    NE

Max >=   32.2:  0
Max <=    0.0:  0
Min <=    0.0:  5
Min <=  -17.8:  0
Max Rain    :    0.0 mm ON --/--/----
Days of Rain: 0 (> 0.254 mm) 0 (> 2.54 mm) 0 (> 25.4 mm)
Web Analytics