NOAA-Style Climate Reports


Report for 2014 Октомври
                   MONTHLY CLIMATOLOGICAL SUMMARY for OCT 2014


NAME: MM                    CITY: Cherven bryag         STATE:                     
ELEV:  137.2 m    LAT: 43.3 N    LONG: 24.1 E


                   TEMPERATURE (C), RAIN (mm), WIND SPEED (kph)

                                         HEAT   COOL         AVG
      MEAN                               DEG    DEG          WIND                  DOM
DAY   TEMP   HIGH  TIME    LOW   TIME    DAYS   DAYS   RAIN  SPEED   HIGH  TIME    DIR
---------------------------------------------------------------------------------------
01    16.7   25.2  16:05    8.8  07:40    2.3    0.0     0.0  4.2    11.1  15:05   E
02    16.2   23.1  16:25   11.0  07:35    2.3    0.0     0.0  4.7    19.8  17:30   NE
03    15.0   19.1  15:40   10.8  08:15    6.1    0.0     0.0  5.9    18.5  15:00   NE
04    12.2   18.1  14:55    6.7  08:00   10.7    0.0     0.0  3.7    15.6  13:35   NNE
05    11.3   18.5  16:10    5.9  07:55   11.1    0.0     0.0  3.9    16.6  12:45   ENE
06    11.7   17.7  15:25    5.2  07:30   12.4    0.0     0.0  4.4    15.0  22:35   NE
07    13.9   15.3  16:30   12.6  00:50    7.9    0.0     0.0  2.8    10.0  02:05   NNW
08    13.7   14.1  00:00   12.9  09:05    8.7    0.0     0.0  3.4    10.9  07:10   N
09    16.2   20.7  15:40   13.7  04:55    2.1    0.0     0.0  4.3    17.5  19:25   N
10    16.4   22.0  16:20   11.6  03:55    2.8    0.0     0.0  3.8    14.2  14:55   NE
11    16.2   22.8  16:10   10.8  06:55    2.8    0.0     0.0  3.4    14.3  19:10   NE
12    14.7   23.2  16:10    8.1  07:10    4.9    0.0     0.0  3.2    10.6  13:40   ESE
13    14.9   24.1  16:00    7.2  07:40    4.8    0.0     0.0  3.8    12.9  15:15   ESE
14    15.6   23.7  14:30    7.7  07:40    4.7    0.0     0.0  3.7    11.3  07:30   E
15    18.5   26.3  15:40   11.5  08:05    0.0    1.1     0.0  3.5    11.7  21:00   E
16    18.1   22.5  17:10   14.5  08:25    0.0    0.3     0.0  6.8    34.8  13:25   ESE
17    20.6   26.0  15:35   15.5  08:30    0.0    4.3     0.0  5.0    52.8  23:25   SW
18    17.4   20.6  15:35   14.6  07:55    1.3    0.0     0.0 21.6    51.3  12:20   W
19    13.9   20.5  16:25    7.8  06:45    7.5    0.0     0.0  4.7    21.2  00:00   NE
20    13.9   25.2  16:40    5.7  07:30    5.2    0.0     0.0  5.9    24.0  15:05   E
21    16.5   26.8  14:15    9.2  08:05    0.6    0.0     0.0  6.0    16.1  15:55   ENE
22    16.3   26.5  16:15    9.0  07:35    1.1    0.0     0.0 11.5    48.6  20:25   E
23     8.5   10.5  00:00    7.5  14:25   16.8    0.0     0.0  6.5    28.5  01:20   W
24     6.8   10.3  13:15    3.4  07:30   20.7    0.0     0.0  6.0    23.2  16:05   ENE
25     1.6    4.0  00:00    0.2  23:15   29.2    0.0     0.0  6.3    25.4  06:15   NNE
26     1.4    2.7  13:15    0.5  20:55   30.1    0.0     0.0  2.7     9.5  13:20   NNE
27     2.1    3.7  13:30    0.7  00:00   29.1    0.0     0.0  2.6    10.6  15:40   ESE
28     3.4    5.9  13:30    1.0  00:10   26.8    0.0     0.0  2.8    14.3  14:55   ESE
29     4.1    5.1  16:50    3.2  05:20   25.5    0.0     0.0  1.7     6.9  12:55   NNE
30     6.9    7.9  15:45    4.6  00:05   21.8    0.0     0.0  2.3     7.4  14:05   WSW
31     9.5   13.5  14:40    7.1  03:15   14.5    0.0     0.0  5.1    25.1  21:55   WNW
---------------------------------------------------------------------------------------
      12.4   26.8    21     0.2    25   313.7    5.7     0.0  5.0    52.8    17    ENE

Max >=   32.2:  0
Max <=    0.0:  0
Min <=    0.0:  0
Min <=  -17.8:  0
Max Rain    :    0.0 mm ON --/--/----
Days of Rain: 0 (> 0.254 mm) 0 (> 2.54 mm) 0 (> 25.4 mm)
Web Analytics