NOAA-Style Climate Reports


Report for 2014 Септември
                   MONTHLY CLIMATOLOGICAL SUMMARY for SEP 2014


NAME: MM                    CITY: Cherven bryag         STATE:                     
ELEV:  137.2 m    LAT: 43.3 N    LONG: 24.1 E


                   TEMPERATURE (C), RAIN (mm), WIND SPEED (kph)

                                         HEAT   COOL         AVG
      MEAN                               DEG    DEG          WIND                  DOM
DAY   TEMP   HIGH  TIME    LOW   TIME    DAYS   DAYS   RAIN  SPEED   HIGH  TIME    DIR
---------------------------------------------------------------------------------------
01    21.8   31.1  15:15   12.4  07:00    0.0    6.1     0.0  6.1    22.7  16:45   ENE
02    22.1   29.6  17:35   13.9  06:50    0.0    6.2     0.0  4.8    20.0  17:35   NNE
03    19.8   22.8  16:05   18.3  06:55    0.0    4.0     0.0  5.1    24.6  18:35   SSW
04    20.2   23.9  14:55   18.4  02:35    0.0    5.1     0.0  4.8    25.3  15:50   NNE
05    18.2   20.2  15:55   17.0  11:00    0.0    0.5     0.0  4.8    19.5  08:55   NNW
06    17.5   18.8  18:10   15.8  09:50    1.8    0.0     0.0  4.4    14.3  09:50   NNW
07    17.1   21.5  20:50   16.0  05:55    0.0    0.8     0.0  2.4     9.8  22:20   ESE
08    20.6   28.7  16:40   15.6  07:00    0.0    6.9     0.0  4.5    32.3  19:45   SE
09    19.9   26.7  14:25   15.9  23:55    0.0    5.3     0.0  4.6    19.0  18:05   E
10    20.4   28.9  16:20   12.8  06:35    0.0    4.6     0.0  4.3    12.7  16:15   E
11    21.8   30.6  16:15   13.8  07:05    0.0    7.0     0.0  4.9    15.4  17:35   E
12    21.5   29.3  16:25   13.8  06:45    0.0    5.8     0.0  4.0    18.2  11:35   ENE
13    21.7   29.4  15:05   14.6  07:10    0.0    6.6     0.0  4.9    18.5  17:35   ENE
14    20.6   26.5  15:05   17.2  05:50    0.0    6.3     0.0  3.2    14.2  17:45   ESE
15    18.6   21.6  16:00   16.5  23:55    0.0    1.3     0.0  3.6    20.9  23:25   NE
16    15.6   16.5  00:55   14.2  23:20    5.3    0.0     0.0  4.4    15.9  00:05   NW
17    15.6   19.2  17:35   13.4  03:25    3.6    0.0     0.0  4.2    16.1  04:30   NW
18    16.8   22.3  14:00   11.8  07:50    2.3    0.0     0.0  3.5    14.6  13:55   ESE
19    16.9   25.2  15:20    9.6  07:15    1.6    0.0     0.0  4.9    12.4  13:25   E
20    18.1   25.1  16:25   11.7  04:35    0.0    0.1     0.0  3.7    11.1  21:00   ENE
21    21.0   26.7  16:15   16.4  07:40    0.0    5.8     0.0  5.8    20.0  18:45   SE
22    20.2   25.2  12:00   14.5  07:40    0.0    2.8     0.0  7.5    56.5  23:10   E
23    13.7   15.5  00:00   10.2  12:00    9.9    0.0     0.0 19.6    55.2  16:10   W
24    16.3   20.3  17:05    9.5  23:55    6.2    0.0     0.0 10.2    35.6  10:20   WNW
25    13.5   21.4  15:55    5.6  07:35    8.7    0.0     0.0  3.9    12.6  15:10   ENE
26    13.7   14.8  00:10   12.4  23:20    8.5    0.0     0.0  4.0    21.1  14:30   SE
27    12.0   14.1  16:50   10.1  08:50   11.2    0.0     0.0  4.0    12.7  03:05   SW
28    15.4   21.9  16:55   10.8  23:45    3.6    0.0     0.0  8.9    29.0  01:50   WNW
29    15.2   23.3  16:15    8.8  07:45    4.1    0.0     0.0  3.7    11.6  08:30   ESE
30    15.6   25.6  16:45    7.9  07:30    2.9    0.0     0.0  4.1     9.7  13:15   ESE
---------------------------------------------------------------------------------------
      18.1   31.1     1     5.6    25    69.7   74.9     0.0  5.3    56.5    22    E

Max >=   32.2:  0
Max <=    0.0:  0
Min <=    0.0:  0
Min <=  -17.8:  0
Max Rain    :    0.0 mm ON --/--/----
Days of Rain: 0 (> 0.254 mm) 0 (> 2.54 mm) 0 (> 25.4 mm)
Web Analytics