NOAA-Style Climate Reports

Select a Year or Month report
2018: Яну Фев Мар Апр Май Юни Юли Авг Сеп Окт Ное Дек
2017: Яну Фев Мар Апр Май Юни Юли Авг Сеп Окт Ное Дек
2016: Яну Фев Мар Апр Май Юни Юли Авг Сеп Окт Ное Дек
2015: Яну Фев Мар Апр Май Юни Юли Авг Сеп Окт Ное Дек
2014: Яну Фев Мар Апр Май Юни Юли Авг Сеп Окт Ное Дек

Report for 2014 Август
                   MONTHLY CLIMATOLOGICAL SUMMARY for AUG 2014


NAME: MM                    CITY: Cherven bryag         STATE:                     
ELEV:  137.2 m    LAT: 43.3 N    LONG: 24.1 E


                   TEMPERATURE (C), RAIN (mm), WIND SPEED (kph)

                                         HEAT   COOL         AVG
      MEAN                               DEG    DEG          WIND                  DOM
DAY   TEMP   HIGH  TIME    LOW   TIME    DAYS   DAYS   RAIN  SPEED   HIGH  TIME    DIR
---------------------------------------------------------------------------------------
01    20.9   25.1  16:55   17.6  23:30    0.0    5.4     0.0  4.3    37.2  22:25   WNW
02    21.7   27.1  15:40   17.0  05:50    0.0    6.7     0.0  3.1    13.2  13:45   E
03    24.7   31.5  18:10   18.3  05:50    0.0   11.8     0.0  3.4    12.4  22:50   SE
04    25.1   32.2  18:20   19.0  04:50    0.0   13.1     0.0  5.4    19.3  09:15   NW
05    24.8   32.7  17:20   17.9  06:35    0.0   12.5     0.0  4.4    31.7  19:05   ENE
06    22.7   25.9  18:15   19.6  23:55    0.0    7.9     0.0  5.0    31.4  05:55   WNW
07    22.1   28.3  18:35   18.3  07:05    0.0    8.9     0.0  3.2    11.7  13:10   NW
08    23.2   30.6  17:20   18.0  06:55    0.0   10.7     0.0  4.2    29.3  18:40   SE
09    24.1   31.1  18:40   17.7  06:50    0.0   10.9     0.0  3.6    13.2  11:45   ESE
10    25.4   32.4  18:30   18.3  06:55    0.0   12.6     0.0  3.2     9.0  02:20   ENE
11    26.0   33.9  17:55   18.6  06:55    0.0   14.3     0.0  3.4    11.9  06:15   ESE
12    27.0   35.7  18:40   19.0  07:15    0.0   16.2     0.0  4.0    10.9  07:45   ESE
13    27.6   36.5  16:45   18.6  06:45    0.0   16.6     0.0  5.8    14.5  13:25   E
14    28.6   36.9  17:40   20.2  06:25    0.0   18.4     0.0  5.1    14.8  10:55   ESE
15    27.2   31.9  16:35   23.2  07:05    0.0   16.6     0.0  6.9    21.1  04:00   WNW
16    24.3   30.5  16:35   18.6  07:05    0.0   11.2     0.0  7.4    29.5  20:45   WNW
17    20.7   25.4  17:20   17.2  23:55    0.0    5.4     0.0  9.2    30.6  10:10   W
18    20.3   28.2  18:05   13.1  07:00    0.0    4.2     0.0  3.4    12.9  15:55   E
19    21.4   30.9  17:40   12.7  05:15    0.0    6.3     0.0  4.6    11.4  08:55   ESE
20    24.0   33.2  16:00   15.2  05:35    0.0   10.5     0.0  4.6    15.3  14:30   ENE
21    25.4   34.3  16:10   18.0  06:10    0.0   14.1     0.0  4.5    28.3  19:40   ESE
22    24.2   31.1  18:15   16.6  07:20    0.0   10.0     0.0  4.3    16.7  01:35   SE
23    24.6   30.9  16:55   17.9  07:40    0.0   10.9     0.0  3.5    13.8  10:45   NNW
24    23.9   28.6  14:25   20.7  23:55    0.0   11.4     0.0  8.6    41.5  14:55   WNW
25    22.0   27.3  17:05   17.0  23:55    0.0    6.9     0.0  7.0    23.2  10:30   W
26    22.3   31.8  17:15   12.0  06:55    0.0    6.4     0.0  4.9    20.9  15:05   ESE
27    25.7   34.2  17:25   16.6  07:05    0.0   12.7     0.0  7.1    30.4  21:50   W
28    22.0   26.7  16:50   15.4  23:55    0.0    4.9     0.0  9.8    31.2  11:10   WNW
29    19.4   28.6  17:40   10.0  07:05    0.0    1.7     0.0  4.0    13.2  15:50   ENE
30    21.9   30.5  17:05   14.3  04:55    0.0    7.3     0.0  5.4    24.3  13:35   NE
31    20.4   29.1  16:30   11.3  07:00    0.0    3.4     0.0  4.4    16.7  16:20   ENE
---------------------------------------------------------------------------------------
      23.7   36.9    14    10.0    29     0.0  310.2     0.0  5.1    41.5    24    E

Max >=   32.2:  9
Max <=    0.0:  0
Min <=    0.0:  0
Min <=  -17.8:  0
Max Rain    :    0.0 mm ON --/--/----
Days of Rain: 0 (> 0.254 mm) 0 (> 2.54 mm) 0 (> 25.4 mm)
Web Analytics