NOAA-Style Climate Reports

Select a Year or Month report
2018: Яну Фев Мар Апр Май Юни Юли Авг Сеп Окт Ное Дек
2017: Яну Фев Мар Апр Май Юни Юли Авг Сеп Окт Ное Дек
2016: Яну Фев Мар Апр Май Юни Юли Авг Сеп Окт Ное Дек
2015: Яну Фев Мар Апр Май Юни Юли Авг Сеп Окт Ное Дек
2014: Яну Фев Мар Апр Май Юни Юли Авг Сеп Окт Ное Дек

Report for 2014 Юли
                   MONTHLY CLIMATOLOGICAL SUMMARY for JUL 2014


NAME: MM                    CITY: Cherven bryag         STATE:                     
ELEV:  137.2 m    LAT: 43.3 N    LONG: 24.1 E


                   TEMPERATURE (C), RAIN (mm), WIND SPEED (kph)

                                         HEAT   COOL         AVG
      MEAN                               DEG    DEG          WIND                  DOM
DAY   TEMP   HIGH  TIME    LOW   TIME    DAYS   DAYS   RAIN  SPEED   HIGH  TIME    DIR
---------------------------------------------------------------------------------------
01    20.6   25.9  16:30   15.6  05:45    0.0    4.4     0.0 11.7    39.1  13:10   W
02    21.8   29.4  19:25   12.4  06:30    0.0    4.7     0.0  4.1    12.9  18:40   ENE
03    20.8   29.1  14:20   14.2  05:55    0.0    6.0     0.0 13.2    48.4  18:50   WNW
04    20.9   26.3  15:25   16.7  23:55    0.0    5.7     0.0  9.6    38.3  00:05   WNW
05    21.9   30.5  18:25   11.6  06:05    0.0    4.9     0.0  4.9    15.9  12:30   E
06    24.6   32.4  17:50   16.1  05:45    0.0   10.6     0.0  4.1    12.7  16:55   NE
07    26.1   33.1  16:15   18.7  04:30    0.0   13.6     0.0  4.1    13.8  11:35   NE
08    25.9   34.8  16:10   16.9  06:25    0.0   13.6     0.0  4.8    30.3  22:40   ESE
09    26.0   31.6  13:45   20.5  07:05    0.0   13.9     0.0  5.2    26.9  16:30   ESE
10    24.5   31.1  15:05   20.5  05:10    0.0   13.4     0.0  3.9    22.0  17:50   NE
11    20.8   26.4  16:15   17.1  23:55    0.0    6.2     0.0  4.9    25.1  05:10   NW
12    20.3   26.9  18:05   13.9  06:20    0.0    3.7     0.0  6.2    27.5  17:45   WNW
13    20.7   27.0  19:55   19.4  00:55    0.0    8.8     0.0  3.0     6.4  23:50   ESE
14    20.1   25.1  14:35   18.0  07:50    0.0    5.8     0.0  6.0    27.4  02:55   SSW
15    24.1   29.3  16:00   18.9  08:40    0.0   10.3     0.0  7.0    46.5  19:25   NW
16    21.9   28.1  17:10   18.8  23:55    0.0    9.2     0.0  6.3    21.1  18:35   SSE
17    23.1   30.3  17:00   15.9  06:20    0.0    8.6     0.0  5.3    20.9  20:25   NW
18    23.1   28.5  17:20   19.1  05:30    0.0    9.8     0.0  5.6    18.3  23:10   WNW
19    22.4   28.3  16:45   18.3  05:25    0.0    8.9     0.0  4.9    19.0  00:05   ESE
20    24.5   31.5  18:50   17.8  06:45    0.0   11.4     0.0  3.6    10.5  15:55   ESE
21    26.2   34.3  16:40   17.7  05:55    0.0   13.8     0.0  5.0    13.4  14:45   ESE
22    20.4   24.7  09:50   18.4  06:25    0.0    5.8     0.0  7.3    31.1  19:35   ESE
23    20.4   28.5  16:20   16.3  06:10    0.0    7.3     0.0  4.4    28.3  17:25   ENE
24    22.3   28.2  16:30   17.2  03:55    0.0    7.9     0.0  4.6    22.2  17:15   W
25    24.2   30.8  17:45   16.9  06:50    0.0    9.9     0.0  4.4    16.6  10:25   ESE
26    24.2   30.5  15:40   17.0  06:45    0.0    9.8     0.0  3.4    15.0  16:55   E
27    25.4   32.0  16:45   18.0  06:25    0.0   12.0     0.0  4.4    15.1  13:00   ESE
28    22.1   26.4  15:35   19.8  07:15    0.0    8.6     0.0  5.9    35.9  17:15   WNW
29    23.8   30.1  18:20   19.0  04:00    0.0   11.2     0.0  3.5    18.5  22:20   ENE
30    25.6   32.8  16:20   18.5  06:10    0.0   13.2     0.0  3.9    15.4  19:05   E
31    24.4   31.5  15:15   19.1  23:20    0.0   12.5     0.0  4.5    32.8  21:35   NE
---------------------------------------------------------------------------------------
      23.0   34.8     8    11.6     5     0.0  285.3     0.0  5.5    48.4     3    E

Max >=   32.2:  5
Max <=    0.0:  0
Min <=    0.0:  0
Min <=  -17.8:  0
Max Rain    :    0.0 mm ON --/--/----
Days of Rain: 0 (> 0.254 mm) 0 (> 2.54 mm) 0 (> 25.4 mm)
Web Analytics