NOAA-Style Climate Reports

Select a Year or Month report
2018: Яну Фев Мар Апр Май Юни Юли Авг Сеп Окт Ное Дек
2017: Яну Фев Мар Апр Май Юни Юли Авг Сеп Окт Ное Дек
2016: Яну Фев Мар Апр Май Юни Юли Авг Сеп Окт Ное Дек
2015: Яну Фев Мар Апр Май Юни Юли Авг Сеп Окт Ное Дек
2014: Яну Фев Мар Апр Май Юни Юли Авг Сеп Окт Ное Дек

Report for 2014 Юни
                   MONTHLY CLIMATOLOGICAL SUMMARY for JUN 2014


NAME: MM                    CITY: Cherven bryag         STATE:                     
ELEV:  137.2 m    LAT: 43.3 N    LONG: 24.1 E


                   TEMPERATURE (C), RAIN (mm), WIND SPEED (kph)

                                         HEAT   COOL         AVG
      MEAN                               DEG    DEG          WIND                  DOM
DAY   TEMP   HIGH  TIME    LOW   TIME    DAYS   DAYS   RAIN  SPEED   HIGH  TIME    DIR
---------------------------------------------------------------------------------------
06    24.9   27.7  17:25   20.0  23:55    0.0    9.9     0.0  6.2    17.9  11:20   WNW
07    24.3   29.7  17:25   19.1  06:05    0.0   11.0     0.0  8.2    24.1  03:40   WNW
08    23.4   29.4  17:05   15.6  06:25    0.0    7.4     0.0  4.1    19.3  19:25   ENE
09    22.7   30.3  16:05   14.3  04:55    0.0    7.1     0.0  4.1    15.0  13:40   ENE
10    24.3   31.5  17:55   16.3  06:00    0.0   10.0     0.0  3.1    10.6  14:30   ESE
11    25.1   32.4  17:35   18.5  05:05    0.0   12.8     0.0  5.1    16.7  19:05   E
12    25.1   31.3  16:25   18.1  06:15    0.0   11.4     0.0  3.0    13.8  16:50   ESE
13    24.3   31.2  16:50   15.9  06:25    0.0    9.4     0.0  8.7    29.5  15:05   W
14    22.2   25.3  16:35   18.8  23:50    0.0    6.7     0.0  6.8    25.1  16:45   W
15    20.5   26.1  16:20   14.8  06:40    0.0    3.8     0.0  5.6    23.5  20:15   WNW
16    18.5   20.7  15:45   16.9  06:20    0.0    0.8     0.0  4.7    24.9  16:10   NNW
17    20.3   24.8  18:25   17.0  06:35    0.0    4.6     0.0  3.3    13.0  15:25   NNW
18    19.4   23.1  15:05   16.9  06:30    0.0    3.0     0.0  2.7    13.4  20:15   ESE
19    18.0   22.0  13:15   15.0  23:50    0.0    0.3     0.0  6.2    22.7  12:55   N
20    17.4   24.5  17:05   14.2  02:40    0.0    1.8     0.0  6.1    53.1  17:30   WNW
21    18.8   23.8  16:20   15.0  11:00    0.0    2.0     0.0 16.8    44.4  13:35   W
22    19.7   26.3  17:50   11.9  06:30    0.0    1.4     0.0  7.7    35.1  09:45   WNW
23    22.1   31.7  19:05   10.6  06:15    0.0    5.1     0.0  5.1    13.0  07:45   ESE
24    24.2   33.8  16:50   17.6  02:10    0.0   13.3     0.0 10.3    51.8  19:20   SSW
25    23.6   31.3  17:25   14.8  06:35    0.0    8.5     0.0  8.9    39.4  17:25   ESE
26    21.3   25.5  17:45   15.4  06:40    0.0    3.8     0.0 11.8    48.3  03:35   WNW
27    18.8   23.5  17:50   15.2  09:45    0.0    1.8     0.0  5.1    24.3  07:05   N
28    20.6   27.7  18:20   12.9  06:00    0.0    3.5     0.0  3.6    13.7  13:55   ENE
29    22.7   30.4  16:40   14.1  06:25    0.0    7.1     0.0  4.5    16.1  18:45   E
30    23.3   32.0  16:45   14.6  06:25    0.0    9.0     0.0  8.4    57.1  23:35   ENE
---------------------------------------------------------------------------------------
      21.8   33.8    24    10.6    23     0.0  155.7     0.0  6.4    57.1    30    WNW

Max >=   32.2:  2
Max <=    0.0:  0
Min <=    0.0:  0
Min <=  -17.8:  0
Max Rain    :    0.0 mm ON --/--/----
Days of Rain: 0 (> 0.254 mm) 0 (> 2.54 mm) 0 (> 25.4 mm)
Web Analytics