NOAA-Style Climate Reports


Report for 2014
                   ANNUAL CLIMATOLOGICAL SUMMARY for 2014


NAME: MM                    CITY: Cherven bryag         STATE:                     
ELEV:  137.2 m    LAT: 43.3 N    LONG: 24.1 E


                 TEMPERATURE (C), RAIN (mm), WIND SPEED (kph)

                            DEP.    HEAT    COOL
          MEAN  MEAN        FROM    DEG     DEG                          MAX   MAX  MIN   MIN
 YR  MO   MAX   MIN   MEAN  NORM    DAYS    DAYS     HI DATE   LOW DATE >=32.2 <=0  <=0  <=-17.8
---------------------------------------------------------------------------------------------
2014 01
2014 02
2014 03
2014 04
2014 05
2014 06   27.8  15.7  21.8   0.1     0.0   155.7   33.8  24   10.6  23      2    0    0    0
2014 07   29.5  17.4  23.0  -1.3     0.0   285.3   34.8   8   11.6   5      5    0    0    0
2014 08   30.7  17.0  23.7  -0.4     0.0   310.2   36.9  14   10.0  29      9    0    0    0
2014 09   23.6  13.3  18.1  -1.3    69.7    74.9   31.1   1    5.6  25      0    0    0    0
2014 10   17.6   8.0  12.4   1.0   313.7     5.7   26.8  21    0.2  25      0    0    0    0
2014 11    8.0   4.5   6.1  -1.3   629.0     0.0   12.7   1   -1.2  28      0    0    5    0
2014 12    5.6  -1.2   2.1  -0.9   871.6     0.0   19.5  24  -16.1  31      0    3   14    0
---------------------------------------------------------------------------------------------
          20.4  10.7  15.3   2.2  1884.0   831.8   36.9 AUG  -16.1 DEC     16    3   19    0


                            PRECIPITATION (mm)

                  DEP.    MAX         ---DAYS OF RAIN---
                  FROM    OBS.                OVER
 YR  MO  TOTAL    NORM    DAY  DATE   0.254  2.54   25.4
---------------------------------------------------------
2014 01
2014 02
2014 03
2014 04
2014 05
2014 06    0.0     0.0    0.0    0       0      0      0
2014 07    0.0     0.0    0.0    0       0      0      0
2014 08    0.0     0.0    0.0    0       0      0      0
2014 09    0.0     0.0    0.0    0       0      0      0
2014 10    0.0     0.0    0.0    0       0      0      0
2014 11    0.0     0.0    0.0    0       0      0      0
2014 12    0.0     0.0    0.0    0       0      0      0
---------------------------------------------------------
           0.0     0.0     0.0 NAA       0      0      0


                              WIND SPEED (kph)

                              DOM
 YR  MO    AVG     HI   DATE  DIR
----------------------------------
2014 01
2014 02
2014 03
2014 04
2014 05
2014 06    6.4   57.1    30   WNW
2014 07    5.5   48.4     3     E
2014 08    5.1   41.5    24     E
2014 09    5.3   56.5    22     E
2014 10    5.0   52.8    17   ENE
2014 11    5.6   58.3    20    NE
2014 12    7.4   67.1    21    NE
----------------------------------
           5.8   67.1   DEC   ENE
Web Analytics