NOAA-Style Climate Reports


Report for 2018 Април
                   MONTHLY CLIMATOLOGICAL SUMMARY for APR 2018


NAME: MM                    CITY: Cherven bryag         STATE:                     
ELEV:  137.2 m    LAT: 43.3 N    LONG: 24.1 E


                   TEMPERATURE (C), RAIN (mm), WIND SPEED (kph)

                                         HEAT   COOL         AVG
      MEAN                               DEG    DEG          WIND                  DOM
DAY   TEMP   HIGH  TIME    LOW   TIME    DAYS   DAYS   RAIN  SPEED   HIGH  TIME    DIR
---------------------------------------------------------------------------------------
01    13.6   19.9  00:13    9.4  08:43    6.6    0.0     4.0 14.6    70.8  07:30   SW
02    11.8   16.1  16:39    6.5  23:43   12.7    0.0     0.0 18.5    48.1  13:36   W
03    11.6   21.9  17:03    0.9  06:21   12.5    0.0     0.0  6.2    22.0  15:24   ENE
04    15.0   25.7  17:23    5.6  07:55    4.8    0.0     0.0  6.1    19.5  15:38   NNE
05    17.4   23.7  16:25   10.5  07:37    2.2    0.0     0.6  6.1    33.8  21:42   NE
06    13.6   16.0  14:23   11.9  21:03    7.9    0.0    15.7  6.9    30.1  18:10   W
07    13.6   17.7  14:59   11.0  06:25    7.2    0.0     0.6  4.2    15.3  13:34   N
08    13.8   21.1  16:19    5.4  08:01    9.1    0.0     0.0  5.2    23.7  16:38   NE
09    14.6   22.5  17:13    5.7  07:13    7.6    0.0     0.0  6.6    25.6  14:18   NE
10    15.6   25.1  16:55    6.1  07:17    4.9    0.0     0.0  5.4    20.1  15:52   NNE
11    18.0   25.1  16:27   10.6  06:59    0.9    0.0     0.0  5.2    19.3  16:16   NNE
12    18.3   26.0  16:11   10.8  04:23    0.0    0.1     0.0  5.6    21.6  16:33   NE
13    17.5   25.3  16:47   10.6  06:51    0.7    0.0     1.8  5.8    21.7  22:25   NW
14    19.0   25.5  16:13   12.7  06:49    0.0    1.4     0.4  4.5    18.7  15:39   NE
15    17.0   23.5  14:55   10.7  07:03    2.2    0.0     0.0  3.6    16.4  15:25   NNE
16    15.6   18.1  13:29   12.0  06:43    5.9    0.0     3.0  4.7    15.4  13:17   NNE
17    13.4   15.3  15:45   12.0  07:53    8.4    0.0     1.0  3.3    16.6  08:47   NW
18    14.8   21.8  17:27    9.0  07:13    5.3    0.0     0.0  4.0    16.3  18:25   NE
---------------------------------------------------------------------------------------
      15.2   26.0    12     0.9     3    99.0    1.5    27.2  6.5    70.8     1    NNE

Max >=   32.2:  0
Max <=    0.0:  0
Min <=    0.0:  0
Min <=  -17.8:  0
Max Rain    :   15.7 mm ON 04/06/2018
Days of Rain: 8 (> 0.254 mm) 3 (> 2.54 mm) 0 (> 25.4 mm)
Web Analytics