NOAA-Style Climate Reports


Report for 2018 Юли
                   MONTHLY CLIMATOLOGICAL SUMMARY for JUL 2018


NAME: MM                    CITY: Cherven bryag         STATE:                     
ELEV:  137.2 m    LAT: 43.3 N    LONG: 24.1 E


                   TEMPERATURE (C), RAIN (mm), WIND SPEED (kph)

                                         HEAT   COOL         AVG
      MEAN                               DEG    DEG          WIND                  DOM
DAY   TEMP   HIGH  TIME    LOW   TIME    DAYS   DAYS   RAIN  SPEED   HIGH  TIME    DIR
---------------------------------------------------------------------------------------
01    22.1   26.1  17:19   18.7  04:49    0.0    7.3     0.0 14.0    44.1  07:59   W
02    22.4   28.1  16:53   16.2  06:35    0.0    6.9     0.0  2.7    13.0  11:41   NE
03    23.8   30.1  16:27   17.7  06:35    0.0   10.0    11.3  4.1    32.2  03:03   ESE
04    24.2   30.4  17:15   18.3  08:53    0.0   10.8     5.0  5.0    34.4  22:43   SE
05    24.5   29.1  18:23   19.1  06:15    0.0   10.4     0.0  7.2    30.6  13:55   ESE
06    23.9   31.7  16:29   15.7  06:03    0.0    9.7     0.0  4.1    12.9  12:33   ESE
07    21.8   26.2  18:17   17.5  06:31    0.0    6.3     0.0  6.5    26.9  11:21   ESE
08    20.1   22.0  15:13   18.8  10:13    0.0    3.7    11.3  5.6    23.5  14:59   W
09    19.5   23.1  17:27   17.4  07:23    0.0    3.5    12.9  4.9    21.7  09:55   WNW
10    20.1   23.3  16:17   17.6  05:57    0.0    3.8    11.5  4.2    14.5  01:39   SSW
11    22.5   28.7  17:17   16.0  05:39    0.0    7.2     0.0  2.6    11.7  13:19   NE
12    24.3   31.7  18:17   16.4  06:13    0.0   10.3     0.0  3.6    11.1  20:17   E
13    24.0   29.5  16:11   18.6  06:37    0.0   10.3     0.0  7.2    28.2  16:51   W
14    24.8   29.1  16:01   21.1  05:53    0.0   12.2     0.0 14.1    40.4  15:05   W
15    25.3   30.1  18:15   20.3  05:19    0.0   12.4     0.0 10.0    28.3  14:07   W
---------------------------------------------------------------------------------------
      22.9   31.7     6    15.7     6     0.0  124.7    52.0  6.4    44.1     1    E

Max >=   32.2:  0
Max <=    0.0:  0
Min <=    0.0:  0
Min <=  -17.8:  0
Max Rain    :   12.9 mm ON 07/09/2018
Days of Rain: 5 (> 0.254 mm) 5 (> 2.54 mm) 0 (> 25.4 mm)
Web Analytics