NOAA-Style Climate Reports

Select a Year or Month report
2018: Яну Фев Мар Апр Май Юни Юли Авг Сеп Окт Ное Дек
2017: Яну Фев Мар Апр Май Юни Юли Авг Сеп Окт Ное Дек
2016: Яну Фев Мар Апр Май Юни Юли Авг Сеп Окт Ное Дек
2015: Яну Фев Мар Апр Май Юни Юли Авг Сеп Окт Ное Дек
2014: Яну Фев Мар Апр Май Юни Юли Авг Сеп Окт Ное Дек

Report for 2018 Януари
                   MONTHLY CLIMATOLOGICAL SUMMARY for JAN 2018


NAME: MM                    CITY: Cherven bryag         STATE:                     
ELEV:  137.2 m    LAT: 43.3 N    LONG: 24.1 E


                   TEMPERATURE (C), RAIN (mm), WIND SPEED (kph)

                                         HEAT   COOL         AVG
      MEAN                               DEG    DEG          WIND                  DOM
DAY   TEMP   HIGH  TIME    LOW   TIME    DAYS   DAYS   RAIN  SPEED   HIGH  TIME    DIR
---------------------------------------------------------------------------------------
01     6.2   13.7  14:25    1.5  07:53   19.3    0.0     0.0  6.9    17.2  12:45   NE
02     4.6    9.7  14:59    1.2  03:11   23.2    0.0     1.4  5.5    18.8  09:53   NE
03     5.8    8.8  16:17    0.1  22:23   25.0    0.0     0.0  9.7    39.9  07:53   WSW
04     4.1    8.9  15:07    0.6  00:01   24.4    0.0     1.6  5.5    33.6  14:21   ENE
05     3.4    8.9  12:21   -1.9  07:49   26.7    0.0     0.0  6.9    16.9  13:15   NE
06     5.0   10.5  15:17    1.5  23:49   22.2    0.0     0.0  5.3    24.1  07:07   NNE
07     4.4   13.6  15:19   -1.8  07:49   22.4    0.0     0.2  5.4    13.0  15:37   NE
08     4.6    9.5  14:47    1.0  06:17   23.6    0.0     0.0  5.8    17.2  12:23   NNE
09     3.9    6.3  15:15    1.6  00:55   25.9    0.0     0.4  4.3    23.5  18:21   NE
10     3.3    3.9  00:00    2.7  22:51   27.1    0.0     0.8  4.7    11.3  04:01   NNW
11     3.6    4.9  15:51    2.4  04:29   26.4    0.0     0.0  2.8    12.6  04:13   WNW
12     4.5    5.5  15:15    3.4  23:47   25.0    0.0     2.0  5.8    26.2  18:33   NE
13     0.8    3.5  00:00   -1.2  23:59   30.9    0.0     2.0 12.7    29.1  18:17   NE
14    -2.2   -1.1  00:11   -3.6  23:43   37.2    0.0     0.0  9.5    27.4  04:59   NE
15    -4.9   -3.5  00:15   -5.9  08:13   41.5    0.0     0.0  4.6    18.8  02:35   N
16    -4.8   -1.9  14:35   -6.6  08:21   40.7    0.0     3.0  3.3    16.9  15:09   N
17    -1.4   10.3  13:29   -8.1  08:01   31.0    0.0     2.8 10.5    75.2  19:17   NW
18     3.4    5.3  13:05   -0.9  23:57   29.0    0.0     0.4 36.4    81.0  08:03   W
---------------------------------------------------------------------------------------
       2.5   13.7     1    -8.1    17   501.5    0.0    14.7  8.1    81.0    18    NNE

Max >=   32.2:  0
Max <=    0.0:  3
Min <=    0.0:  8
Min <=  -17.8:  0
Max Rain    :    3.0 mm ON 01/16/2018
Days of Rain: 9 (> 0.254 mm) 2 (> 2.54 mm) 0 (> 25.4 mm)
Web Analytics